-- Data for Name: sale_return_items; Type: TABLE DATA; Schema: public; Owner: itresources
--

COPY public.sale_return_items (id, sale_return_id, item_id, quantity, unit_price, total_price, tax_rate) FROM stdin;
1	1	146731	1.000	200.00	200.00	0.00
2	2	147609	1.000	150.00	150.00	0.00
3	3	147677	1.000	450.00	450.00	0.00
4	4	147036	1.000	20.00	20.00	0.00
5	4	146748	1.000	280.00	280.00	0.00
6	4	147523	1.000	144.50	144.50	0.00
7	4	147532	1.000	350.00	350.00	0.00
8	4	147533	1.000	250.00	250.00	0.00
9	4	147542	1.000	270.00	270.00	0.00
10	4	146729	1.000	225.00	225.00	0.00
11	4	146745	1.000	550.00	550.00	0.00
12	5	147061	1.000	100.00	100.00	0.00
13	6	147713	3.000	170.00	510.00	0.00
\.


--
-- Data for Name: sale_returns; Type: TABLE DATA; Schema: public; Owner: itresources
--

COPY public.sale_returns (id, store_id, sale_id, return_source, customer_id, return_date, total_amount, remarks, customer_remarks, payment_method, bank_account_id, created_by, created_at, shift_id) FROM stdin;
3	4	\N	pos_quick	1	2026-07-10 16:09:04.732549	450.00	POS Quick Return #3	Customer exchange	cash	\N	5	2026-07-10 16:09:04.732549	5
1	4	\N	pos_quick	1	2026-07-09 09:26:17.51298	200.00	POS Quick Return #1	Customer exchange	cash	\N	2	2026-07-09 09:26:17.51298	2
2	4	\N	pos_quick	1	2026-07-10 02:31:28.852812	150.00	POS Quick Return #2	Other	cash	\N	5	2026-07-10 02:31:28.852812	3
4	4	704	invoice	1	2026-07-10 22:27:52.646589	2089.50	Sale Return #4		cash	\N	\N	2026-07-10 22:27:52.646589	6
5	4	791	invoice	1	2026-07-11 01:40:53.249579	100.00	Sale Return #5		cash	\N	\N	2026-07-11 01:40:53.249579	6
6	4	\N	pos_quick	1	2026-07-11 18:44:22.153612	510.00	POS Quick Return #6	Other	cash	\N	2	2026-07-11 18:44:22.153612	7
\.


--
-- Data for Name: sales; Type: TABLE DATA; Schema: public; Owner: itresources
--

COPY public.sales (id, terminal_id, store_id, branch_id, invoice_number, sale_date, customer_name, customer_id, total_amount, tax_amount, discount_amount, withholding_amount, discount_id, net_amount, payment_method, created_at, shift_id, is_fbr_enabled, is_kpra_enabled, zatca_phase2_invoice_id, table_id, order_mode, discount_type, discount_value, service_charges, tip_amount, order_taker_id, number_of_guests, void_id, is_fbr_digital_enabled) FROM stdin;
298	\N	4	2	INV-002182	2026-07-10 00:34:23.54574	\N	\N	290.00	28.98	0.00	0.00	0	261.02	cash	2026-07-10 00:34:23.54574	3	f	f	\N	\N	\N	percent	0.00	0.00	0.00	\N	\N	\N	f
297	\N	4	2	INV-002181	2026-07-10 00:31:44.332896	\N	\N	1690.00	0.00	660.00	0.00	0	1690.00	card	2026-07-10 00:31:44.332896	3	f	f	\N	\N	\N	percent	0.00	0.00	0.00	\N	\N	\N	f
450	\N	4	2	INV-002348	2026-07-10 14:47:26.97104	\N	\N	430.00	0.00	0.00	0.00	0	430.00	card	2026-07-10 14:47:26.97104	5	f	f	\N	\N	\N	percent	0.00	0.00	0.00	\N	\N	\N	f
545	\N	4	2	INV-002478	2026-07-10 18:00:58.105967	\N	\N	180.00	0.00	0.00	0.00	0	180.00	cash	2026-07-10 18:00:58.105967	6	f	f	\N	\N	\N	percent	0.00	0.00	0.00	\N	\N	\N	f
535	\N	4	2	INV-002463	2026-07-10 17:45:34.918502	\N	\N	450.00	0.00	50.00	0.00	0	450.00	cash	2026-07-10 17:45:34.918502	6	f	f	\N	\N	\N	percent	0.00	0.00	0.00	\N	\N	\N	f
520	\N	4	2	INV-002443	2026-07-10 17:26:34.529109	\N	\N	910.00	0.00	230.00	0.00	0	910.00	card	2026-07-10 17:26:34.529109	5	f	f	\N	\N	\N	percent	0.00	0.00	0.00	\N	\N	\N	f
407	\N	4	2	INV-002305	2026-07-10 12:26:12.027427	\N	\N	3579.15	0.00	1027.85	0.00	0	3579.15	cash	2026-07-10 12:26:12.027427	5	f	f	\N	\N	\N	percent	0.00	0.00	0.00	\N	\N	\N	f
525	\N	4	2	INV-002449	2026-07-10 17:32:09.427705	\N	\N	635.10	0.00	250.90	0.00	0	635.10	cash	2026-07-10 17:32:09.427705	6	f	f	\N	\N	\N	percent	0.00	0.00	0.00	\N	\N	\N	f
504	\N	4	2	INV-002417	2026-07-10 16:48:07.074641	\N	\N	553.45	0.00	53.55	0.00	0	553.45	cash	2026-07-10 16:48:07.074641	5	f	f	\N	\N	\N	percent	0.00	0.00	0.00	\N	\N	\N	f
414	\N	4	2	INV-002312	2026-07-10 12:43:46.50161	\N	\N	100.00	0.00	0.00	0.00	0	100.00	cash	2026-07-10 12:43:46.50161	5	f	f	\N	\N	\N	percent	0.00	0.00	0.00	\N	\N	\N	f
376	\N	4	2	INV-002267	2026-07-10 09:34:19.630359	\N	\N	220.50	0.00	24.50	0.00	0	220.50	cash	2026-07-10 09:34:19.630359	5	f	f	\N	\N	\N	percent	0.00	0.00	0.00	\N	\N	\N	f
456	\N	4	2	INV-002354	2026-07-10 14:55:37.581054	\N	\N	696.15	0.00	122.85	0.00	0	696.15	card	2026-07-10 14:55:37.581054	5	f	f	\N	\N	\N	percent	0.00	0.00	0.00	\N	\N	\N	f
383	\N	4	2	INV-002277	2026-07-10 10:48:44.811896	\N	\N	810.00	0.00	230.00	0.00	0	810.00	card	2026-07-10 10:48:44.811896	5	f	f	\N	\N	\N	percent	0.00	0.00	0.00	\N	\N	\N	f
420	\N	4	2	INV-002318	2026-07-10 13:57:09.710687	\N	\N	2942.95	0.00	538.05	0.00	0	2942.95	card	2026-07-10 13:57:09.710687	5	f	f	\N	\N	\N	percent	0.00	0.00	0.00	\N	\N	\N	f
390	\N	4	2	INV-002285	2026-07-10 11:17:51.405471	\N	\N	100.00	0.00	0.00	0.00	0	100.00	cash	2026-07-10 11:17:51.405471	5	f	f	\N	\N	\N	percent	0.00	0.00	0.00	\N	\N	\N	f
397	\N	4	2	INV-002292	2026-07-10 11:47:42.754867	\N	\N	670.00	0.00	190.00	0.00	0	670.00	cash	2026-07-10 11:47:42.754867	5	f	f	\N	\N	\N	percent	0.00	0.00	0.00	\N	\N	\N	f
486	\N	4	2	INV-002385	2026-07-10 16:04:21.778455	\N	\N	560.00	16.78	300.00	0.00	0	543.22	card	2026-07-10 16:04:21.778455	5	f	f	\N	\N	\N	percent	0.00	0.00	0.00	\N	\N	\N	f
426	\N	4	2	INV-002324	2026-07-10 14:07:20.386653	\N	\N	665.35	0.00	55.65	0.00	0	665.35	card	2026-07-10 14:07:20.386653	5	f	f	\N	\N	\N	percent	0.00	0.00	0.00	\N	\N	\N	f
404	\N	4	2	INV-002302	2026-07-10 12:11:58.919222	\N	\N	720.00	0.00	230.00	0.00	0	720.00	card	2026-07-10 12:11:58.919222	5	f	f	\N	\N	\N	percent	0.00	0.00	0.00	\N	\N	\N	f
25	\N	4	2	INV-001794	2026-07-09 11:27:53.207491	\N	\N	190.00	0.00	0.00	0.00	0	190.00	cash	2026-07-09 11:27:53.207491	2	f	f	\N	\N	\N	percent	0.00	0.00	0.00	\N	\N	\N	f
1	\N	4	2	INV-001732	2026-07-08 16:13:47.212418	\N	\N	26829.00	0.00	0.00	0.00	0	26829.00	cash	2026-07-08 16:13:47.212418	1	f	f	\N	\N	\N	percent	0.00	0.00	0.00	\N	\N	\N	f
16	\N	4	2	INV-001785	2026-07-09 11:03:39.227333	\N	\N	290.00	0.00	0.00	0.00	0	290.00	cash	2026-07-09 11:03:39.227333	2	f	f	\N	\N	\N	percent	0.00	0.00	0.00	\N	\N	\N	f
231	\N	4	2	INV-002081	2026-07-09 21:53:35.085894	\N	0	540.00	0.00	0.00	0.00	0	540.00	cash	2026-07-09 21:53:35.085894	3	f	f	\N	\N	delivery	percent	0.00	0.00	0.00	\N	\N	\N	f
232	\N	4	2	INV-002095	2026-07-09 21:54:46.238627	\N	\N	1759.00	7.63	656.00	0.00	0	1751.37	card	2026-07-09 21:54:46.238627	3	f	f	\N	\N	\N	fixed	0.25	0.00	0.00	\N	\N	\N	f
241	\N	4	2	INV-002110	2026-07-09 22:30:48.437551	\N	\N	300.00	0.00	0.00	0.00	0	300.00	cash	2026-07-09 22:30:48.437551	3	f	f	\N	\N	\N	percent	0.00	0.00	0.00	\N	\N	\N	f
462	\N	4	2	INV-002360	2026-07-10 15:08:04.318113	\N	\N	450.00	0.00	0.00	0.00	0	450.00	cash	2026-07-10 15:08:04.318113	5	f	f	\N	\N	\N	percent	0.00	0.00	0.00	\N	\N	\N	f
432	\N	4	2	INV-002330	2026-07-10 14:16:22.133272	\N	\N	1595.00	0.00	305.00	0.00	0	1595.00	card	2026-07-10 14:16:22.133272	5	f	f	\N	\N	\N	percent	0.00	0.00	0.00	\N	\N	\N	f
540	\N	4	2	INV-002466	2026-07-10 17:54:19.085766	\N	\N	380.00	0.00	0.00	0.00	0	380.00	card	2026-07-10 17:54:19.085766	6	f	f	\N	\N	\N	percent	0.00	0.00	0.00	\N	\N	\N	f
438	\N	4	2	INV-002336	2026-07-10 14:25:01.013255	\N	\N	200.00	0.00	0.00	0.00	0	200.00	card	2026-07-10 14:25:01.013255	5	f	f	\N	\N	\N	percent	0.00	0.00	0.00	\N	\N	\N	f
468	\N	4	2	INV-002367	2026-07-10 15:27:06.514977	\N	\N	300.00	0.00	0.00	0.00	0	300.00	card	2026-07-10 15:27:06.514977	5	f	f	\N	\N	\N	percent	0.00	0.00	0.00	\N	\N	\N	f
444	\N	4	2	INV-002342	2026-07-10 14:35:40.160943	\N	\N	430.00	0.00	0.00	0.00	0	430.00	cash	2026-07-10 14:35:40.160943	5	f	f	\N	\N	\N	percent	0.00	0.00	0.00	\N	\N	\N	f
530	\N	4	2	INV-002456	2026-07-10 17:39:42.07638	\N	\N	250.00	0.00	0.00	0.00	0	250.00	cash	2026-07-10 17:39:42.07638	5	f	f	\N	\N	\N	percent	0.00	0.00	0.00	\N	\N	\N	f
492	\N	4	2	INV-002392	2026-07-10 16:20:08.840466	\N	\N	125.00	0.00	45.00	0.00	0	125.00	cash	2026-07-10 16:20:08.840466	5	f	f	\N	\N	\N	percent	0.00	0.00	0.00	\N	\N	\N	f
510	\N	4	2	INV-002429	2026-07-10 16:56:55.962985	\N	\N	450.00	0.00	300.00	0.00	0	450.00	card	2026-07-10 16:56:55.962985	6	f	f	\N	\N	\N	percent	0.00	0.00	0.00	\N	\N	\N	f
474	\N	4	2	INV-002373	2026-07-10 15:40:32.024157	\N	\N	450.00	0.00	0.00	0.00	0	450.00	cash	2026-07-10 15:40:32.024157	5	f	f	\N	\N	\N	percent	0.00	0.00	0.00	\N	\N	\N	f
480	\N	4	2	INV-002379	2026-07-10 15:53:26.575848	\N	\N	435.00	0.00	15.00	0.00	0	435.00	cash	2026-07-10 15:53:26.575848	5	f	f	\N	\N	\N	percent	0.00	0.00	0.00	\N	\N	\N	f
560	\N	4	2	INV-002496	2026-07-10 18:32:23.239386	\N	\N	1009.62	15.25	40.95	0.00	0	994.37	card	2026-07-10 18:32:23.239386	6	f	f	\N	\N	\N	percent	0.00	0.00	0.00	\N	\N	\N	f
498	\N	4	2	INV-002407	2026-07-10 16:30:24.74386	\N	\N	400.00	0.00	230.00	0.00	0	400.00	cash	2026-07-10 16:30:24.74386	6	f	f	\N	\N	\N	percent	0.00	0.00	0.00	\N	\N	\N	f
555	\N	4	2	INV-002491	2026-07-10 18:18:11.096371	\N	\N	439.15	0.00	59.85	0.00	0	439.15	card	2026-07-10 18:18:11.096371	6	f	f	\N	\N	\N	percent	0.00	0.00	0.00	\N	\N	\N	f
516	\N	4	2	INV-002437	2026-07-10 17:13:39.350871	\N	\N	3000.00	0.00	1670.00	0.00	0	3000.00	card	2026-07-10 17:13:39.350871	6	f	f	\N	\N	\N	percent	0.00	0.00	0.00	\N	\N	\N	f
306	\N	4	2	INV-002191	2026-07-10 00:56:45.249433	\N	\N	135.00	0.00	15.00	0.00	0	135.00	card	2026-07-10 00:56:45.249433	3	f	f	\N	\N	\N	percent	0.00	0.00	0.00	\N	\N	\N	f
354	\N	4	2	INV-002242	2026-07-10 02:17:30.492577	\N	\N	250.00	0.00	50.00	0.00	0	250.00	cash	2026-07-10 02:17:30.492577	3	f	f	\N	\N	\N	percent	0.00	0.00	0.00	\N	\N	\N	f
315	\N	4	2	INV-002201	2026-07-10 01:31:10.761293	\N	\N	1118.50	0.00	371.50	0.00	0	1118.50	card	2026-07-10 01:31:10.761293	3	f	f	\N	\N	\N	percent	0.00	0.00	0.00	\N	\N	\N	f
323	\N	4	2	INV-002211	2026-07-10 01:54:43.360659	\N	\N	2430.00	0.00	840.00	0.00	0	2430.00	card	2026-07-10 01:54:43.360659	3	f	f	\N	\N	\N	percent	0.00	0.00	0.00	\N	\N	\N	f
362	\N	4	2	INV-002250	2026-07-10 02:21:30.180076	\N	\N	1201.50	0.00	328.50	0.00	0	1201.50	card	2026-07-10 02:21:30.180076	3	f	f	\N	\N	\N	percent	0.00	0.00	0.00	\N	\N	\N	f
330	\N	4	2	INV-002218	2026-07-10 02:05:39.669411	\N	\N	110.00	0.00	0.00	0.00	0	110.00	cash	2026-07-10 02:05:39.669411	3	f	f	\N	\N	\N	percent	0.00	0.00	0.00	\N	\N	\N	f
337	\N	4	2	INV-002225	2026-07-10 02:08:25.241207	\N	\N	180.00	0.00	0.00	0.00	0	180.00	card	2026-07-10 02:08:25.241207	3	f	f	\N	\N	\N	percent	0.00	0.00	0.00	\N	\N	\N	f
369	\N	4	2	INV-002257	2026-07-10 02:30:36.248008	\N	\N	1880.00	0.00	1201.00	0.00	0	1880.00	cash	2026-07-10 02:30:36.248008	3	f	f	\N	\N	\N	fixed	13.00	0.00	0.00	\N	\N	\N	f
550	\N	4	2	INV-002486	2026-07-10 18:11:19.994848	\N	\N	100.00	0.00	0.00	0.00	0	100.00	cash	2026-07-10 18:11:19.994848	6	f	f	\N	\N	\N	percent	0.00	0.00	0.00	\N	\N	\N	f
565	\N	4	2	INV-002507	2026-07-10 18:37:49.649913	\N	\N	450.00	0.00	300.00	0.00	0	450.00	cash	2026-07-10 18:37:49.649913	5	f	f	\N	\N	\N	percent	0.00	0.00	0.00	\N	\N	\N	f
570	\N	4	2	INV-002512	2026-07-10 18:48:34.536867	\N	\N	1279.00	0.00	810.00	0.00	0	1279.00	cash	2026-07-10 18:48:34.536867	6	f	f	\N	\N	\N	percent	0.00	0.00	0.00	\N	\N	\N	f
575	\N	4	2	INV-002522	2026-07-10 18:57:05.313216	\N	\N	100.00	0.00	0.00	0.00	0	100.00	cash	2026-07-10 18:57:05.313216	5	f	f	\N	\N	\N	percent	0.00	0.00	0.00	\N	\N	\N	f
580	\N	4	2	INV-002532	2026-07-10 19:10:23.501137	\N	\N	760.00	0.00	0.00	0.00	0	760.00	card	2026-07-10 19:10:23.501137	6	f	f	\N	\N	\N	percent	0.00	0.00	0.00	\N	\N	\N	f
585	\N	4	2	INV-002539	2026-07-10 19:16:00.713616	\N	\N	1840.00	7.63	1377.00	0.00	0	1832.37	cash	2026-07-10 19:16:00.713616	5	f	f	\N	\N	\N	percent	0.00	0.00	0.00	\N	\N	\N	f
590	\N	4	2	INV-002549	2026-07-10 19:24:10.60014	\N	\N	3480.00	0.00	150.00	0.00	0	3480.00	card	2026-07-10 19:24:10.60014	5	f	f	\N	\N	\N	percent	0.00	0.00	0.00	\N	\N	\N	f
595	\N	4	2	INV-002552	2026-07-10 19:27:43.699637	\N	\N	750.00	0.00	0.00	0.00	0	750.00	card	2026-07-10 19:27:43.699637	5	f	f	\N	\N	\N	percent	0.00	0.00	0.00	\N	\N	\N	f
541	\N	4	2	INV-002471	2026-07-10 17:55:09.239147	\N	\N	160.00	0.00	0.00	0.00	0	160.00	cash	2026-07-10 17:55:09.239147	6	f	f	\N	\N	\N	percent	0.00	0.00	0.00	\N	\N	\N	f
521	\N	4	2	INV-002440	2026-07-10 17:26:46.105197	\N	\N	2580.00	0.00	540.00	0.00	0	2580.00	cash	2026-07-10 17:26:46.105197	6	f	f	\N	\N	\N	percent	0.00	0.00	0.00	\N	\N	\N	f
408	\N	4	2	INV-002306	2026-07-10 12:26:48.005867	\N	\N	760.00	115.93	0.00	0.00	0	644.07	cash	2026-07-10 12:26:48.005867	5	f	f	\N	\N	\N	percent	0.00	0.00	0.00	\N	\N	\N	f
566	\N	4	2	INV-002508	2026-07-10 18:38:34.045962	\N	\N	550.00	0.00	0.00	0.00	0	550.00	cash	2026-07-10 18:38:34.045962	5	f	f	\N	\N	\N	percent	0.00	0.00	0.00	\N	\N	\N	f
526	\N	4	2	INV-002450	2026-07-10 17:33:09.790601	\N	\N	350.00	0.00	0.00	0.00	0	350.00	cash	2026-07-10 17:33:09.790601	6	f	f	\N	\N	\N	percent	0.00	0.00	0.00	\N	\N	\N	f
463	\N	4	2	INV-002361	2026-07-10 15:09:47.455689	\N	\N	260.00	0.00	0.00	0.00	0	260.00	cash	2026-07-10 15:09:47.455689	5	f	f	\N	\N	\N	percent	0.00	0.00	0.00	\N	\N	\N	f
556	\N	4	2	INV-002489	2026-07-10 18:20:42.322328	\N	\N	800.00	0.00	311.00	0.00	0	800.00	cash	2026-07-10 18:20:42.322328	5	f	f	\N	\N	\N	fixed	2.95	0.00	0.00	\N	\N	\N	f
546	\N	4	2	INV-002479	2026-07-10 18:02:06.073498	\N	\N	150.00	0.00	0.00	0.00	0	150.00	card	2026-07-10 18:02:06.073498	6	f	f	\N	\N	\N	percent	0.00	0.00	0.00	\N	\N	\N	f
415	\N	4	2	INV-002313	2026-07-10 12:51:22.781385	\N	\N	1943.85	0.00	619.15	0.00	0	1943.85	cash	2026-07-10 12:51:22.781385	5	f	f	\N	\N	\N	percent	0.00	0.00	0.00	\N	\N	\N	f
377	\N	4	2	INV-002269	2026-07-10 10:05:10.856151	\N	\N	850.00	0.00	0.00	0.00	0	850.00	card	2026-07-10 10:05:10.856151	5	f	f	\N	\N	\N	percent	0.00	0.00	0.00	\N	\N	\N	f
531	\N	4	2	INV-002459	2026-07-10 17:40:21.273061	\N	\N	250.00	0.00	0.00	0.00	0	250.00	cash	2026-07-10 17:40:21.273061	5	f	f	\N	\N	\N	percent	0.00	0.00	0.00	\N	\N	\N	f
384	\N	4	2	INV-002278	2026-07-10 10:58:41.939787	\N	\N	100.00	0.00	0.00	0.00	0	100.00	cash	2026-07-10 10:58:41.939787	5	f	f	\N	\N	\N	percent	0.00	0.00	0.00	\N	\N	\N	f
505	\N	4	2	INV-002420	2026-07-10 16:50:00.194084	\N	\N	340.00	0.00	0.00	0.00	0	340.00	cash	2026-07-10 16:50:00.194084	5	f	f	\N	\N	\N	percent	0.00	0.00	0.00	\N	\N	\N	f
421	\N	4	2	INV-002319	2026-07-10 14:00:56.574285	\N	\N	732.85	0.00	108.15	0.00	0	732.85	card	2026-07-10 14:00:56.574285	5	f	f	\N	\N	\N	percent	0.00	0.00	0.00	\N	\N	\N	f
391	\N	4	2	INV-002286	2026-07-10 11:19:31.359176	\N	\N	360.00	0.00	0.00	0.00	0	360.00	cash	2026-07-10 11:19:31.359176	5	f	f	\N	\N	\N	percent	0.00	0.00	0.00	\N	\N	\N	f
469	\N	4	2	INV-002368	2026-07-10 15:27:47.508283	\N	\N	450.00	0.00	0.00	0.00	0	450.00	cash	2026-07-10 15:27:47.508283	5	f	f	\N	\N	\N	percent	0.00	0.00	0.00	\N	\N	\N	f
398	\N	4	2	INV-002293	2026-07-10 11:53:19.192345	\N	\N	100.00	0.00	0.00	0.00	0	100.00	bank	2026-07-10 11:53:19.192345	5	f	f	\N	\N	\N	percent	0.00	0.00	0.00	\N	\N	\N	f
427	\N	4	2	INV-002325	2026-07-10 14:10:40.895194	\N	\N	297.50	0.00	52.50	0.00	0	297.50	card	2026-07-10 14:10:40.895194	5	f	f	\N	\N	\N	percent	0.00	0.00	0.00	\N	\N	\N	f
405	\N	4	2	INV-002296	2026-07-10 12:19:25.098027	\N	0	870.00	0.00	0.00	0.00	0	870.00	cash	2026-07-10 12:19:25.098027	5	f	f	\N	\N	delivery	percent	0.00	0.00	0.00	\N	\N	\N	f
433	\N	4	2	INV-002331	2026-07-10 14:18:19.485105	\N	\N	610.00	0.00	0.00	0.00	0	610.00	card	2026-07-10 14:18:19.485105	5	f	f	\N	\N	\N	percent	0.00	0.00	0.00	\N	\N	\N	f
475	\N	4	2	INV-002374	2026-07-10 15:42:12.369136	\N	\N	180.00	0.00	0.00	0.00	0	180.00	cash	2026-07-10 15:42:12.369136	5	f	f	\N	\N	\N	percent	0.00	0.00	0.00	\N	\N	\N	f
439	\N	4	2	INV-002337	2026-07-10 14:25:55.295318	\N	\N	2399.00	0.00	1201.00	0.00	0	2399.00	cash	2026-07-10 14:25:55.295318	5	f	f	\N	\N	\N	percent	0.00	0.00	0.00	\N	\N	\N	f
56	\N	4	2	INV-001827	2026-07-09 13:56:18.031749	\N	\N	125.00	0.00	0.00	0.00	0	125.00	cash	2026-07-09 13:56:18.031749	2	f	f	\N	\N	\N	percent	0.00	0.00	0.00	\N	\N	\N	f
86	\N	4	2	INV-001876	2026-07-09 16:31:59.675082	\N	\N	1245.00	0.00	724.00	0.00	0	1245.00	cash	2026-07-09 16:31:59.675082	3	f	f	\N	\N	\N	percent	0.00	0.00	0.00	\N	\N	\N	f
57	\N	4	2	INV-001828	2026-07-09 13:58:50.793319	\N	\N	245.70	0.00	69.30	0.00	0	245.70	cash	2026-07-09 13:58:50.793319	2	f	f	\N	\N	\N	percent	0.00	0.00	0.00	\N	\N	\N	f
511	\N	4	2	INV-002432	2026-07-10 16:57:48.938497	\N	\N	110.00	0.00	0.00	0.00	0	110.00	cash	2026-07-10 16:57:48.938497	6	f	f	\N	\N	\N	percent	0.00	0.00	0.00	\N	\N	\N	f
445	\N	4	2	INV-002343	2026-07-10 14:37:04.338666	\N	\N	290.00	0.00	190.00	0.00	0	290.00	cash	2026-07-10 14:37:04.338666	5	f	f	\N	\N	\N	percent	0.00	0.00	0.00	\N	\N	\N	f
481	\N	4	2	INV-002380	2026-07-10 15:54:29.422815	\N	\N	290.00	0.00	190.00	0.00	0	290.00	card	2026-07-10 15:54:29.422815	5	f	f	\N	\N	\N	percent	0.00	0.00	0.00	\N	\N	\N	f
451	\N	4	2	INV-002349	2026-07-10 14:48:16.921963	\N	\N	324.00	0.00	36.00	0.00	0	324.00	cash	2026-07-10 14:48:16.921963	5	f	f	\N	\N	\N	percent	0.00	0.00	0.00	\N	\N	\N	f
457	\N	4	2	INV-002355	2026-07-10 14:56:29.659348	\N	\N	180.00	0.00	0.00	0.00	0	180.00	card	2026-07-10 14:56:29.659348	5	f	f	\N	\N	\N	percent	0.00	0.00	0.00	\N	\N	\N	f
487	\N	4	2	INV-002387	2026-07-10 16:10:14.333495	\N	\N	560.00	0.00	0.00	0.00	0	560.00	cash	2026-07-10 16:10:14.333495	5	f	f	\N	\N	\N	percent	0.00	0.00	0.00	\N	\N	\N	f
536	\N	4	2	INV-002464	2026-07-10 17:48:44.693264	\N	\N	150.00	0.00	0.00	0.00	0	150.00	cash	2026-07-10 17:48:44.693264	6	f	f	\N	\N	\N	percent	0.00	0.00	0.00	\N	\N	\N	f
517	\N	4	2	INV-002438	2026-07-10 17:16:24.025747	\N	\N	300.00	0.00	190.00	0.00	0	300.00	card	2026-07-10 17:16:24.025747	6	f	f	\N	\N	\N	percent	0.00	0.00	0.00	\N	\N	\N	f
493	\N	4	2	INV-002393	2026-07-10 16:22:30.19639	\N	\N	199.00	0.00	0.00	0.00	0	199.00	cash	2026-07-10 16:22:30.19639	5	f	f	\N	\N	\N	percent	0.00	0.00	0.00	\N	\N	\N	f
499	\N	4	2	INV-002408	2026-07-10 16:31:08.896509	\N	\N	600.00	0.00	190.00	0.00	0	600.00	card	2026-07-10 16:31:08.896509	6	f	f	\N	\N	\N	percent	0.00	0.00	0.00	\N	\N	\N	f
307	\N	4	2	INV-002192	2026-07-10 01:09:22.759041	\N	\N	300.00	0.00	0.00	0.00	0	300.00	cash	2026-07-10 01:09:22.759041	3	f	f	\N	\N	\N	percent	0.00	0.00	0.00	\N	\N	\N	f
355	\N	4	2	INV-002243	2026-07-10 02:18:14.117434	\N	\N	1559.00	0.00	300.00	0.00	0	1559.00	card	2026-07-10 02:18:14.117434	3	f	f	\N	\N	\N	percent	0.00	0.00	0.00	\N	\N	\N	f
316	\N	4	2	INV-002202	2026-07-10 01:33:23.786723	\N	\N	300.00	0.00	0.00	0.00	0	300.00	cash	2026-07-10 01:33:23.786723	3	f	f	\N	\N	\N	percent	0.00	0.00	0.00	\N	\N	\N	f
324	\N	4	2	INV-002212	2026-07-10 01:56:38.170229	\N	\N	690.00	0.00	280.00	0.00	0	690.00	card	2026-07-10 01:56:38.170229	3	f	f	\N	\N	\N	percent	0.00	0.00	0.00	\N	\N	\N	f
363	\N	4	2	INV-002251	2026-07-10 02:21:43.745981	\N	\N	200.00	0.00	0.00	0.00	0	200.00	cash	2026-07-10 02:21:43.745981	3	f	f	\N	\N	\N	percent	0.00	0.00	0.00	\N	\N	\N	f
331	\N	4	2	INV-002219	2026-07-10 02:06:08.301447	\N	\N	750.00	0.00	230.00	0.00	0	750.00	cash	2026-07-10 02:06:08.301447	3	f	f	\N	\N	\N	percent	0.00	0.00	0.00	\N	\N	\N	f
338	\N	4	2	INV-002226	2026-07-10 02:08:34.184143	\N	\N	180.00	0.00	0.00	0.00	0	180.00	cash	2026-07-10 02:08:34.184143	3	f	f	\N	\N	\N	percent	0.00	0.00	0.00	\N	\N	\N	f
370	\N	4	2	INV-002258	2026-07-10 02:31:01.607872	\N	\N	650.00	0.00	240.00	0.00	0	650.00	cash	2026-07-10 02:31:01.607872	3	f	f	\N	\N	\N	percent	0.00	0.00	0.00	\N	\N	\N	f
345	\N	4	2	INV-002233	2026-07-10 02:12:50.275378	\N	\N	150.00	0.00	0.00	0.00	0	150.00	card	2026-07-10 02:12:50.275378	3	f	f	\N	\N	\N	percent	0.00	0.00	0.00	\N	\N	\N	f
352	\N	4	2	INV-002240	2026-07-10 02:15:00.537693	\N	\N	180.00	0.00	0.00	0.00	0	180.00	cash	2026-07-10 02:15:00.537693	3	f	f	\N	\N	\N	percent	0.00	0.00	0.00	\N	\N	\N	f
576	\N	4	2	INV-002524	2026-07-10 19:01:54.311623	\N	\N	560.00	0.00	0.00	0.00	0	560.00	cash	2026-07-10 19:01:54.311623	5	f	f	\N	\N	\N	percent	0.00	0.00	0.00	\N	\N	\N	f
551	\N	4	2	INV-002484	2026-07-10 18:11:48.05402	\N	\N	526.00	12.20	79.00	0.00	0	513.80	card	2026-07-10 18:11:48.05402	5	f	f	\N	\N	\N	fixed	0.25	0.00	0.00	\N	\N	\N	f
561	\N	4	2	INV-002499	2026-07-10 18:32:36.308119	\N	\N	290.00	0.00	190.00	0.00	0	290.00	card	2026-07-10 18:32:36.308119	5	f	f	\N	\N	\N	percent	0.00	0.00	0.00	\N	\N	\N	f
571	\N	4	2	INV-002515	2026-07-10 18:50:12.294285	\N	\N	1176.80	0.00	317.20	0.00	0	1176.80	card	2026-07-10 18:50:12.294285	6	f	f	\N	\N	\N	percent	0.00	0.00	0.00	\N	\N	\N	f
581	\N	4	2	INV-002533	2026-07-10 19:11:10.857707	\N	\N	3420.00	0.00	1740.00	0.00	0	3420.00	card	2026-07-10 19:11:10.857707	5	f	f	\N	\N	\N	percent	0.00	0.00	0.00	\N	\N	\N	f
586	\N	4	2	INV-002541	2026-07-10 19:16:56.649995	\N	\N	420.00	0.00	0.00	0.00	0	420.00	cash	2026-07-10 19:16:56.649995	5	f	f	\N	\N	\N	percent	0.00	0.00	0.00	\N	\N	\N	f
600	\N	4	2	INV-002563	2026-07-10 19:38:17.65489	\N	\N	300.00	0.00	0.00	0.00	0	300.00	cash	2026-07-10 19:38:17.65489	6	f	f	\N	\N	\N	percent	0.00	0.00	0.00	\N	\N	\N	f
591	\N	4	2	INV-002551	2026-07-10 19:24:37.7076	\N	\N	840.00	0.00	0.00	0.00	0	840.00	cash	2026-07-10 19:24:37.7076	5	f	f	\N	\N	\N	percent	0.00	0.00	0.00	\N	\N	\N	f
596	\N	4	2	INV-002558	2026-07-10 19:29:09.926306	\N	\N	1870.00	0.00	330.00	0.00	0	1870.00	card	2026-07-10 19:29:09.926306	5	f	f	\N	\N	\N	percent	0.00	0.00	0.00	\N	\N	\N	f
611	\N	4	2	INV-002578	2026-07-10 20:00:37.199203	\N	\N	1451.00	0.00	9.00	0.00	0	1451.00	cash	2026-07-10 20:00:37.199203	6	f	f	\N	\N	\N	percent	0.00	0.00	0.00	\N	\N	\N	f
604	\N	4	2	INV-002569	2026-07-10 19:47:38.70558	\N	\N	961.00	0.00	29.00	0.00	0	961.00	card	2026-07-10 19:47:38.70558	6	f	f	\N	\N	\N	percent	0.00	0.00	0.00	\N	\N	\N	f
608	\N	4	2	INV-002572	2026-07-10 19:50:24.05427	\N	\N	80.00	0.00	0.00	0.00	0	80.00	cash	2026-07-10 19:50:24.05427	6	f	f	\N	\N	\N	percent	0.00	0.00	0.00	\N	\N	\N	f
542	\N	4	2	INV-002473	2026-07-10 17:56:10.824276	\N	\N	260.00	0.00	0.00	0.00	0	260.00	cash	2026-07-10 17:56:10.824276	5	f	f	\N	\N	\N	percent	0.00	0.00	0.00	\N	\N	\N	f
494	\N	4	2	INV-002402	2026-07-10 16:27:28.018248	\N	\N	600.00	0.00	0.00	0.00	0	600.00	card	2026-07-10 16:27:28.018248	6	f	f	\N	\N	\N	percent	0.00	0.00	0.00	\N	\N	\N	f
522	\N	4	2	INV-002446	2026-07-10 17:27:34.099963	\N	\N	151.05	0.00	57.95	0.00	0	151.05	cash	2026-07-10 17:27:34.099963	5	f	f	\N	\N	\N	percent	0.00	0.00	0.00	\N	\N	\N	f
409	\N	4	2	INV-002307	2026-07-10 12:27:32.374155	\N	\N	685.45	0.00	155.55	0.00	0	685.45	card	2026-07-10 12:27:32.374155	5	f	f	\N	\N	\N	percent	0.00	0.00	0.00	\N	\N	\N	f
557	\N	4	2	INV-002494	2026-07-10 18:21:46.438993	\N	\N	400.00	0.00	0.00	0.00	0	400.00	card	2026-07-10 18:21:46.438993	5	f	f	\N	\N	\N	percent	0.00	0.00	0.00	\N	\N	\N	f
527	\N	4	2	INV-002452	2026-07-10 17:36:21.724872	\N	\N	880.00	0.00	0.00	0.00	0	880.00	cash	2026-07-10 17:36:21.724872	5	f	f	\N	\N	\N	percent	0.00	0.00	0.00	\N	\N	\N	f
464	\N	4	2	INV-002362	2026-07-10 15:11:06.130562	\N	\N	60.00	0.00	0.00	0.00	0	60.00	cash	2026-07-10 15:11:06.130562	5	f	f	\N	\N	\N	percent	0.00	0.00	0.00	\N	\N	\N	f
547	\N	4	2	INV-002477	2026-07-10 18:02:21.18387	\N	\N	630.00	0.00	0.00	0.00	0	630.00	card	2026-07-10 18:02:21.18387	5	f	f	\N	\N	\N	percent	0.00	0.00	0.00	\N	\N	\N	f
416	\N	4	2	INV-002314	2026-07-10 13:47:11.179298	\N	\N	350.00	0.00	190.00	0.00	0	350.00	card	2026-07-10 13:47:11.179298	5	f	f	\N	\N	\N	percent	0.00	0.00	0.00	\N	\N	\N	f
378	\N	4	2	INV-002270	2026-07-10 10:22:20.836904	\N	\N	180.00	0.00	0.00	0.00	0	180.00	cash	2026-07-10 10:22:20.836904	5	f	f	\N	\N	\N	percent	0.00	0.00	0.00	\N	\N	\N	f
385	\N	4	2	INV-002279	2026-07-10 10:59:43.94868	\N	\N	696.00	0.00	304.00	0.00	0	696.00	card	2026-07-10 10:59:43.94868	5	f	f	\N	\N	\N	percent	0.00	0.00	0.00	\N	\N	\N	f
422	\N	4	2	INV-002320	2026-07-10 14:03:42.652428	\N	\N	8295.00	0.00	0.00	0.00	0	8295.00	cash	2026-07-10 14:03:42.652428	5	f	f	\N	\N	\N	percent	0.00	0.00	0.00	\N	\N	\N	f
392	\N	4	2	INV-002287	2026-07-10 11:20:34.300055	\N	\N	220.00	0.00	0.00	0.00	0	220.00	cash	2026-07-10 11:20:34.300055	5	f	f	\N	\N	\N	percent	0.00	0.00	0.00	\N	\N	\N	f
532	\N	4	2	INV-002457	2026-07-10 17:42:17.684449	\N	\N	460.00	0.00	0.00	0.00	0	460.00	card	2026-07-10 17:42:17.684449	6	f	f	\N	\N	\N	percent	0.00	0.00	0.00	\N	\N	\N	f
399	\N	4	2	INV-002294	2026-07-10 11:55:55.952563	\N	\N	732.95	0.00	64.05	0.00	0	732.95	card	2026-07-10 11:55:55.952563	5	f	f	\N	\N	\N	percent	0.00	0.00	0.00	\N	\N	\N	f
470	\N	4	2	INV-002369	2026-07-10 15:36:08.236251	\N	\N	789.00	0.00	810.00	0.00	0	789.00	card	2026-07-10 15:36:08.236251	5	f	f	\N	\N	\N	percent	0.00	0.00	0.00	\N	\N	\N	f
428	\N	4	2	INV-002326	2026-07-10 14:11:52.745268	\N	\N	458.15	0.00	80.85	0.00	0	458.15	card	2026-07-10 14:11:52.745268	5	f	f	\N	\N	\N	percent	0.00	0.00	0.00	\N	\N	\N	f
406	\N	4	2	INV-002297	2026-07-10 12:19:49.471529	\N	0	2149.00	0.00	1201.00	0.00	0	2149.00	cash	2026-07-10 12:19:49.471529	5	f	f	\N	\N	delivery	percent	0.00	0.00	0.00	\N	\N	\N	f
500	\N	4	2	INV-002410	2026-07-10 16:33:24.990593	\N	\N	10000.00	0.00	75.00	0.00	0	10000.00	cash	2026-07-10 16:33:24.990593	6	f	f	\N	\N	\N	fixed	75.00	0.00	0.00	\N	\N	\N	f
434	\N	4	2	INV-002332	2026-07-10 14:18:41.705229	\N	\N	160.00	0.00	0.00	0.00	0	160.00	cash	2026-07-10 14:18:41.705229	5	f	f	\N	\N	\N	percent	0.00	0.00	0.00	\N	\N	\N	f
111	\N	4	2	INV-001910	2026-07-09 17:29:02.876129	\N	\N	250.00	0.00	0.00	0.00	0	250.00	card	2026-07-09 17:29:02.876129	3	f	f	\N	\N	\N	percent	0.00	0.00	0.00	\N	\N	\N	f
125	\N	4	2	INV-001928	2026-07-09 18:07:42.777831	\N	\N	920.00	0.00	0.00	0.00	0	920.00	cash	2026-07-09 18:07:42.777831	3	f	f	\N	\N	\N	percent	0.00	0.00	0.00	\N	\N	\N	f
476	\N	4	2	INV-002375	2026-07-10 15:43:46.361089	\N	\N	445.00	0.00	15.00	0.00	0	445.00	cash	2026-07-10 15:43:46.361089	5	f	f	\N	\N	\N	percent	0.00	0.00	0.00	\N	\N	\N	f
112	\N	4	2	INV-001911	2026-07-09 17:29:51.475722	\N	\N	608.69	0.00	0.00	0.00	0	608.69	cash	2026-07-09 17:29:51.475722	3	f	f	\N	\N	\N	percent	0.00	0.00	0.00	\N	\N	\N	f
72	\N	4	2	INV-001851	2026-07-09 15:40:28.015082	\N	\N	150.00	0.00	0.00	0.00	0	150.00	cash	2026-07-09 15:40:28.015082	2	f	f	\N	\N	\N	percent	0.00	0.00	0.00	\N	\N	\N	f
440	\N	4	2	INV-002338	2026-07-10 14:27:15.99559	\N	\N	671.50	0.00	118.50	0.00	0	671.50	card	2026-07-10 14:27:15.99559	5	f	f	\N	\N	\N	percent	0.00	0.00	0.00	\N	\N	\N	f
446	\N	4	2	INV-002344	2026-07-10 14:38:16.41681	\N	\N	980.00	0.00	0.00	0.00	0	980.00	cash	2026-07-10 14:38:16.41681	5	f	f	\N	\N	\N	percent	0.00	0.00	0.00	\N	\N	\N	f
482	\N	4	2	INV-002381	2026-07-10 15:56:12.166187	\N	\N	1120.00	0.00	0.00	0.00	0	1120.00	cash	2026-07-10 15:56:12.166187	5	f	f	\N	\N	\N	percent	0.00	0.00	0.00	\N	\N	\N	f
452	\N	4	2	INV-002350	2026-07-10 14:50:09.990176	\N	\N	350.00	0.00	0.00	0.00	0	350.00	card	2026-07-10 14:50:09.990176	5	f	f	\N	\N	\N	percent	0.00	0.00	0.00	\N	\N	\N	f
506	\N	4	2	INV-002423	2026-07-10 16:52:22.790545	\N	\N	460.00	0.00	0.00	0.00	0	460.00	card	2026-07-10 16:52:22.790545	5	f	f	\N	\N	\N	percent	0.00	0.00	0.00	\N	\N	\N	f
458	\N	4	2	INV-002356	2026-07-10 15:02:14.079963	\N	\N	160.00	24.41	0.00	0.00	0	135.59	cash	2026-07-10 15:02:14.079963	5	f	f	\N	\N	\N	percent	0.00	0.00	0.00	\N	\N	\N	f
537	\N	4	2	INV-002465	2026-07-10 17:49:55.044455	\N	\N	929.45	0.00	37.55	0.00	0	929.45	cash	2026-07-10 17:49:55.044455	6	f	f	\N	\N	\N	fixed	5.00	0.00	0.00	\N	\N	\N	f
488	\N	4	2	INV-002388	2026-07-10 16:11:14.629093	\N	\N	710.00	15.25	460.00	0.00	0	694.75	card	2026-07-10 16:11:14.629093	5	f	f	\N	\N	\N	percent	0.00	0.00	0.00	\N	\N	\N	f
562	\N	4	2	INV-002503	2026-07-10 18:33:20.79957	\N	\N	1590.00	0.00	610.00	0.00	0	1590.00	card	2026-07-10 18:33:20.79957	5	f	f	\N	\N	\N	percent	0.00	0.00	0.00	\N	\N	\N	f
512	\N	4	2	INV-002433	2026-07-10 16:58:56.577579	\N	\N	550.00	0.00	150.00	0.00	0	550.00	cash	2026-07-10 16:58:56.577579	6	f	f	\N	\N	\N	percent	0.00	0.00	0.00	\N	\N	\N	f
552	\N	4	2	INV-002488	2026-07-10 18:12:07.171102	\N	\N	10.00	0.00	0.00	0.00	0	10.00	cash	2026-07-10 18:12:07.171102	5	f	f	\N	\N	\N	percent	0.00	0.00	0.00	\N	\N	\N	f
518	\N	4	2	INV-002439	2026-07-10 17:17:42.909918	\N	\N	225.00	0.00	25.00	0.00	0	225.00	cash	2026-07-10 17:17:42.909918	6	f	f	\N	\N	\N	percent	0.00	0.00	0.00	\N	\N	\N	f
308	\N	4	2	INV-002190	2026-07-10 01:17:11.274699	\N	\N	600.00	0.00	0.00	0.00	0	600.00	cash	2026-07-10 01:17:11.274699	3	f	f	\N	\N	\N	percent	0.00	0.00	0.00	\N	\N	\N	f
356	\N	4	2	INV-002244	2026-07-10 02:18:52.2722	\N	\N	1720.00	0.00	0.00	0.00	0	1720.00	cash	2026-07-10 02:18:52.2722	3	f	f	\N	\N	\N	percent	0.00	0.00	0.00	\N	\N	\N	f
317	\N	4	2	INV-002203	2026-07-10 01:33:53.271383	\N	\N	250.00	0.00	0.00	0.00	0	250.00	cash	2026-07-10 01:33:53.271383	3	f	f	\N	\N	\N	percent	0.00	0.00	0.00	\N	\N	\N	f
325	\N	4	2	INV-002213	2026-07-10 01:57:31.02797	\N	\N	110.00	0.00	0.00	0.00	0	110.00	cash	2026-07-10 01:57:31.02797	3	f	f	\N	\N	\N	percent	0.00	0.00	0.00	\N	\N	\N	f
364	\N	4	2	INV-002252	2026-07-10 02:22:21.824958	\N	\N	705.00	0.00	425.00	0.00	0	705.00	cash	2026-07-10 02:22:21.824958	3	f	f	\N	\N	\N	percent	0.00	0.00	0.00	\N	\N	\N	f
332	\N	4	2	INV-002220	2026-07-10 02:06:34.890485	\N	\N	640.00	0.00	190.00	0.00	0	640.00	cash	2026-07-10 02:06:34.890485	3	f	f	\N	\N	\N	percent	0.00	0.00	0.00	\N	\N	\N	f
339	\N	4	2	INV-002227	2026-07-10 02:09:09.844649	\N	\N	1144.00	0.00	610.00	0.00	0	1144.00	card	2026-07-10 02:09:09.844649	3	f	f	\N	\N	\N	percent	0.00	0.00	0.00	\N	\N	\N	f
577	\N	4	2	INV-002526	2026-07-10 19:02:26.473278	\N	\N	120.00	0.00	0.00	0.00	0	120.00	cash	2026-07-10 19:02:26.473278	5	f	f	\N	\N	\N	percent	0.00	0.00	0.00	\N	\N	\N	f
572	\N	4	2	INV-002517	2026-07-10 18:53:02.730392	\N	\N	703.00	0.00	167.00	0.00	0	703.00	card	2026-07-10 18:53:02.730392	5	f	f	\N	\N	\N	percent	0.00	0.00	0.00	\N	\N	\N	f
587	\N	4	2	INV-002543	2026-07-10 19:19:38.545919	\N	\N	800.00	0.00	220.00	0.00	0	800.00	cash	2026-07-10 19:19:38.545919	5	f	f	\N	\N	\N	fixed	3.00	0.00	0.00	\N	\N	\N	f
567	\N	4	2	INV-002500	2026-07-10 18:42:32.79712	\N	\N	1160.00	0.00	0.00	0.00	0	1160.00	cash	2026-07-10 18:42:32.79712	6	f	f	\N	\N	\N	percent	0.00	0.00	0.00	\N	\N	\N	f
582	\N	4	2	INV-002534	2026-07-10 19:11:19.018516	\N	\N	140.00	0.00	50.00	0.00	0	140.00	cash	2026-07-10 19:11:19.018516	6	f	f	\N	\N	\N	fixed	5.00	0.00	0.00	\N	\N	\N	f
592	\N	4	2	INV-002538	2026-07-10 19:24:43.302486	\N	\N	250.00	0.00	0.00	0.00	0	250.00	card	2026-07-10 19:24:43.302486	6	f	f	\N	\N	\N	percent	0.00	0.00	0.00	\N	\N	\N	f
597	\N	4	2	INV-002560	2026-07-10 19:30:28.985391	\N	\N	60.00	0.00	0.00	0.00	0	60.00	cash	2026-07-10 19:30:28.985391	5	f	f	\N	\N	\N	percent	0.00	0.00	0.00	\N	\N	\N	f
601	\N	4	2	INV-002564	2026-07-10 19:39:31.57177	\N	\N	160.00	0.00	0.00	0.00	0	160.00	cash	2026-07-10 19:39:31.57177	6	f	f	\N	\N	\N	percent	0.00	0.00	0.00	\N	\N	\N	f
605	\N	4	2	INV-002570	2026-07-10 19:48:24.649454	\N	\N	150.00	0.00	0.00	0.00	0	150.00	cash	2026-07-10 19:48:24.649454	6	f	f	\N	\N	\N	percent	0.00	0.00	0.00	\N	\N	\N	f
609	\N	4	2	INV-002576	2026-07-10 19:57:10.274752	\N	\N	360.00	0.00	0.00	0.00	0	360.00	card	2026-07-10 19:57:10.274752	6	f	f	\N	\N	\N	percent	0.00	0.00	0.00	\N	\N	\N	f
614	\N	4	2	INV-002583	2026-07-10 20:09:29.090693	\N	\N	684.50	0.00	25.50	0.00	0	684.50	card	2026-07-10 20:09:29.090693	6	f	f	\N	\N	\N	percent	0.00	0.00	0.00	\N	\N	\N	f
612	\N	4	2	INV-002580	2026-07-10 20:06:07.08011	\N	\N	150.00	0.00	20.00	0.00	0	150.00	cash	2026-07-10 20:06:07.08011	6	f	f	\N	\N	\N	fixed	3.00	0.00	0.00	\N	\N	\N	f
615	\N	4	2	INV-002584	2026-07-10 20:09:52.840714	\N	\N	900.00	0.00	600.00	0.00	0	900.00	cash	2026-07-10 20:09:52.840714	6	f	f	\N	\N	\N	percent	0.00	0.00	0.00	\N	\N	\N	f
568	\N	4	2	INV-002510	2026-07-10 18:43:11.539277	\N	\N	680.00	0.00	0.00	0.00	0	680.00	card	2026-07-10 18:43:11.539277	6	f	f	\N	\N	\N	percent	0.00	0.00	0.00	\N	\N	\N	f
543	\N	4	2	INV-002475	2026-07-10 17:57:10.850015	\N	\N	2150.00	0.00	0.00	0.00	0	2150.00	card	2026-07-10 17:57:10.850015	5	f	f	\N	\N	\N	percent	0.00	0.00	0.00	\N	\N	\N	f
523	\N	4	2	INV-002445	2026-07-10 17:28:16.200283	\N	\N	1053.45	0.00	283.55	0.00	0	1053.45	card	2026-07-10 17:28:16.200283	6	f	f	\N	\N	\N	percent	0.00	0.00	0.00	\N	\N	\N	f
465	\N	4	2	INV-002363	2026-07-10 15:11:31.458073	\N	\N	60.00	0.00	0.00	0.00	0	60.00	cash	2026-07-10 15:11:31.458073	5	f	f	\N	\N	\N	percent	0.00	0.00	0.00	\N	\N	\N	f
410	\N	4	2	INV-002308	2026-07-10 12:28:52.697003	\N	\N	135.00	0.00	15.00	0.00	0	135.00	cash	2026-07-10 12:28:52.697003	5	f	f	\N	\N	\N	percent	0.00	0.00	0.00	\N	\N	\N	f
558	\N	4	2	INV-002492	2026-07-10 18:30:21.59758	\N	\N	6356.50	0.00	1593.50	0.00	0	6356.50	card	2026-07-10 18:30:21.59758	6	f	f	\N	\N	\N	percent	0.00	0.00	0.00	\N	\N	\N	f
528	\N	4	2	INV-002454	2026-07-10 17:38:12.221259	\N	\N	430.00	0.00	0.00	0.00	0	430.00	cash	2026-07-10 17:38:12.221259	5	f	f	\N	\N	\N	percent	0.00	0.00	0.00	\N	\N	\N	f
548	\N	4	2	INV-002482	2026-07-10 18:06:57.3972	\N	\N	225.00	0.00	25.00	0.00	0	225.00	cash	2026-07-10 18:06:57.3972	5	f	f	\N	\N	\N	percent	0.00	0.00	0.00	\N	\N	\N	f
533	\N	4	2	INV-002461	2026-07-10 17:44:30.287756	\N	\N	1077.35	0.00	405.65	0.00	0	1077.35	card	2026-07-10 17:44:30.287756	6	f	f	\N	\N	\N	percent	0.00	0.00	0.00	\N	\N	\N	f
417	\N	4	2	INV-002315	2026-07-10 13:47:42.669676	\N	\N	50.00	0.00	0.00	0.00	0	50.00	cash	2026-07-10 13:47:42.669676	5	f	f	\N	\N	\N	percent	0.00	0.00	0.00	\N	\N	\N	f
379	\N	4	2	INV-002271	2026-07-10 10:26:57.692348	\N	\N	770.00	0.00	150.00	0.00	0	770.00	cash	2026-07-10 10:26:57.692348	5	f	f	\N	\N	\N	percent	0.00	0.00	0.00	\N	\N	\N	f
507	\N	4	2	INV-002425	2026-07-10 16:53:25.025407	\N	\N	795.00	7.63	230.00	0.00	0	787.37	card	2026-07-10 16:53:25.025407	5	f	f	\N	\N	\N	percent	0.00	0.00	0.00	\N	\N	\N	f
386	\N	4	2	INV-002280	2026-07-10 11:05:33.011115	\N	\N	700.00	0.00	150.00	0.00	0	700.00	card	2026-07-10 11:05:33.011115	5	f	f	\N	\N	\N	percent	0.00	0.00	0.00	\N	\N	\N	f
471	\N	4	2	INV-002370	2026-07-10 15:36:55.086162	\N	\N	3000.00	0.00	1670.00	0.00	0	3000.00	card	2026-07-10 15:36:55.086162	5	f	f	\N	\N	\N	percent	0.00	0.00	0.00	\N	\N	\N	f
423	\N	4	2	INV-002321	2026-07-10 14:04:43.831012	\N	\N	434.35	0.00	76.65	0.00	0	434.35	card	2026-07-10 14:04:43.831012	5	f	f	\N	\N	\N	percent	0.00	0.00	0.00	\N	\N	\N	f
393	\N	4	2	INV-002288	2026-07-10 11:21:00.946762	\N	\N	190.00	0.00	0.00	0.00	0	190.00	cash	2026-07-10 11:21:00.946762	5	f	f	\N	\N	\N	percent	0.00	0.00	0.00	\N	\N	\N	f
400	\N	4	2	INV-002295	2026-07-10 12:00:43.710632	\N	\N	1680.00	0.00	680.00	0.00	0	1680.00	cash	2026-07-10 12:00:43.710632	5	f	f	\N	\N	\N	percent	0.00	0.00	0.00	\N	\N	\N	f
429	\N	4	2	INV-002327	2026-07-10 14:12:20.762045	\N	\N	110.00	0.00	0.00	0.00	0	110.00	cash	2026-07-10 14:12:20.762045	5	f	f	\N	\N	\N	percent	0.00	0.00	0.00	\N	\N	\N	f
477	\N	4	2	INV-002376	2026-07-10 15:44:25.869212	\N	\N	125.00	0.00	45.00	0.00	0	125.00	card	2026-07-10 15:44:25.869212	5	f	f	\N	\N	\N	percent	0.00	0.00	0.00	\N	\N	\N	f
435	\N	4	2	INV-002333	2026-07-10 14:22:00.146489	\N	\N	4533.85	15.25	487.15	0.00	0	4518.60	card	2026-07-10 14:22:00.146489	5	f	f	\N	\N	\N	percent	0.00	0.00	0.00	\N	\N	\N	f
441	\N	4	2	INV-002339	2026-07-10 14:27:38.023903	\N	\N	125.00	0.00	45.00	0.00	0	125.00	cash	2026-07-10 14:27:38.023903	5	f	f	\N	\N	\N	percent	0.00	0.00	0.00	\N	\N	\N	f
513	\N	4	2	INV-002434	2026-07-10 17:05:27.98291	\N	\N	160.00	0.00	0.00	0.00	0	160.00	cash	2026-07-10 17:05:27.98291	6	f	f	\N	\N	\N	percent	0.00	0.00	0.00	\N	\N	\N	f
483	\N	4	2	INV-002382	2026-07-10 15:58:07.105201	\N	\N	180.00	0.00	0.00	0.00	0	180.00	cash	2026-07-10 15:58:07.105201	5	f	f	\N	\N	\N	percent	0.00	0.00	0.00	\N	\N	\N	f
447	\N	4	2	INV-002345	2026-07-10 14:40:30.36341	\N	\N	771.15	0.00	295.85	0.00	0	771.15	cash	2026-07-10 14:40:30.36341	5	f	f	\N	\N	\N	percent	0.00	0.00	0.00	\N	\N	\N	f
77	\N	4	2	INV-001859	2026-07-09 16:05:48.562796	\N	\N	605.00	0.00	0.00	0.00	0	605.00	card	2026-07-09 16:05:48.562796	3	f	f	\N	\N	\N	percent	0.00	0.00	0.00	\N	\N	\N	f
88	\N	4	2	INV-001878	2026-07-09 16:34:15.485091	\N	\N	885.00	0.00	25.00	0.00	0	885.00	card	2026-07-09 16:34:15.485091	3	f	f	\N	\N	\N	percent	0.00	0.00	0.00	\N	\N	\N	f
453	\N	4	2	INV-002351	2026-07-10 14:52:54.835441	\N	\N	2250.00	0.00	0.00	0.00	0	2250.00	cash	2026-07-10 14:52:54.835441	5	f	f	\N	\N	\N	percent	0.00	0.00	0.00	\N	\N	\N	f
78	\N	4	2	INV-001861	2026-07-09 16:07:15.819592	\N	\N	120.00	0.00	0.00	0.00	0	120.00	cash	2026-07-09 16:07:15.819592	3	f	f	\N	\N	\N	percent	0.00	0.00	0.00	\N	\N	\N	f
92	\N	4	2	INV-001882	2026-07-09 16:42:13.495817	\N	\N	260.00	0.00	0.00	0.00	0	260.00	cash	2026-07-09 16:42:13.495817	3	f	f	\N	\N	\N	percent	0.00	0.00	0.00	\N	\N	\N	f
489	\N	4	2	INV-002389	2026-07-10 16:18:00.68057	\N	\N	1030.00	0.00	0.00	0.00	0	1030.00	cash	2026-07-10 16:18:00.68057	5	f	f	\N	\N	\N	percent	0.00	0.00	0.00	\N	\N	\N	f
459	\N	4	2	INV-002357	2026-07-10 15:04:39.88532	\N	\N	398.65	0.00	70.35	0.00	0	398.65	cash	2026-07-10 15:04:39.88532	5	f	f	\N	\N	\N	percent	0.00	0.00	0.00	\N	\N	\N	f
538	\N	4	2	INV-002467	2026-07-10 17:51:43.887107	\N	\N	166.00	0.00	65.00	0.00	0	166.00	card	2026-07-10 17:51:43.887107	5	f	f	\N	\N	\N	fixed	0.95	0.00	0.00	\N	\N	\N	f
519	\N	4	2	INV-002441	2026-07-10 17:20:54.955132	\N	\N	90.00	0.00	0.00	0.00	0	90.00	cash	2026-07-10 17:20:54.955132	5	f	f	\N	\N	\N	percent	0.00	0.00	0.00	\N	\N	\N	f
309	\N	4	2	INV-002165	2026-07-10 01:17:29.860121	\N	\N	1730.00	0.00	0.00	0.00	0	1730.00	cash	2026-07-10 01:17:29.860121	3	f	f	\N	\N	\N	percent	0.00	0.00	0.00	\N	\N	\N	f
495	\N	4	2	INV-002394	2026-07-10 16:27:46.06253	\N	\N	906.30	0.00	347.70	0.00	0	906.30	card	2026-07-10 16:27:46.06253	5	f	f	\N	\N	\N	percent	0.00	0.00	0.00	\N	\N	\N	f
357	\N	4	2	INV-002245	2026-07-10 02:19:04.750205	\N	\N	125.00	0.00	45.00	0.00	0	125.00	cash	2026-07-10 02:19:04.750205	3	f	f	\N	\N	\N	percent	0.00	0.00	0.00	\N	\N	\N	f
318	\N	4	2	INV-002199	2026-07-10 01:35:37.796846	\N	\N	900.00	0.00	670.00	0.00	0	900.00	cash	2026-07-10 01:35:37.796846	3	f	f	\N	\N	\N	fixed	5.00	0.00	0.00	\N	\N	\N	f
501	\N	4	2	INV-002412	2026-07-10 16:34:15.153601	\N	\N	8525.00	0.00	0.00	0.00	0	8525.00	card	2026-07-10 16:34:15.153601	6	f	f	\N	\N	\N	percent	0.00	0.00	0.00	\N	\N	\N	f
326	\N	4	2	INV-002214	2026-07-10 01:58:54.263891	\N	\N	3000.00	0.00	1670.00	0.00	0	3000.00	card	2026-07-10 01:58:54.263891	3	f	f	\N	\N	\N	percent	0.00	0.00	0.00	\N	\N	\N	f
365	\N	4	2	INV-002253	2026-07-10 02:22:40.549207	\N	\N	490.00	0.00	0.00	0.00	0	490.00	cash	2026-07-10 02:22:40.549207	3	f	f	\N	\N	\N	percent	0.00	0.00	0.00	\N	\N	\N	f
333	\N	4	2	INV-002221	2026-07-10 02:07:04.73825	\N	\N	490.00	0.00	0.00	0.00	0	490.00	card	2026-07-10 02:07:04.73825	3	f	f	\N	\N	\N	percent	0.00	0.00	0.00	\N	\N	\N	f
340	\N	4	2	INV-002228	2026-07-10 02:10:08.000631	\N	\N	1200.00	15.25	0.00	0.00	0	1184.75	cash	2026-07-10 02:10:08.000631	3	f	f	\N	\N	\N	percent	0.00	0.00	0.00	\N	\N	\N	f
372	\N	4	2	INV-002260	2026-07-10 02:35:18.426268	\N	\N	130.00	0.00	0.00	0.00	0	130.00	cash	2026-07-10 02:35:18.426268	3	f	f	\N	\N	\N	percent	0.00	0.00	0.00	\N	\N	\N	f
347	\N	4	2	INV-002235	2026-07-10 02:13:44.665252	\N	\N	1224.00	0.00	400.00	0.00	0	1224.00	cash	2026-07-10 02:13:44.665252	3	f	f	\N	\N	\N	percent	0.00	0.00	0.00	\N	\N	\N	f
583	\N	4	2	INV-002536	2026-07-10 19:12:12.511123	\N	\N	140.00	0.00	0.00	0.00	0	140.00	cash	2026-07-10 19:12:12.511123	6	f	f	\N	\N	\N	percent	0.00	0.00	0.00	\N	\N	\N	f
563	\N	4	2	INV-002505	2026-07-10 18:35:02.327824	\N	\N	310.00	19.83	0.00	0.00	0	290.17	card	2026-07-10 18:35:02.327824	5	f	f	\N	\N	\N	percent	0.00	0.00	0.00	\N	\N	\N	f
553	\N	4	2	INV-002487	2026-07-10 18:15:17.540653	\N	\N	150.00	0.00	0.00	0.00	0	150.00	card	2026-07-10 18:15:17.540653	6	f	f	\N	\N	\N	percent	0.00	0.00	0.00	\N	\N	\N	f
578	\N	4	2	INV-002528	2026-07-10 19:06:52.622921	\N	\N	5012.00	0.00	2058.00	0.00	0	5012.00	card	2026-07-10 19:06:52.622921	5	f	f	\N	\N	\N	percent	0.00	0.00	0.00	\N	\N	\N	f
573	\N	4	2	INV-002519	2026-07-10 18:53:35.007467	\N	\N	400.00	0.00	0.00	0.00	0	400.00	cash	2026-07-10 18:53:35.007467	5	f	f	\N	\N	\N	percent	0.00	0.00	0.00	\N	\N	\N	f
588	\N	4	2	INV-002545	2026-07-10 19:20:43.511959	\N	\N	550.00	0.00	0.00	0.00	0	550.00	card	2026-07-10 19:20:43.511959	5	f	f	\N	\N	\N	percent	0.00	0.00	0.00	\N	\N	\N	f
593	\N	4	2	INV-002553	2026-07-10 19:25:45.212505	\N	\N	1000.00	0.00	749.00	0.00	0	1000.00	cash	2026-07-10 19:25:45.212505	6	f	f	\N	\N	\N	fixed	5.00	0.00	0.00	\N	\N	\N	f
598	\N	4	2	INV-002555	2026-07-10 19:30:43.183753	\N	\N	1730.00	0.00	0.00	0.00	0	1730.00	card	2026-07-10 19:30:43.183753	6	f	f	\N	\N	\N	percent	0.00	0.00	0.00	\N	\N	\N	f
602	\N	4	2	INV-002566	2026-07-10 19:43:24.776711	\N	\N	1557.15	0.00	349.85	0.00	0	1557.15	cash	2026-07-10 19:43:24.776711	6	f	f	\N	\N	\N	percent	0.00	0.00	0.00	\N	\N	\N	f
606	\N	4	2	INV-002568	2026-07-10 19:49:17.875679	\N	\N	15.00	0.00	0.00	0.00	0	15.00	cash	2026-07-10 19:49:17.875679	5	f	f	\N	\N	\N	percent	0.00	0.00	0.00	\N	\N	\N	f
610	\N	4	2	INV-002577	2026-07-10 19:58:28.851179	\N	\N	2099.00	0.00	1201.00	0.00	0	2099.00	cash	2026-07-10 19:58:28.851179	6	f	f	\N	\N	\N	percent	0.00	0.00	0.00	\N	\N	\N	f
613	\N	4	2	INV-002582	2026-07-10 20:06:50.139803	\N	\N	20.00	0.00	0.00	0.00	0	20.00	cash	2026-07-10 20:06:50.139803	6	f	f	\N	\N	\N	percent	0.00	0.00	0.00	\N	\N	\N	f
466	\N	4	2	INV-002364	2026-07-10 15:14:00.88375	\N	\N	200.00	0.00	0.00	0.00	0	200.00	cash	2026-07-10 15:14:00.88375	5	f	f	\N	\N	\N	percent	0.00	0.00	0.00	\N	\N	\N	f
411	\N	4	2	INV-002309	2026-07-10 12:31:48.13773	\N	\N	300.00	0.00	0.00	0.00	0	300.00	cash	2026-07-10 12:31:48.13773	5	f	f	\N	\N	\N	percent	0.00	0.00	0.00	\N	\N	\N	f
373	\N	4	2	INV-002264	2026-07-10 07:55:33.113398	\N	\N	290.00	0.00	0.00	0.00	0	290.00	card	2026-07-10 07:55:33.113398	5	f	f	\N	\N	\N	percent	0.00	0.00	0.00	\N	\N	\N	f
418	\N	4	2	INV-002316	2026-07-10 13:48:15.666955	\N	\N	370.00	0.00	190.00	0.00	0	370.00	cash	2026-07-10 13:48:15.666955	5	f	f	\N	\N	\N	percent	0.00	0.00	0.00	\N	\N	\N	f
380	\N	4	2	INV-002272	2026-07-10 10:33:31.533658	\N	\N	60.00	0.00	0.00	0.00	0	60.00	cash	2026-07-10 10:33:31.533658	5	f	f	\N	\N	\N	percent	0.00	0.00	0.00	\N	\N	\N	f
508	\N	4	2	INV-002418	2026-07-10 16:54:47.91035	\N	\N	700.00	0.00	5.00	0.00	0	700.00	cash	2026-07-10 16:54:47.91035	6	f	f	\N	\N	\N	fixed	5.00	0.00	0.00	\N	\N	\N	f
387	\N	4	2	INV-002281	2026-07-10 11:07:11.758582	\N	\N	200.00	0.00	0.00	0.00	0	200.00	cash	2026-07-10 11:07:11.758582	5	f	f	\N	\N	\N	percent	0.00	0.00	0.00	\N	\N	\N	f
472	\N	4	2	INV-002371	2026-07-10 15:39:25.517824	\N	\N	450.00	0.00	0.00	0.00	0	450.00	cash	2026-07-10 15:39:25.517824	5	f	f	\N	\N	\N	percent	0.00	0.00	0.00	\N	\N	\N	f
424	\N	4	2	INV-002322	2026-07-10 14:05:03.667684	\N	\N	120.00	0.00	0.00	0.00	0	120.00	card	2026-07-10 14:05:03.667684	5	f	f	\N	\N	\N	percent	0.00	0.00	0.00	\N	\N	\N	f
394	\N	4	2	INV-002289	2026-07-10 11:21:56.611418	\N	\N	810.90	0.00	311.10	0.00	0	810.90	cash	2026-07-10 11:21:56.611418	5	f	f	\N	\N	\N	percent	0.00	0.00	0.00	\N	\N	\N	f
401	\N	4	2	INV-002298	2026-07-10 12:06:03.210035	\N	\N	1160.00	0.00	0.00	0.00	0	1160.00	card	2026-07-10 12:06:03.210035	5	f	f	\N	\N	\N	percent	0.00	0.00	0.00	\N	\N	\N	f
430	\N	4	2	INV-002328	2026-07-10 14:13:25.930393	\N	\N	200.00	0.00	0.00	0.00	0	200.00	cash	2026-07-10 14:13:25.930393	5	f	f	\N	\N	\N	percent	0.00	0.00	0.00	\N	\N	\N	f
478	\N	4	2	INV-002377	2026-07-10 15:47:29.93492	\N	\N	70.00	0.00	0.00	0.00	0	70.00	card	2026-07-10 15:47:29.93492	5	f	f	\N	\N	\N	percent	0.00	0.00	0.00	\N	\N	\N	f
436	\N	4	2	INV-002334	2026-07-10 14:22:42.593564	\N	\N	522.25	0.00	72.75	0.00	0	522.25	card	2026-07-10 14:22:42.593564	5	f	f	\N	\N	\N	percent	0.00	0.00	0.00	\N	\N	\N	f
442	\N	4	2	INV-002340	2026-07-10 14:28:47.490561	\N	\N	590.00	0.00	0.00	0.00	0	590.00	card	2026-07-10 14:28:47.490561	5	f	f	\N	\N	\N	percent	0.00	0.00	0.00	\N	\N	\N	f
514	\N	4	2	INV-002435	2026-07-10 17:06:53.256337	\N	\N	560.00	0.00	0.00	0.00	0	560.00	card	2026-07-10 17:06:53.256337	6	f	f	\N	\N	\N	percent	0.00	0.00	0.00	\N	\N	\N	f
484	\N	4	2	INV-002383	2026-07-10 15:59:41.918092	\N	\N	250.00	0.00	230.00	0.00	0	250.00	cash	2026-07-10 15:59:41.918092	5	f	f	\N	\N	\N	percent	0.00	0.00	0.00	\N	\N	\N	f
448	\N	4	2	INV-002346	2026-07-10 14:42:56.711423	\N	\N	200.00	0.00	0.00	0.00	0	200.00	card	2026-07-10 14:42:56.711423	5	f	f	\N	\N	\N	percent	0.00	0.00	0.00	\N	\N	\N	f
344	\N	4	2	INV-002232	2026-07-10 02:12:23.274052	\N	\N	579.00	0.00	0.00	0.00	0	579.00	card	2026-07-10 02:12:23.274052	3	f	f	\N	\N	\N	percent	0.00	0.00	0.00	\N	\N	\N	f
79	\N	4	2	INV-001862	2026-07-09 16:08:40.662765	\N	\N	60.00	0.00	0.00	0.00	0	60.00	cash	2026-07-09 16:08:40.662765	3	f	f	\N	\N	\N	percent	0.00	0.00	0.00	\N	\N	\N	f
84	\N	4	2	INV-001874	2026-07-09 16:29:48.42573	\N	\N	660.00	0.00	0.00	0.00	0	660.00	card	2026-07-09 16:29:48.42573	3	f	f	\N	\N	\N	percent	0.00	0.00	0.00	\N	\N	\N	f
454	\N	4	2	INV-002352	2026-07-10 14:53:47.536296	\N	\N	610.00	0.00	150.00	0.00	0	610.00	card	2026-07-10 14:53:47.536296	5	f	f	\N	\N	\N	percent	0.00	0.00	0.00	\N	\N	\N	f
89	\N	4	2	INV-001879	2026-07-09 16:35:53.793892	\N	\N	475.00	0.00	0.00	0.00	0	475.00	card	2026-07-09 16:35:53.793892	3	f	f	\N	\N	\N	percent	0.00	0.00	0.00	\N	\N	\N	f
85	\N	4	2	INV-001875	2026-07-09 16:30:25.783499	\N	\N	290.00	0.00	190.00	0.00	0	290.00	card	2026-07-09 16:30:25.783499	3	f	f	\N	\N	\N	percent	0.00	0.00	0.00	\N	\N	\N	f
351	\N	4	2	INV-002239	2026-07-10 02:14:51.992984	\N	\N	267.00	0.00	210.00	0.00	0	267.00	card	2026-07-10 02:14:51.992984	3	f	f	\N	\N	\N	percent	0.00	0.00	0.00	\N	\N	\N	f
490	\N	4	2	INV-002390	2026-07-10 16:18:32.837049	\N	\N	120.00	0.00	0.00	0.00	0	120.00	cash	2026-07-10 16:18:32.837049	5	f	f	\N	\N	\N	percent	0.00	0.00	0.00	\N	\N	\N	f
460	\N	4	2	INV-002358	2026-07-10 15:05:20.740081	\N	\N	150.00	0.00	0.00	0.00	0	150.00	cash	2026-07-10 15:05:20.740081	5	f	f	\N	\N	\N	percent	0.00	0.00	0.00	\N	\N	\N	f
371	\N	4	2	INV-002259	2026-07-10 02:31:41.592738	\N	\N	300.00	0.00	0.00	0.00	0	300.00	card	2026-07-10 02:31:41.592738	3	f	f	\N	\N	\N	percent	0.00	0.00	0.00	\N	\N	\N	f
346	\N	4	2	INV-002234	2026-07-10 02:13:09.201412	\N	\N	430.00	0.00	0.00	0.00	0	430.00	cash	2026-07-10 02:13:09.201412	3	f	f	\N	\N	\N	percent	0.00	0.00	0.00	\N	\N	\N	f
353	\N	4	2	INV-002241	2026-07-10 02:15:27.550116	\N	\N	230.00	0.00	0.00	0.00	0	230.00	cash	2026-07-10 02:15:27.550116	3	f	f	\N	\N	\N	percent	0.00	0.00	0.00	\N	\N	\N	f
496	\N	4	2	INV-002403	2026-07-10 16:28:57.100649	\N	\N	1280.00	0.00	0.00	0.00	0	1280.00	card	2026-07-10 16:28:57.100649	6	f	f	\N	\N	\N	percent	0.00	0.00	0.00	\N	\N	\N	f
310	\N	4	2	INV-002164	2026-07-10 01:18:17.532401	\N	\N	2175.00	0.00	325.00	0.00	0	2175.00	cash	2026-07-10 01:18:17.532401	3	f	f	\N	\N	\N	percent	0.00	0.00	0.00	\N	\N	\N	f
358	\N	4	2	INV-002246	2026-07-10 02:19:43.20379	\N	\N	1005.00	15.25	705.00	0.00	0	989.75	cash	2026-07-10 02:19:43.20379	3	f	f	\N	\N	\N	percent	0.00	0.00	0.00	\N	\N	\N	f
502	\N	4	2	INV-002414	2026-07-10 16:39:17.949929	\N	\N	1203.12	0.00	380.00	0.00	0	1203.00	cash	2026-07-10 16:39:17.949929	6	f	f	\N	\N	\N	percent	0.00	0.12	0.00	\N	\N	\N	f
319	\N	4	2	INV-002207	2026-07-10 01:46:21.430143	\N	\N	600.00	0.00	280.00	0.00	0	600.00	card	2026-07-10 01:46:21.430143	3	f	f	\N	\N	\N	percent	0.00	0.00	0.00	\N	\N	\N	f
327	\N	4	2	INV-002215	2026-07-10 02:00:28.09077	\N	\N	2100.00	0.00	0.00	0.00	0	2100.00	card	2026-07-10 02:00:28.09077	3	f	f	\N	\N	\N	percent	0.00	0.00	0.00	\N	\N	\N	f
366	\N	4	2	INV-002254	2026-07-10 02:23:21.278657	\N	\N	1030.00	0.00	650.00	0.00	0	1030.00	card	2026-07-10 02:23:21.278657	3	f	f	\N	\N	\N	percent	0.00	0.00	0.00	\N	\N	\N	f
334	\N	4	2	INV-002222	2026-07-10 02:07:33.162397	\N	\N	610.00	24.41	0.00	0.00	0	585.59	card	2026-07-10 02:07:33.162397	3	f	f	\N	\N	\N	percent	0.00	0.00	0.00	\N	\N	\N	f
341	\N	4	2	INV-002229	2026-07-10 02:11:05.298814	\N	\N	2990.00	0.00	1220.00	0.00	0	2990.00	card	2026-07-10 02:11:05.298814	3	f	f	\N	\N	\N	percent	0.00	0.00	0.00	\N	\N	\N	f
348	\N	4	2	INV-002236	2026-07-10 02:13:57.462435	\N	\N	125.00	0.00	45.00	0.00	0	125.00	card	2026-07-10 02:13:57.462435	3	f	f	\N	\N	\N	percent	0.00	0.00	0.00	\N	\N	\N	f
359	\N	4	2	INV-002247	2026-07-10 02:20:04.419136	\N	\N	506.00	0.00	210.00	0.00	0	506.00	card	2026-07-10 02:20:04.419136	3	f	f	\N	\N	\N	percent	0.00	0.00	0.00	\N	\N	\N	f
328	\N	4	2	INV-002216	2026-07-10 02:01:18.900081	\N	\N	180.00	0.00	0.00	0.00	0	180.00	card	2026-07-10 02:01:18.900081	3	f	f	\N	\N	\N	percent	0.00	0.00	0.00	\N	\N	\N	f
349	\N	4	2	INV-002237	2026-07-10 02:14:09.681182	\N	\N	60.00	0.00	0.00	0.00	0	60.00	cash	2026-07-10 02:14:09.681182	3	f	f	\N	\N	\N	percent	0.00	0.00	0.00	\N	\N	\N	f
342	\N	4	2	INV-002230	2026-07-10 02:11:17.019518	\N	\N	290.00	0.00	190.00	0.00	0	290.00	cash	2026-07-10 02:11:17.019518	3	f	f	\N	\N	\N	percent	0.00	0.00	0.00	\N	\N	\N	f
367	\N	4	2	INV-002205	2026-07-10 02:24:01.211976	\N	\N	1773.95	0.00	313.05	0.00	0	1773.95	cash	2026-07-10 02:24:01.211976	3	f	f	\N	\N	\N	percent	0.00	0.00	0.00	\N	\N	\N	f
312	\N	4	2	INV-002154	2026-07-10 01:20:54.558572	\N	0	1530.00	0.00	280.00	0.00	0	1530.00	cash	2026-07-10 01:20:54.558572	3	f	f	\N	\N	delivery	percent	0.00	0.00	0.00	\N	\N	\N	f
280	\N	4	2	INV-002159	2026-07-10 00:01:42.270701	\N	\N	900.00	0.00	819.00	0.00	0	900.00	cash	2026-07-10 00:01:42.270701	3	f	f	\N	\N	\N	fixed	9.00	0.00	0.00	\N	\N	\N	f
294	\N	4	2	INV-002178	2026-07-10 00:22:29.68224	\N	\N	855.00	0.00	856.00	0.00	0	855.00	card	2026-07-10 00:22:29.68224	3	f	f	\N	\N	\N	fixed	0.85	0.00	0.00	\N	\N	\N	f
98	\N	4	2	INV-001889	2026-07-09 16:49:25.078916	\N	\N	120.00	0.00	0.00	0.00	0	120.00	card	2026-07-09 16:49:25.078916	3	f	f	\N	\N	\N	percent	0.00	0.00	0.00	\N	\N	\N	f
93	\N	4	2	INV-001883	2026-07-09 16:42:52.188411	\N	\N	70.00	0.00	0.00	0.00	0	70.00	cash	2026-07-09 16:42:52.188411	3	f	f	\N	\N	\N	percent	0.00	0.00	0.00	\N	\N	\N	f
90	\N	4	2	INV-001880	2026-07-09 16:36:50.378224	\N	\N	2099.00	0.00	1201.00	0.00	0	2099.00	card	2026-07-09 16:36:50.378224	3	f	f	\N	\N	\N	percent	0.00	0.00	0.00	\N	\N	\N	f
96	\N	4	2	INV-001887	2026-07-09 16:47:59.956935	\N	\N	160.00	0.00	0.00	0.00	0	160.00	card	2026-07-09 16:47:59.956935	3	f	f	\N	\N	\N	percent	0.00	0.00	0.00	\N	\N	\N	f
103	\N	4	2	INV-001896	2026-07-09 17:07:26.176415	\N	\N	400.00	0.00	0.00	0.00	0	400.00	cash	2026-07-09 17:07:26.176415	3	f	f	\N	\N	\N	percent	0.00	0.00	0.00	\N	\N	\N	f
94	\N	4	2	INV-001884	2026-07-09 16:44:26.985882	\N	\N	1609.00	0.00	231.00	0.00	0	1609.00	card	2026-07-09 16:44:26.985882	3	f	f	\N	\N	\N	percent	0.00	0.00	0.00	\N	\N	\N	f
99	\N	4	2	INV-001890	2026-07-09 16:52:31.457593	\N	\N	100.00	0.00	0.00	0.00	0	100.00	cash	2026-07-09 16:52:31.457593	3	f	f	\N	\N	\N	percent	0.00	0.00	0.00	\N	\N	\N	f
97	\N	4	2	INV-001888	2026-07-09 16:48:42.566648	\N	\N	100.00	0.00	0.00	0.00	0	100.00	cash	2026-07-09 16:48:42.566648	3	f	f	\N	\N	\N	percent	0.00	0.00	0.00	\N	\N	\N	f
101	\N	4	2	INV-001870	2026-07-09 16:59:24.058676	\N	0	2980.00	0.00	1848.00	0.00	0	2980.00	cash	2026-07-09 16:59:24.058676	3	f	f	\N	\N	delivery	percent	0.00	0.00	0.00	\N	\N	\N	f
102	\N	4	2	INV-001893	2026-07-09 17:04:27.398508	\N	\N	925.00	0.00	0.00	0.00	0	925.00	card	2026-07-09 17:04:27.398508	3	f	f	\N	\N	\N	percent	0.00	0.00	0.00	\N	\N	\N	f
100	\N	4	2	INV-001891	2026-07-09 16:54:26.389704	\N	\N	2510.00	0.00	0.00	0.00	0	2510.00	card	2026-07-09 16:54:26.389704	3	f	f	\N	\N	\N	percent	0.00	0.00	0.00	\N	\N	\N	f
104	\N	4	2	INV-001898	2026-07-09 17:10:31.575317	\N	\N	930.15	0.00	356.85	0.00	0	930.15	card	2026-07-09 17:10:31.575317	3	f	f	\N	\N	\N	percent	0.00	0.00	0.00	\N	\N	\N	f
105	\N	4	2	INV-001900	2026-07-09 17:13:03.226832	\N	\N	170.00	0.00	0.00	0.00	0	170.00	cash	2026-07-09 17:13:03.226832	3	f	f	\N	\N	\N	percent	0.00	0.00	0.00	\N	\N	\N	f
106	\N	4	2	INV-001901	2026-07-09 17:13:53.079197	\N	\N	390.00	0.00	190.00	0.00	0	390.00	cash	2026-07-09 17:13:53.079197	3	f	f	\N	\N	\N	percent	0.00	0.00	0.00	\N	\N	\N	f
107	\N	4	2	INV-001902	2026-07-09 17:15:35.111419	\N	\N	559.90	0.00	44.10	0.00	0	559.90	cash	2026-07-09 17:15:35.111419	3	f	f	\N	\N	\N	percent	0.00	0.00	0.00	\N	\N	\N	f
108	\N	4	2	INV-001894	2026-07-09 17:17:03.602239	\N	0	300.00	0.00	230.00	0.00	0	300.00	cash	2026-07-09 17:17:03.602239	3	f	f	\N	\N	delivery	percent	0.00	0.00	0.00	\N	\N	\N	f
109	\N	4	2	INV-001906	2026-07-09 17:23:36.0243	\N	\N	230.00	0.00	0.00	0.00	0	230.00	cash	2026-07-09 17:23:36.0243	3	f	f	\N	\N	\N	percent	0.00	0.00	0.00	\N	\N	\N	f
110	\N	4	2	INV-001907	2026-07-09 17:27:38.211872	\N	\N	805.45	0.00	155.55	0.00	0	805.45	card	2026-07-09 17:27:38.211872	3	f	f	\N	\N	\N	fixed	0.00	0.00	0.00	\N	\N	\N	f
142	\N	4	2	INV-001959	2026-07-09 18:48:11.009779	\N	\N	960.00	0.00	0.00	0.00	0	960.00	card	2026-07-09 18:48:11.009779	3	f	f	\N	\N	\N	percent	0.00	0.00	0.00	\N	\N	\N	f
113	\N	4	2	INV-001912	2026-07-09 17:31:02.656258	\N	\N	780.00	0.00	380.00	0.00	0	780.00	cash	2026-07-09 17:31:02.656258	3	f	f	\N	\N	\N	percent	0.00	0.00	0.00	\N	\N	\N	f
126	\N	4	2	INV-001931	2026-07-09 18:09:40.968466	\N	\N	591.55	0.00	51.45	0.00	0	591.55	cash	2026-07-09 18:09:40.968466	3	f	f	\N	\N	\N	percent	0.00	0.00	0.00	\N	\N	\N	f
114	\N	4	2	INV-001913	2026-07-09 17:35:25.713301	\N	\N	1435.00	0.00	460.00	0.00	0	1435.00	cash	2026-07-09 17:35:25.713301	3	f	f	\N	\N	\N	percent	0.00	0.00	0.00	\N	\N	\N	f
135	\N	4	2	INV-001950	2026-07-09 18:32:04.399138	\N	\N	370.00	0.00	0.00	0.00	0	370.00	cash	2026-07-09 18:32:04.399138	3	f	f	\N	\N	\N	percent	0.00	0.00	0.00	\N	\N	\N	f
115	\N	4	2	INV-001914	2026-07-09 17:37:14.283314	\N	\N	1910.00	0.00	0.00	0.00	0	1910.00	card	2026-07-09 17:37:14.283314	3	f	f	\N	\N	\N	percent	0.00	0.00	0.00	\N	\N	\N	f
127	\N	4	2	INV-001933	2026-07-09 18:11:00.724044	\N	\N	1200.00	0.00	600.00	0.00	0	1200.00	card	2026-07-09 18:11:00.724044	3	f	f	\N	\N	\N	percent	0.00	0.00	0.00	\N	\N	\N	f
116	\N	4	2	INV-001915	2026-07-09 17:39:57.950824	\N	\N	260.00	0.00	0.00	0.00	0	260.00	card	2026-07-09 17:39:57.950824	3	f	f	\N	\N	\N	percent	0.00	0.00	0.00	\N	\N	\N	f
300	\N	4	2	INV-002184	2026-07-10 00:38:05.718497	\N	\N	145.00	0.00	45.00	0.00	0	145.00	cash	2026-07-10 00:38:05.718497	3	f	f	\N	\N	\N	percent	0.00	0.00	0.00	\N	\N	\N	f
167	\N	4	2	INV-001995	2026-07-09 19:56:46.966906	\N	\N	2000.00	0.00	0.00	0.00	0	2000.00	cash	2026-07-09 19:56:46.966906	3	f	f	\N	\N	\N	percent	0.00	0.00	0.00	\N	\N	\N	f
198	\N	4	2	INV-002042	2026-07-09 20:49:51.643415	\N	\N	220.00	0.00	0.00	0.00	0	220.00	cash	2026-07-09 20:49:51.643415	3	f	f	\N	\N	\N	percent	0.00	0.00	0.00	\N	\N	\N	f
181	\N	4	2	INV-002013	2026-07-09 20:22:45.014028	\N	\N	400.00	0.00	0.00	0.00	0	400.00	cash	2026-07-09 20:22:45.014028	3	f	f	\N	\N	\N	percent	0.00	0.00	0.00	\N	\N	\N	f
151	\N	4	2	INV-001970	2026-07-09 19:15:10.004154	\N	\N	450.00	0.00	0.00	0.00	0	450.00	card	2026-07-09 19:15:10.004154	3	f	f	\N	\N	\N	percent	0.00	0.00	0.00	\N	\N	\N	f
117	\N	4	2	INV-001916	2026-07-09 17:44:00.062988	\N	\N	385.00	20.59	0.00	0.00	0	364.41	card	2026-07-09 17:44:00.062988	3	f	f	\N	\N	\N	percent	0.00	0.00	0.00	\N	\N	\N	f
128	\N	4	2	INV-001935	2026-07-09 18:14:49.234583	\N	\N	120.00	0.00	0.00	0.00	0	120.00	cash	2026-07-09 18:14:49.234583	3	f	f	\N	\N	\N	percent	0.00	0.00	0.00	\N	\N	\N	f
118	\N	4	2	INV-001919	2026-07-09 17:44:19.427946	\N	\N	170.00	0.00	0.00	0.00	0	170.00	cash	2026-07-09 17:44:19.427946	3	f	f	\N	\N	\N	percent	0.00	0.00	0.00	\N	\N	\N	f
136	\N	4	2	INV-001943	2026-07-09 18:36:56.288783	\N	0	1440.00	0.00	340.00	0.00	0	1440.00	cash	2026-07-09 18:36:56.288783	3	f	f	\N	\N	delivery	percent	0.00	0.00	0.00	\N	\N	\N	f
119	\N	4	2	INV-001920	2026-07-09 17:44:52.621767	\N	\N	350.00	0.00	0.00	0.00	0	350.00	cash	2026-07-09 17:44:52.621767	3	f	f	\N	\N	\N	percent	0.00	0.00	0.00	\N	\N	\N	f
129	\N	4	2	INV-001936	2026-07-09 18:15:28.731277	\N	\N	250.00	0.00	0.00	0.00	0	250.00	cash	2026-07-09 18:15:28.731277	3	f	f	\N	\N	\N	percent	0.00	0.00	0.00	\N	\N	\N	f
120	\N	4	2	INV-001921	2026-07-09 17:46:07.888282	\N	\N	100.00	0.00	0.00	0.00	0	100.00	card	2026-07-09 17:46:07.888282	3	f	f	\N	\N	\N	percent	0.00	0.00	0.00	\N	\N	\N	f
143	\N	4	2	INV-001960	2026-07-09 18:49:44.820082	\N	\N	670.00	0.00	0.00	0.00	0	670.00	card	2026-07-09 18:49:44.820082	3	f	f	\N	\N	\N	percent	0.00	0.00	0.00	\N	\N	\N	f
121	\N	4	2	INV-001922	2026-07-09 17:46:34.388537	\N	\N	60.00	0.00	0.00	0.00	0	60.00	cash	2026-07-09 17:46:34.388537	3	f	f	\N	\N	\N	percent	0.00	0.00	0.00	\N	\N	\N	f
281	\N	4	2	INV-002160	2026-07-10 00:02:19.91207	\N	\N	240.00	0.00	0.00	0.00	0	240.00	cash	2026-07-10 00:02:19.91207	3	f	f	\N	\N	\N	percent	0.00	0.00	0.00	\N	\N	\N	f
374	\N	4	2	INV-002265	2026-07-10 09:07:15.79143	\N	\N	120.00	0.00	0.00	0.00	0	120.00	cash	2026-07-10 09:07:15.79143	5	f	f	\N	\N	\N	percent	0.00	0.00	0.00	\N	\N	\N	f
381	\N	4	2	INV-002274	2026-07-10 10:38:57.319285	\N	\N	360.00	0.00	0.00	0.00	0	360.00	cash	2026-07-10 10:38:57.319285	5	f	f	\N	\N	\N	percent	0.00	0.00	0.00	\N	\N	\N	f
388	\N	4	2	INV-002283	2026-07-10 11:16:20.264589	\N	\N	60.00	0.00	0.00	0.00	0	60.00	card	2026-07-10 11:16:20.264589	5	f	f	\N	\N	\N	percent	0.00	0.00	0.00	\N	\N	\N	f
395	\N	4	2	INV-002290	2026-07-10 11:32:25.553099	\N	\N	859.99	0.00	260.01	0.00	0	859.99	card	2026-07-10 11:32:25.553099	5	f	f	\N	\N	\N	fixed	7.01	0.00	0.00	\N	\N	\N	f
311	\N	4	2	INV-002161	2026-07-10 01:18:58.38887	\N	0	1030.00	0.00	0.00	0.00	0	1030.00	cash	2026-07-10 01:18:58.38887	3	f	f	\N	\N	delivery	percent	0.00	0.00	0.00	\N	\N	\N	f
402	\N	4	2	INV-002299	2026-07-10 12:06:47.760265	\N	\N	187.10	12.20	18.90	0.00	0	174.90	cash	2026-07-10 12:06:47.760265	5	f	f	\N	\N	\N	percent	0.00	0.00	0.00	\N	\N	\N	f
335	\N	4	2	INV-002223	2026-07-10 02:07:56.960478	\N	\N	180.00	0.00	0.00	0.00	0	180.00	cash	2026-07-10 02:07:56.960478	3	f	f	\N	\N	\N	percent	0.00	0.00	0.00	\N	\N	\N	f
320	\N	4	2	INV-002208	2026-07-10 01:49:00.364439	\N	\N	870.50	0.00	118.50	0.00	0	870.50	card	2026-07-10 01:49:00.364439	3	f	f	\N	\N	\N	percent	0.00	0.00	0.00	\N	\N	\N	f
412	\N	4	2	INV-002310	2026-07-10 12:32:26.249693	\N	\N	243.95	0.00	43.05	0.00	0	243.95	card	2026-07-10 12:32:26.249693	5	f	f	\N	\N	\N	percent	0.00	0.00	0.00	\N	\N	\N	f
304	\N	4	2	INV-002188	2026-07-10 00:52:01.315864	\N	\N	125.00	0.00	45.00	0.00	0	125.00	cash	2026-07-10 00:52:01.315864	3	f	f	\N	\N	\N	percent	0.00	0.00	0.00	\N	\N	\N	f
130	\N	4	2	INV-001938	2026-07-09 18:16:04.819961	\N	\N	238.50	0.00	91.50	0.00	0	238.50	card	2026-07-09 18:16:04.819961	3	f	f	\N	\N	\N	percent	0.00	0.00	0.00	\N	\N	\N	f
122	\N	4	2	INV-001923	2026-07-09 17:48:52.541961	\N	\N	770.00	0.00	0.00	0.00	0	770.00	cash	2026-07-09 17:48:52.541961	3	f	f	\N	\N	\N	percent	0.00	0.00	0.00	\N	\N	\N	f
137	\N	4	2	INV-001952	2026-07-09 18:38:53.694541	\N	\N	180.00	0.00	0.00	0.00	0	180.00	card	2026-07-09 18:38:53.694541	3	f	f	\N	\N	\N	percent	0.00	0.00	0.00	\N	\N	\N	f
123	\N	4	2	INV-001924	2026-07-09 17:58:18.551086	\N	\N	909.35	0.00	293.65	0.00	0	909.35	cash	2026-07-09 17:58:18.551086	3	f	f	\N	\N	\N	fixed	3.00	0.00	0.00	\N	\N	\N	f
131	\N	4	2	INV-001942	2026-07-09 18:20:02.074903	\N	\N	789.00	0.00	810.00	0.00	0	789.00	card	2026-07-09 18:20:02.074903	3	f	f	\N	\N	\N	percent	0.00	0.00	0.00	\N	\N	\N	f
124	\N	4	2	INV-001926	2026-07-09 18:06:01.794937	\N	\N	2210.00	0.00	0.00	0.00	0	2210.00	card	2026-07-09 18:06:01.794937	3	f	f	\N	\N	\N	fixed	0.00	0.00	0.00	\N	\N	\N	f
148	\N	4	2	INV-001965	2026-07-09 18:58:02.409755	\N	\N	649.00	0.00	0.00	0.00	0	649.00	card	2026-07-09 18:58:02.409755	3	f	f	\N	\N	\N	percent	0.00	0.00	0.00	\N	\N	\N	f
138	\N	4	2	INV-001953	2026-07-09 18:41:07.056449	\N	\N	180.00	0.00	0.00	0.00	0	180.00	cash	2026-07-09 18:41:07.056449	3	f	f	\N	\N	\N	percent	0.00	0.00	0.00	\N	\N	\N	f
132	\N	4	2	INV-001944	2026-07-09 18:24:53.258948	\N	\N	300.00	0.00	0.00	0.00	0	300.00	cash	2026-07-09 18:24:53.258948	3	f	f	\N	\N	\N	percent	0.00	0.00	0.00	\N	\N	\N	f
144	\N	4	2	INV-001941	2026-07-09 18:50:49.6425	\N	\N	330.00	0.00	0.00	0.00	0	330.00	cash	2026-07-09 18:50:49.6425	3	f	f	\N	\N	\N	percent	0.00	0.00	0.00	\N	\N	\N	f
133	\N	4	2	INV-001946	2026-07-09 18:26:13.551213	\N	\N	1050.00	0.00	0.00	0.00	0	1050.00	cash	2026-07-09 18:26:13.551213	3	f	f	\N	\N	\N	percent	0.00	0.00	0.00	\N	\N	\N	f
139	\N	4	2	INV-001954	2026-07-09 18:42:45.421951	\N	\N	260.00	0.00	0.00	0.00	0	260.00	card	2026-07-09 18:42:45.421951	3	f	f	\N	\N	\N	percent	0.00	0.00	0.00	\N	\N	\N	f
134	\N	4	2	INV-001948	2026-07-09 18:27:04.431978	\N	\N	750.00	0.00	0.00	0.00	0	750.00	cash	2026-07-09 18:27:04.431978	3	f	f	\N	\N	\N	percent	0.00	0.00	0.00	\N	\N	\N	f
154	\N	4	2	INV-001974	2026-07-09 19:19:56.241121	\N	\N	10.00	0.00	0.00	0.00	0	10.00	cash	2026-07-09 19:19:56.241121	3	f	f	\N	\N	\N	percent	0.00	0.00	0.00	\N	\N	\N	f
140	\N	4	2	INV-001955	2026-07-09 18:45:57.403281	\N	\N	1710.00	0.00	0.00	0.00	0	1710.00	card	2026-07-09 18:45:57.403281	3	f	f	\N	\N	\N	percent	0.00	0.00	0.00	\N	\N	\N	f
145	\N	4	2	INV-001962	2026-07-09 18:54:32.163838	\N	\N	1270.00	0.00	0.00	0.00	0	1270.00	cash	2026-07-09 18:54:32.163838	3	f	f	\N	\N	\N	percent	0.00	0.00	0.00	\N	\N	\N	f
141	\N	4	2	INV-001957	2026-07-09 18:46:37.706158	\N	\N	100.00	0.00	0.00	0.00	0	100.00	cash	2026-07-09 18:46:37.706158	3	f	f	\N	\N	\N	percent	0.00	0.00	0.00	\N	\N	\N	f
149	\N	4	2	INV-001966	2026-07-09 19:02:01.12997	\N	\N	2450.00	0.00	0.00	0.00	0	2450.00	card	2026-07-09 19:02:01.12997	3	f	f	\N	\N	\N	percent	0.00	0.00	0.00	\N	\N	\N	f
152	\N	4	2	INV-001971	2026-07-09 19:17:15.906522	\N	\N	700.00	0.00	0.00	0.00	0	700.00	card	2026-07-09 19:17:15.906522	3	f	f	\N	\N	\N	percent	0.00	0.00	0.00	\N	\N	\N	f
146	\N	4	2	INV-001963	2026-07-09 18:56:00.779576	\N	\N	1000.00	0.00	10.00	0.00	0	1000.00	cash	2026-07-09 18:56:00.779576	3	f	f	\N	\N	\N	fixed	10.00	0.00	0.00	\N	\N	\N	f
156	\N	4	2	INV-001978	2026-07-09 19:23:58.761279	\N	\N	3936.10	130.42	354.90	0.00	0	3805.68	card	2026-07-09 19:23:58.761279	3	f	f	\N	\N	\N	percent	0.00	0.00	0.00	\N	\N	\N	f
147	\N	4	2	INV-001964	2026-07-09 18:57:09.865705	\N	\N	2529.00	0.00	1201.00	0.00	0	2529.00	card	2026-07-09 18:57:09.865705	3	f	f	\N	\N	\N	percent	0.00	0.00	0.00	\N	\N	\N	f
150	\N	4	2	INV-001968	2026-07-09 19:08:56.28206	\N	\N	80.00	0.00	0.00	0.00	0	80.00	cash	2026-07-09 19:08:56.28206	3	f	f	\N	\N	\N	percent	0.00	0.00	0.00	\N	\N	\N	f
155	\N	4	2	INV-001976	2026-07-09 19:21:02.742014	\N	\N	20.00	0.00	0.00	0.00	0	20.00	cash	2026-07-09 19:21:02.742014	3	f	f	\N	\N	\N	percent	0.00	0.00	0.00	\N	\N	\N	f
153	\N	4	2	INV-001972	2026-07-09 19:19:14.983536	\N	\N	1220.00	0.00	0.00	0.00	0	1220.00	cash	2026-07-09 19:19:14.983536	3	f	f	\N	\N	\N	percent	0.00	0.00	0.00	\N	\N	\N	f
159	\N	4	2	INV-001983	2026-07-09 19:32:23.443117	\N	\N	463.00	0.00	83.00	0.00	0	463.00	card	2026-07-09 19:32:23.443117	3	f	f	\N	\N	\N	fixed	1.10	0.00	0.00	\N	\N	\N	f
158	\N	4	2	INV-001982	2026-07-09 19:27:03.686645	\N	\N	357.00	0.00	63.00	0.00	0	357.00	card	2026-07-09 19:27:03.686645	3	f	f	\N	\N	\N	percent	0.00	0.00	0.00	\N	\N	\N	f
157	\N	4	2	INV-001980	2026-07-09 19:26:11.986648	\N	\N	450.00	0.00	0.00	0.00	0	450.00	card	2026-07-09 19:26:11.986648	3	f	f	\N	\N	\N	percent	0.00	0.00	0.00	\N	\N	\N	f
160	\N	4	2	INV-001984	2026-07-09 19:35:12.711769	\N	\N	700.00	0.00	0.00	0.00	0	700.00	cash	2026-07-09 19:35:12.711769	3	f	f	\N	\N	\N	percent	0.00	0.00	0.00	\N	\N	\N	f
161	\N	4	2	INV-001986	2026-07-09 19:40:05.755871	\N	\N	160.00	0.00	0.00	0.00	0	160.00	cash	2026-07-09 19:40:05.755871	3	f	f	\N	\N	\N	percent	0.00	0.00	0.00	\N	\N	\N	f
162	\N	4	2	INV-001987	2026-07-09 19:44:09.586091	\N	\N	500.00	0.00	0.00	0.00	0	500.00	card	2026-07-09 19:44:09.586091	3	f	f	\N	\N	\N	percent	0.00	0.00	0.00	\N	\N	\N	f
163	\N	4	2	INV-001988	2026-07-09 19:46:45.273301	\N	\N	1694.00	0.00	1475.00	0.00	0	1694.00	card	2026-07-09 19:46:45.273301	3	f	f	\N	\N	\N	percent	0.00	0.00	0.00	\N	\N	\N	f
164	\N	4	2	INV-001990	2026-07-09 19:48:13.462562	\N	\N	828.00	0.00	267.00	0.00	0	828.00	cash	2026-07-09 19:48:13.462562	3	f	f	\N	\N	\N	fixed	0.25	0.00	0.00	\N	\N	\N	f
165	\N	4	2	INV-001992	2026-07-09 19:51:41.642131	\N	\N	50.00	0.00	0.00	0.00	0	50.00	cash	2026-07-09 19:51:41.642131	3	f	f	\N	\N	\N	percent	0.00	0.00	0.00	\N	\N	\N	f
166	\N	4	2	INV-001993	2026-07-09 19:53:54.134683	\N	\N	1060.00	0.00	0.00	0.00	0	1060.00	card	2026-07-09 19:53:54.134683	3	f	f	\N	\N	\N	percent	0.00	0.00	0.00	\N	\N	\N	f
168	\N	4	2	INV-001996	2026-07-09 19:59:47.800453	\N	\N	230.00	0.00	0.00	0.00	0	230.00	card	2026-07-09 19:59:47.800453	3	f	f	\N	\N	\N	percent	0.00	0.00	0.00	\N	\N	\N	f
169	\N	4	2	INV-001999	2026-07-09 20:02:16.079474	\N	\N	560.00	0.00	0.00	0.00	0	560.00	cash	2026-07-09 20:02:16.079474	3	f	f	\N	\N	\N	percent	0.00	0.00	0.00	\N	\N	\N	f
191	\N	4	2	INV-002033	2026-07-09 20:35:30.278003	\N	\N	110.00	0.00	0.00	0.00	0	110.00	cash	2026-07-09 20:35:30.278003	3	f	f	\N	\N	\N	percent	0.00	0.00	0.00	\N	\N	\N	f
182	\N	4	2	INV-002014	2026-07-09 20:24:11.563135	\N	\N	160.00	0.00	0.00	0.00	0	160.00	cash	2026-07-09 20:24:11.563135	3	f	f	\N	\N	\N	percent	0.00	0.00	0.00	\N	\N	\N	f
170	\N	4	2	INV-002000	2026-07-09 20:03:08.403472	\N	\N	600.00	0.00	0.00	0.00	0	600.00	cash	2026-07-09 20:03:08.403472	3	f	f	\N	\N	\N	percent	0.00	0.00	0.00	\N	\N	\N	f
171	\N	4	2	INV-002001	2026-07-09 20:05:31.104761	\N	\N	690.00	0.00	280.00	0.00	0	690.00	card	2026-07-09 20:05:31.104761	3	f	f	\N	\N	\N	percent	0.00	0.00	0.00	\N	\N	\N	f
183	\N	4	2	INV-002017	2026-07-09 20:26:53.451798	\N	\N	2099.00	0.00	1201.00	0.00	0	2099.00	card	2026-07-09 20:26:53.451798	3	f	f	\N	\N	\N	percent	0.00	0.00	0.00	\N	\N	\N	f
172	\N	4	2	INV-002002	2026-07-09 20:06:35.807171	\N	\N	1538.85	0.00	192.15	0.00	0	1538.85	cash	2026-07-09 20:06:35.807171	3	f	f	\N	\N	\N	percent	0.00	0.00	0.00	\N	\N	\N	f
301	\N	4	2	INV-002185	2026-07-10 00:41:53.581021	\N	\N	1155.00	0.00	25.00	0.00	0	1155.00	card	2026-07-10 00:41:53.581021	3	f	f	\N	\N	\N	percent	0.00	0.00	0.00	\N	\N	\N	f
223	\N	4	2	INV-002083	2026-07-09 21:37:21.163872	\N	\N	1050.00	0.00	0.00	0.00	0	1050.00	cash	2026-07-09 21:37:21.163872	3	f	f	\N	\N	\N	percent	0.00	0.00	0.00	\N	\N	\N	f
264	\N	4	2	INV-002140	2026-07-09 23:20:08.202373	\N	\N	50.00	7.63	0.00	0.00	0	42.37	cash	2026-07-09 23:20:08.202373	3	f	f	\N	\N	\N	percent	0.00	0.00	0.00	\N	\N	\N	f
224	\N	4	2	INV-002085	2026-07-09 21:40:36.372382	\N	\N	1030.00	0.00	0.00	0.00	0	1030.00	card	2026-07-09 21:40:36.372382	3	f	f	\N	\N	\N	percent	0.00	0.00	0.00	\N	\N	\N	f
207	\N	4	2	INV-002059	2026-07-09 21:07:10.058278	\N	\N	550.00	0.00	0.00	0.00	0	550.00	card	2026-07-09 21:07:10.058278	3	f	f	\N	\N	\N	percent	0.00	0.00	0.00	\N	\N	\N	f
173	\N	4	2	INV-002003	2026-07-09 20:07:36.354446	\N	\N	550.00	0.00	0.00	0.00	0	550.00	card	2026-07-09 20:07:36.354446	3	f	f	\N	\N	\N	percent	0.00	0.00	0.00	\N	\N	\N	f
192	\N	4	2	INV-002034	2026-07-09 20:40:10.975638	\N	\N	980.00	0.00	0.00	0.00	0	980.00	card	2026-07-09 20:40:10.975638	3	f	f	\N	\N	\N	percent	0.00	0.00	0.00	\N	\N	\N	f
184	\N	4	2	INV-002020	2026-07-09 20:28:12.143556	\N	\N	1020.00	0.00	180.00	0.00	0	1020.00	card	2026-07-09 20:28:12.143556	3	f	f	\N	\N	\N	percent	15.00	0.00	0.00	\N	\N	\N	f
174	\N	4	2	INV-002004	2026-07-09 20:08:00.142377	\N	\N	100.00	0.00	0.00	0.00	0	100.00	cash	2026-07-09 20:08:00.142377	3	f	f	\N	\N	\N	percent	0.00	0.00	0.00	\N	\N	\N	f
175	\N	4	2	INV-001994	2026-07-09 20:09:39.25204	\N	\N	480.00	0.00	0.00	0.00	0	480.00	cash	2026-07-09 20:09:39.25204	3	f	f	\N	\N	\N	percent	0.00	0.00	0.00	\N	\N	\N	f
199	\N	4	2	INV-002045	2026-07-09 20:55:32.556582	\N	\N	300.00	0.00	0.00	0.00	0	300.00	cash	2026-07-09 20:55:32.556582	3	f	f	\N	\N	\N	percent	0.00	0.00	0.00	\N	\N	\N	f
185	\N	4	2	INV-002021	2026-07-09 20:29:25.048262	\N	\N	350.00	0.00	0.00	0.00	0	350.00	card	2026-07-09 20:29:25.048262	3	f	f	\N	\N	\N	percent	0.00	0.00	0.00	\N	\N	\N	f
176	\N	4	2	INV-001934	2026-07-09 20:10:40.977598	\N	0	3674.00	0.00	1246.00	0.00	0	3674.00	bank	2026-07-09 20:10:40.977598	3	f	f	\N	\N	delivery	percent	0.00	0.00	0.00	\N	\N	\N	f
177	\N	4	2	INV-002007	2026-07-09 20:11:00.083131	\N	\N	110.00	0.00	0.00	0.00	0	110.00	cash	2026-07-09 20:11:00.083131	3	f	f	\N	\N	\N	percent	0.00	0.00	0.00	\N	\N	\N	f
305	\N	4	2	INV-002189	2026-07-10 00:53:43.821618	\N	\N	350.00	0.00	0.00	0.00	0	350.00	card	2026-07-10 00:53:43.821618	3	f	f	\N	\N	\N	percent	0.00	0.00	0.00	\N	\N	\N	f
193	\N	4	2	INV-002035	2026-07-09 20:42:01.121167	\N	\N	100.00	0.00	0.00	0.00	0	100.00	cash	2026-07-09 20:42:01.121167	3	f	f	\N	\N	\N	percent	0.00	0.00	0.00	\N	\N	\N	f
186	\N	4	2	INV-002023	2026-07-09 20:29:49.009374	\N	\N	290.00	0.00	190.00	0.00	0	290.00	cash	2026-07-09 20:29:49.009374	3	f	f	\N	\N	\N	percent	0.00	0.00	0.00	\N	\N	\N	f
178	\N	4	2	INV-002008	2026-07-09 20:11:47.513441	\N	\N	120.00	0.00	0.00	0.00	0	120.00	cash	2026-07-09 20:11:47.513441	3	f	f	\N	\N	\N	percent	0.00	0.00	0.00	\N	\N	\N	f
179	\N	4	2	INV-002009	2026-07-09 20:14:47.105939	\N	\N	2330.00	0.00	0.00	0.00	0	2330.00	card	2026-07-09 20:14:47.105939	3	f	f	\N	\N	\N	percent	0.00	0.00	0.00	\N	\N	\N	f
187	\N	4	2	INV-002026	2026-07-09 20:32:19.112763	\N	\N	1450.00	0.00	0.00	0.00	0	1450.00	cash	2026-07-09 20:32:19.112763	3	f	f	\N	\N	\N	percent	0.00	0.00	0.00	\N	\N	\N	f
180	\N	4	2	INV-002010	2026-07-09 20:20:03.847583	\N	\N	470.00	0.00	0.00	0.00	0	470.00	cash	2026-07-09 20:20:03.847583	3	f	f	\N	\N	\N	percent	0.00	0.00	0.00	\N	\N	\N	f
204	\N	4	2	INV-002053	2026-07-09 21:00:40.43768	\N	\N	300.00	0.00	0.00	0.00	0	300.00	cash	2026-07-09 21:00:40.43768	3	f	f	\N	\N	\N	percent	0.00	0.00	0.00	\N	\N	\N	f
194	\N	4	2	INV-002037	2026-07-09 20:42:36.049361	\N	\N	60.00	0.00	0.00	0.00	0	60.00	cash	2026-07-09 20:42:36.049361	3	f	f	\N	\N	\N	percent	0.00	0.00	0.00	\N	\N	\N	f
188	\N	4	2	INV-002028	2026-07-09 20:33:34.409589	\N	\N	2099.00	0.00	299.00	0.00	0	2099.00	card	2026-07-09 20:33:34.409589	3	f	f	\N	\N	\N	fixed	0.10	0.00	0.00	\N	\N	\N	f
200	\N	4	2	INV-002046	2026-07-09 20:56:58.624908	\N	\N	350.00	0.00	0.00	0.00	0	350.00	cash	2026-07-09 20:56:58.624908	3	f	f	\N	\N	\N	percent	0.00	0.00	0.00	\N	\N	\N	f
189	\N	4	2	INV-002030	2026-07-09 20:34:12.35866	\N	\N	400.00	0.00	230.00	0.00	0	400.00	cash	2026-07-09 20:34:12.35866	3	f	f	\N	\N	\N	percent	0.00	0.00	0.00	\N	\N	\N	f
195	\N	4	2	INV-002038	2026-07-09 20:44:07.253315	\N	\N	450.00	15.25	0.00	0.00	0	434.75	card	2026-07-09 20:44:07.253315	3	f	f	\N	\N	\N	percent	0.00	0.00	0.00	\N	\N	\N	f
190	\N	4	2	INV-002032	2026-07-09 20:35:14.371916	\N	\N	180.00	0.00	0.00	0.00	0	180.00	card	2026-07-09 20:35:14.371916	3	f	f	\N	\N	\N	percent	0.00	0.00	0.00	\N	\N	\N	f
210	\N	4	2	INV-002063	2026-07-09 21:11:19.622033	\N	\N	350.00	0.00	0.00	0.00	0	350.00	cash	2026-07-09 21:11:19.622033	3	f	f	\N	\N	\N	percent	0.00	0.00	0.00	\N	\N	\N	f
196	\N	4	2	INV-002039	2026-07-09 20:46:09.047627	\N	\N	2099.00	0.00	1201.00	0.00	0	2099.00	card	2026-07-09 20:46:09.047627	3	f	f	\N	\N	\N	percent	0.00	0.00	0.00	\N	\N	\N	f
201	\N	4	2	INV-002047	2026-07-09 20:58:12.497119	\N	\N	650.00	0.00	0.00	0.00	0	650.00	card	2026-07-09 20:58:12.497119	3	f	f	\N	\N	\N	percent	0.00	0.00	0.00	\N	\N	\N	f
197	\N	4	2	INV-002041	2026-07-09 20:49:17.425378	\N	\N	150.00	0.00	0.00	0.00	0	150.00	cash	2026-07-09 20:49:17.425378	3	f	f	\N	\N	\N	percent	0.00	0.00	0.00	\N	\N	\N	f
205	\N	4	2	INV-002056	2026-07-09 21:02:30.509542	\N	\N	1820.00	0.00	0.00	0.00	0	1820.00	cash	2026-07-09 21:02:30.509542	3	f	f	\N	\N	\N	percent	0.00	0.00	0.00	\N	\N	\N	f
208	\N	4	2	INV-002060	2026-07-09 21:09:30.058156	\N	\N	180.00	0.00	0.00	0.00	0	180.00	cash	2026-07-09 21:09:30.058156	3	f	f	\N	\N	\N	percent	0.00	0.00	0.00	\N	\N	\N	f
202	\N	4	2	INV-002049	2026-07-09 20:58:55.244861	\N	\N	560.00	0.00	0.00	0.00	0	560.00	cash	2026-07-09 20:58:55.244861	3	f	f	\N	\N	\N	percent	0.00	0.00	0.00	\N	\N	\N	f
203	\N	4	2	INV-002051	2026-07-09 20:59:55.981396	\N	\N	325.00	0.00	25.00	0.00	0	325.00	cash	2026-07-09 20:59:55.981396	3	f	f	\N	\N	\N	percent	0.00	0.00	0.00	\N	\N	\N	f
215	\N	4	2	INV-002071	2026-07-09 21:19:39.541414	\N	\N	1305.00	0.00	325.00	0.00	0	1305.00	card	2026-07-09 21:19:39.541414	3	f	f	\N	\N	\N	percent	0.00	0.00	0.00	\N	\N	\N	f
206	\N	4	2	INV-002057	2026-07-09 21:03:36.310201	\N	\N	690.00	0.00	280.00	0.00	0	690.00	card	2026-07-09 21:03:36.310201	3	f	f	\N	\N	\N	percent	0.00	0.00	0.00	\N	\N	\N	f
211	\N	4	2	INV-002064	2026-07-09 21:12:18.412532	\N	\N	150.00	0.00	0.00	0.00	0	150.00	cash	2026-07-09 21:12:18.412532	3	f	f	\N	\N	\N	percent	0.00	0.00	0.00	\N	\N	\N	f
209	\N	4	2	INV-002061	2026-07-09 21:10:36.233645	\N	\N	225.00	0.00	45.00	0.00	0	225.00	cash	2026-07-09 21:10:36.233645	3	f	f	\N	\N	\N	percent	0.00	0.00	0.00	\N	\N	\N	f
213	\N	4	2	INV-002069	2026-07-09 21:15:18.950358	\N	\N	110.00	0.00	0.00	0.00	0	110.00	cash	2026-07-09 21:15:18.950358	3	f	f	\N	\N	\N	percent	0.00	0.00	0.00	\N	\N	\N	f
214	\N	4	2	INV-002070	2026-07-09 21:18:13.755454	\N	\N	180.00	0.00	0.00	0.00	0	180.00	cash	2026-07-09 21:18:13.755454	3	f	f	\N	\N	\N	percent	0.00	0.00	0.00	\N	\N	\N	f
212	\N	4	2	INV-002066	2026-07-09 21:13:02.536054	\N	\N	1050.00	0.00	0.00	0.00	0	1050.00	card	2026-07-09 21:13:02.536054	3	f	f	\N	\N	\N	percent	0.00	0.00	0.00	\N	\N	\N	f
216	\N	4	2	INV-002072	2026-07-09 21:20:31.709699	\N	\N	660.00	0.00	0.00	0.00	0	660.00	card	2026-07-09 21:20:31.709699	3	f	f	\N	\N	\N	percent	0.00	0.00	0.00	\N	\N	\N	f
217	\N	4	2	INV-002074	2026-07-09 21:21:19.266773	\N	\N	700.00	0.00	0.00	0.00	0	700.00	card	2026-07-09 21:21:19.266773	3	f	f	\N	\N	\N	percent	0.00	0.00	0.00	\N	\N	\N	f
218	\N	4	2	INV-002075	2026-07-09 21:23:14.689751	\N	\N	180.00	0.00	0.00	0.00	0	180.00	card	2026-07-09 21:23:14.689751	3	f	f	\N	\N	\N	percent	0.00	0.00	0.00	\N	\N	\N	f
219	\N	4	2	INV-002076	2026-07-09 21:27:18.708466	\N	\N	434.00	0.00	77.00	0.00	0	434.00	card	2026-07-09 21:27:18.708466	3	f	f	\N	\N	\N	fixed	0.35	0.00	0.00	\N	\N	\N	f
220	\N	4	2	INV-002078	2026-07-09 21:27:57.332556	\N	\N	180.00	0.00	0.00	0.00	0	180.00	card	2026-07-09 21:27:57.332556	3	f	f	\N	\N	\N	percent	0.00	0.00	0.00	\N	\N	\N	f
221	\N	4	2	INV-002079	2026-07-09 21:32:44.857269	\N	\N	1100.00	0.00	0.00	0.00	0	1100.00	card	2026-07-09 21:32:44.857269	3	f	f	\N	\N	\N	percent	0.00	0.00	0.00	\N	\N	\N	f
222	\N	4	2	INV-002080	2026-07-09 21:33:43.659006	\N	\N	50.00	0.00	0.00	0.00	0	50.00	cash	2026-07-09 21:33:43.659006	3	f	f	\N	\N	\N	percent	0.00	0.00	0.00	\N	\N	\N	f
246	\N	4	2	INV-002107	2026-07-09 22:38:57.359337	\N	\N	1280.00	0.00	150.00	0.00	0	1280.00	cash	2026-07-09 22:38:57.359337	3	f	f	\N	\N	\N	percent	0.00	0.00	0.00	\N	\N	\N	f
237	\N	4	2	INV-002104	2026-07-09 22:19:05.082711	\N	\N	170.00	0.00	0.00	0.00	0	170.00	cash	2026-07-09 22:19:05.082711	3	f	f	\N	\N	\N	percent	0.00	0.00	0.00	\N	\N	\N	f
225	\N	4	2	INV-002086	2026-07-09 21:41:27.129186	\N	\N	15.00	0.00	0.00	0.00	0	15.00	card	2026-07-09 21:41:27.129186	3	f	f	\N	\N	\N	percent	0.00	0.00	0.00	\N	\N	\N	f
226	\N	4	2	INV-002088	2026-07-09 21:47:44.243408	\N	\N	370.00	0.00	0.00	0.00	0	370.00	cash	2026-07-09 21:47:44.243408	3	f	f	\N	\N	\N	percent	0.00	0.00	0.00	\N	\N	\N	f
238	\N	4	2	INV-002106	2026-07-09 22:20:49.858631	\N	\N	1250.00	0.00	0.00	0.00	0	1250.00	cash	2026-07-09 22:20:49.858631	3	f	f	\N	\N	\N	percent	0.00	0.00	0.00	\N	\N	\N	f
230	\N	4	2	INV-002044	2026-07-09 21:53:08.686051	\N	0	2249.00	0.00	1201.00	0.00	0	2249.00	cash	2026-07-09 21:53:08.686051	3	f	f	\N	\N	delivery	percent	0.00	0.00	0.00	\N	\N	\N	f
260	\N	4	2	INV-002134	2026-07-09 23:14:01.160434	\N	\N	810.00	0.00	49.00	0.00	0	810.00	cash	2026-07-09 23:14:01.160434	3	f	f	\N	\N	\N	fixed	4.00	0.00	0.00	\N	\N	\N	f
248	\N	4	2	INV-002122	2026-07-09 22:42:14.9503	\N	\N	200.00	0.00	0.00	0.00	0	200.00	cash	2026-07-09 22:42:14.9503	3	f	f	\N	\N	\N	percent	0.00	0.00	0.00	\N	\N	\N	f
302	\N	4	2	INV-002186	2026-07-10 00:42:24.039293	\N	\N	170.00	0.00	0.00	0.00	0	170.00	cash	2026-07-10 00:42:24.039293	3	f	f	\N	\N	\N	percent	0.00	0.00	0.00	\N	\N	\N	f
282	\N	4	2	INV-002163	2026-07-10 00:05:06.137018	\N	\N	170.00	25.93	0.00	0.00	0	144.07	cash	2026-07-10 00:05:06.137018	3	f	f	\N	\N	\N	percent	0.00	0.00	0.00	\N	\N	\N	f
2	\N	4	2	INV-001734	2026-07-08 16:15:57.592344	\N	\N	3300.00	0.00	0.00	0.00	0	3300.00	card	2026-07-08 16:15:57.592344	1	f	f	\N	\N	\N	percent	0.00	0.00	0.00	\N	\N	\N	f
32	\N	4	2	INV-001801	2026-07-09 11:53:05.482625	\N	\N	1419.24	0.00	298.76	0.00	0	1419.24	card	2026-07-09 11:53:05.482625	2	f	f	\N	\N	\N	percent	0.00	0.00	0.00	\N	\N	\N	f
3	\N	4	2	INV-001735	2026-07-08 16:21:28.429052	\N	\N	480.00	0.00	0.00	0.00	0	480.00	cash	2026-07-08 16:21:28.429052	1	f	f	\N	\N	\N	percent	0.00	0.00	0.00	\N	\N	\N	f
17	\N	4	2	INV-001786	2026-07-09 11:06:07.325697	\N	\N	1914.71	0.00	341.88	0.00	0	1914.71	card	2026-07-09 11:06:07.325697	2	f	f	\N	\N	\N	percent	0.00	0.00	0.00	\N	\N	\N	f
4	\N	4	2	INV-001752	2026-07-08 17:29:35.518235	\N	\N	26742.18	0.00	0.00	0.00	0	26742.18	cash	2026-07-08 17:29:35.518235	1	f	f	\N	\N	\N	percent	0.00	0.00	0.00	\N	\N	\N	f
5	\N	4	2	INV17835698112454	2026-07-09 09:03:31	Walk-in Customer	\N	470.00	0.00	0.00	0.00	\N	470.00	void	2026-07-09 09:03:31.221967	\N	f	f	\N	\N	\N	\N	0.00	0.00	0.00	2	\N	1	f
26	\N	4	2	INV-001795	2026-07-09 11:32:42.345047	\N	\N	230.00	0.00	0.00	0.00	0	230.00	cash	2026-07-09 11:32:42.345047	2	f	f	\N	\N	\N	percent	0.00	0.00	0.00	\N	\N	\N	f
6	\N	4	2	INV-001766	2026-07-09 09:10:57.716134	\N	\N	200.00	0.00	0.00	0.00	0	200.00	cash	2026-07-09 09:10:57.716134	2	f	f	\N	\N	\N	percent	0.00	0.00	0.00	\N	\N	\N	f
303	\N	4	2	INV-002187	2026-07-10 00:45:08.793836	\N	\N	360.00	0.00	0.00	0.00	0	360.00	card	2026-07-10 00:45:08.793836	3	f	f	\N	\N	\N	percent	0.00	0.00	0.00	\N	\N	\N	f
18	\N	4	2	INV-001787	2026-07-09 11:08:36.467392	\N	\N	960.00	0.00	0.00	0.00	0	960.00	card	2026-07-09 11:08:36.467392	2	f	f	\N	\N	\N	percent	0.00	0.00	0.00	\N	\N	\N	f
7	\N	4	2	INV-001769	2026-07-09 09:27:49.153727	\N	\N	540.00	0.00	0.00	0.00	0	540.00	cash	2026-07-09 09:27:49.153727	2	f	f	\N	\N	\N	percent	0.00	0.00	0.00	\N	\N	\N	f
8	\N	4	2	INV17835713615585	2026-07-09 09:29:21	Walk-in Customer	\N	470.00	0.00	0.00	0.00	\N	470.00	void	2026-07-09 09:29:21.774265	\N	f	f	\N	\N	\N	\N	0.00	0.00	0.00	2	\N	2	f
233	\N	4	2	INV-002097	2026-07-09 21:55:38.144379	\N	\N	135.00	0.00	15.00	0.00	0	135.00	card	2026-07-09 21:55:38.144379	3	f	f	\N	\N	\N	percent	0.00	0.00	0.00	\N	\N	\N	f
255	\N	4	2	INV-002129	2026-07-09 23:04:57.306923	\N	\N	790.00	7.63	0.00	0.00	0	782.37	cash	2026-07-09 23:04:57.306923	3	f	f	\N	\N	\N	percent	0.00	0.00	0.00	\N	\N	\N	f
234	\N	4	2	INV-002099	2026-07-09 22:01:43.7416	\N	\N	60.00	0.00	0.00	0.00	0	60.00	cash	2026-07-09 22:01:43.7416	3	f	f	\N	\N	\N	percent	0.00	0.00	0.00	\N	\N	\N	f
249	\N	4	2	INV-002123	2026-07-09 22:47:53.910511	\N	\N	413.40	0.00	158.60	0.00	0	413.40	cash	2026-07-09 22:47:53.910511	3	f	f	\N	\N	\N	percent	0.00	0.00	0.00	\N	\N	\N	f
242	\N	4	2	INV-002114	2026-07-09 22:35:02.926158	\N	\N	680.00	0.00	0.00	0.00	0	680.00	cash	2026-07-09 22:35:02.926158	3	f	f	\N	\N	\N	percent	0.00	0.00	0.00	\N	\N	\N	f
235	\N	4	2	INV-002101	2026-07-09 22:02:32.35997	\N	\N	200.00	0.00	0.00	0.00	0	200.00	card	2026-07-09 22:02:32.35997	3	f	f	\N	\N	\N	percent	0.00	0.00	0.00	\N	\N	\N	f
236	\N	4	2	INV-002103	2026-07-09 22:17:35.385249	\N	\N	895.00	0.00	126.00	0.00	0	895.00	cash	2026-07-09 22:17:35.385249	3	f	f	\N	\N	\N	fixed	0.95	0.00	0.00	\N	\N	\N	f
267	\N	4	2	INV-002143	2026-07-09 23:24:06.114116	\N	\N	630.00	0.00	0.00	0.00	0	630.00	cash	2026-07-09 23:24:06.114116	3	f	f	\N	\N	\N	percent	0.00	0.00	0.00	\N	\N	\N	f
250	\N	4	2	INV-002124	2026-07-09 22:53:22.505401	\N	\N	150.00	0.00	0.00	0.00	0	150.00	cash	2026-07-09 22:53:22.505401	3	f	f	\N	\N	\N	percent	0.00	0.00	0.00	\N	\N	\N	f
243	\N	4	2	INV-002115	2026-07-09 22:35:59.370844	\N	\N	10.00	0.00	0.00	0.00	0	10.00	cash	2026-07-09 22:35:59.370844	3	f	f	\N	\N	\N	percent	0.00	0.00	0.00	\N	\N	\N	f
244	\N	4	2	INV-002067	2026-07-09 22:37:40.275113	\N	\N	1550.00	0.00	0.00	0.00	0	1550.00	cash	2026-07-09 22:37:40.275113	3	f	f	\N	\N	\N	percent	0.00	0.00	0.00	\N	\N	\N	f
256	\N	4	2	INV-002130	2026-07-09 23:05:29.263316	\N	\N	110.00	0.00	0.00	0.00	0	110.00	cash	2026-07-09 23:05:29.263316	3	f	f	\N	\N	\N	percent	0.00	0.00	0.00	\N	\N	\N	f
251	\N	4	2	INV-002125	2026-07-09 22:54:49.05728	\N	\N	980.00	0.00	920.00	0.00	0	980.00	cash	2026-07-09 22:54:49.05728	3	f	f	\N	\N	\N	percent	0.00	0.00	0.00	\N	\N	\N	f
245	\N	4	2	INV-002015	2026-07-09 22:38:40.230465	\N	\N	3675.00	297.46	45.00	0.00	0	3377.54	cash	2026-07-09 22:38:40.230465	3	f	f	\N	\N	\N	percent	0.00	0.00	0.00	\N	\N	\N	f
261	\N	4	2	INV-002136	2026-07-09 23:14:37.132045	\N	\N	20.00	0.00	0.00	0.00	0	20.00	cash	2026-07-09 23:14:37.132045	3	f	f	\N	\N	\N	percent	0.00	0.00	0.00	\N	\N	\N	f
252	\N	4	2	INV-002126	2026-07-09 22:56:15.972442	\N	\N	175.00	0.00	0.00	0.00	0	175.00	card	2026-07-09 22:56:15.972442	3	f	f	\N	\N	\N	percent	0.00	0.00	0.00	\N	\N	\N	f
257	\N	4	2	INV-002131	2026-07-09 23:09:51.50278	\N	\N	5040.00	0.00	1934.00	0.00	0	5040.00	card	2026-07-09 23:09:51.50278	3	f	f	\N	\N	\N	fixed	0.30	0.00	0.00	\N	\N	\N	f
253	\N	4	2	INV-002127	2026-07-09 22:57:46.276582	\N	\N	130.00	0.00	0.00	0.00	0	130.00	cash	2026-07-09 22:57:46.276582	3	f	f	\N	\N	\N	percent	0.00	0.00	0.00	\N	\N	\N	f
265	\N	4	2	INV-002141	2026-07-09 23:23:21.428581	\N	\N	100.00	0.00	0.00	0.00	0	100.00	cash	2026-07-09 23:23:21.428581	3	f	f	\N	\N	\N	percent	0.00	0.00	0.00	\N	\N	\N	f
258	\N	4	2	INV-002132	2026-07-09 23:11:10.567141	\N	\N	380.00	0.00	0.00	0.00	0	380.00	cash	2026-07-09 23:11:10.567141	3	f	f	\N	\N	\N	percent	0.00	0.00	0.00	\N	\N	\N	f
262	\N	4	2	INV-002138	2026-07-09 23:15:21.66754	\N	\N	200.00	0.00	0.00	0.00	0	200.00	card	2026-07-09 23:15:21.66754	3	f	f	\N	\N	\N	percent	0.00	0.00	0.00	\N	\N	\N	f
259	\N	4	2	INV-002133	2026-07-09 23:12:18.640283	\N	\N	420.00	0.00	0.00	0.00	0	420.00	cash	2026-07-09 23:12:18.640283	3	f	f	\N	\N	\N	percent	0.00	0.00	0.00	\N	\N	\N	f
272	\N	4	2	INV-002150	2026-07-09 23:35:28.305161	\N	\N	3320.00	0.00	0.00	0.00	0	3320.00	cash	2026-07-09 23:35:28.305161	3	f	f	\N	\N	\N	percent	0.00	0.00	0.00	\N	\N	\N	f
263	\N	4	2	INV-002139	2026-07-09 23:19:10.65074	\N	\N	280.00	0.00	0.00	0.00	0	280.00	cash	2026-07-09 23:19:10.65074	3	f	f	\N	\N	\N	percent	0.00	0.00	0.00	\N	\N	\N	f
268	\N	4	2	INV-002144	2026-07-09 23:27:09.798514	\N	\N	419.79	0.00	0.00	0.00	0	419.79	card	2026-07-09 23:27:09.798514	3	f	f	\N	\N	\N	percent	0.00	0.00	0.00	\N	\N	\N	f
266	\N	4	2	INV-002142	2026-07-09 23:23:47.982145	\N	\N	120.00	0.00	0.00	0.00	0	120.00	cash	2026-07-09 23:23:47.982145	3	f	f	\N	\N	\N	percent	0.00	0.00	0.00	\N	\N	\N	f
271	\N	4	2	INV-002149	2026-07-09 23:33:41.874283	\N	\N	270.00	41.19	0.00	0.00	0	228.81	card	2026-07-09 23:33:41.874283	3	f	f	\N	\N	\N	percent	0.00	0.00	0.00	\N	\N	\N	f
270	\N	4	2	INV-002147	2026-07-09 23:28:18.939895	\N	\N	120.00	0.00	0.00	0.00	0	120.00	cash	2026-07-09 23:28:18.939895	3	f	f	\N	\N	\N	percent	0.00	0.00	0.00	\N	\N	\N	f
273	\N	4	2	INV-002151	2026-07-09 23:42:48.361289	\N	\N	3000.00	0.00	1670.00	0.00	0	3000.00	card	2026-07-09 23:42:48.361289	3	f	f	\N	\N	\N	percent	0.00	0.00	0.00	\N	\N	\N	f
269	\N	4	2	INV-002145	2026-07-09 23:27:56.767926	\N	\N	1400.00	0.00	0.00	0.00	0	1400.00	card	2026-07-09 23:27:56.767926	3	f	f	\N	\N	\N	percent	0.00	0.00	0.00	\N	\N	\N	f
274	\N	4	2	INV-002152	2026-07-09 23:46:08.080579	\N	\N	610.00	0.00	235.00	0.00	0	610.00	cash	2026-07-09 23:46:08.080579	3	f	f	\N	\N	\N	fixed	5.00	0.00	0.00	\N	\N	\N	f
275	\N	4	2	INV-002153	2026-07-09 23:48:48.465811	\N	\N	850.00	0.00	340.00	0.00	0	850.00	cash	2026-07-09 23:48:48.465811	3	f	f	\N	\N	\N	fixed	30.00	0.00	0.00	\N	\N	\N	f
276	\N	4	2	INV-002155	2026-07-09 23:55:30.167204	\N	\N	1380.00	0.00	560.00	0.00	0	1380.00	card	2026-07-09 23:55:30.167204	3	f	f	\N	\N	\N	percent	0.00	0.00	0.00	\N	\N	\N	f
277	\N	4	2	INV-002156	2026-07-09 23:56:33.97573	\N	\N	839.00	0.00	810.00	0.00	0	839.00	card	2026-07-09 23:56:33.97573	3	f	f	\N	\N	\N	percent	0.00	0.00	0.00	\N	\N	\N	f
278	\N	4	2	INV-002157	2026-07-09 23:58:47.759878	\N	\N	230.00	0.00	0.00	0.00	0	230.00	cash	2026-07-09 23:58:47.759878	3	f	f	\N	\N	\N	percent	0.00	0.00	0.00	\N	\N	\N	f
279	\N	4	2	INV-002158	2026-07-10 00:00:44.354332	\N	\N	320.00	0.00	62.00	0.00	0	320.00	cash	2026-07-10 00:00:44.354332	3	f	f	\N	\N	\N	fixed	13.70	0.00	0.00	\N	\N	\N	f
286	\N	4	2	INV-002169	2026-07-10 00:11:03.584742	\N	\N	160.00	0.00	0.00	0.00	0	160.00	cash	2026-07-10 00:11:03.584742	3	f	f	\N	\N	\N	percent	0.00	0.00	0.00	\N	\N	\N	f
287	\N	4	2	INV-002171	2026-07-10 00:12:53.12213	\N	\N	1360.65	0.00	28.35	0.00	0	1360.65	cash	2026-07-10 00:12:53.12213	3	f	f	\N	\N	\N	percent	0.00	0.00	0.00	\N	\N	\N	f
288	\N	4	2	INV-002172	2026-07-10 00:14:04.004307	\N	\N	750.00	0.00	150.00	0.00	0	750.00	card	2026-07-10 00:14:04.004307	3	f	f	\N	\N	\N	percent	0.00	0.00	0.00	\N	\N	\N	f
289	\N	4	2	INV-002173	2026-07-10 00:15:06.459811	\N	\N	200.00	0.00	0.00	0.00	0	200.00	cash	2026-07-10 00:15:06.459811	3	f	f	\N	\N	\N	percent	0.00	0.00	0.00	\N	\N	\N	f
290	\N	4	2	INV-002174	2026-07-10 00:16:13.067254	\N	\N	130.00	0.00	20.00	0.00	0	130.00	cash	2026-07-10 00:16:13.067254	3	f	f	\N	\N	\N	fixed	5.00	0.00	0.00	\N	\N	\N	f
291	\N	4	2	INV-002175	2026-07-10 00:17:09.824037	\N	\N	130.00	0.00	20.00	0.00	0	130.00	cash	2026-07-10 00:17:09.824037	3	f	f	\N	\N	\N	fixed	5.00	0.00	0.00	\N	\N	\N	f
292	\N	4	2	INV-002176	2026-07-10 00:18:14.871433	\N	\N	200.00	0.00	0.00	0.00	0	200.00	cash	2026-07-10 00:18:14.871433	3	f	f	\N	\N	\N	percent	0.00	0.00	0.00	\N	\N	\N	f
293	\N	4	2	INV-002177	2026-07-10 00:18:57.335675	\N	\N	450.00	0.00	300.00	0.00	0	450.00	cash	2026-07-10 00:18:57.335675	3	f	f	\N	\N	\N	percent	0.00	0.00	0.00	\N	\N	\N	f
37	\N	4	2	INV-001806	2026-07-09 12:36:18.710419	\N	\N	550.00	0.00	0.00	0.00	0	550.00	cash	2026-07-09 12:36:18.710419	2	f	f	\N	\N	\N	percent	0.00	0.00	0.00	\N	\N	\N	f
10	\N	4	2	INV-001776	2026-07-09 09:46:36.275816	\N	\N	930.00	0.00	0.00	0.00	0	930.00	cash	2026-07-09 09:46:36.275816	2	f	f	\N	\N	\N	percent	0.00	0.00	0.00	\N	\N	\N	f
19	\N	4	2	INV-001788	2026-07-09 11:14:20.244912	\N	\N	108.00	0.00	0.00	0.00	0	108.00	cash	2026-07-09 11:14:20.244912	2	f	f	\N	\N	\N	percent	0.00	0.00	0.00	\N	\N	\N	f
11	\N	4	2	INV-001777	2026-07-09 09:53:19.81621	\N	\N	180.00	0.00	0.00	0.00	0	180.00	cash	2026-07-09 09:53:19.81621	2	f	f	\N	\N	\N	percent	0.00	0.00	0.00	\N	\N	\N	f
27	\N	4	2	INV-001796	2026-07-09 11:43:07.546491	\N	\N	210.00	0.00	0.00	0.00	0	210.00	cash	2026-07-09 11:43:07.546491	2	f	f	\N	\N	\N	percent	0.00	0.00	0.00	\N	\N	\N	f
295	\N	4	2	INV-002179	2026-07-10 00:26:48.691666	\N	\N	60.00	0.00	0.00	0.00	0	60.00	cash	2026-07-10 00:26:48.691666	3	f	f	\N	\N	\N	percent	0.00	0.00	0.00	\N	\N	\N	f
283	\N	4	2	INV-002166	2026-07-10 00:08:09.411594	\N	\N	930.00	0.00	0.00	0.00	0	930.00	card	2026-07-10 00:08:09.411594	3	f	f	\N	\N	\N	percent	0.00	0.00	0.00	\N	\N	\N	f
12	\N	4	2	INV-001778	2026-07-09 10:16:16.996506	\N	\N	110.00	0.00	0.00	0.00	0	110.00	cash	2026-07-09 10:16:16.996506	2	f	f	\N	\N	\N	percent	0.00	0.00	0.00	\N	\N	\N	f
20	\N	4	2	INV-001789	2026-07-09 11:15:25.146741	\N	\N	799.92	0.00	311.08	0.00	0	799.92	cash	2026-07-09 11:15:25.146741	2	f	f	\N	\N	\N	percent	0.00	0.00	0.00	\N	\N	\N	f
13	\N	4	2	INV-001779	2026-07-09 10:26:58.346379	\N	\N	220.00	0.00	0.00	0.00	0	220.00	cash	2026-07-09 10:26:58.346379	2	f	f	\N	\N	\N	percent	0.00	0.00	0.00	\N	\N	\N	f
33	\N	4	2	INV-001802	2026-07-09 11:53:56.201841	\N	\N	50.00	0.00	0.00	0.00	0	50.00	cash	2026-07-09 11:53:56.201841	2	f	f	\N	\N	\N	percent	0.00	0.00	0.00	\N	\N	\N	f
14	\N	4	2	INV-001781	2026-07-09 10:31:13.680966	\N	\N	550.00	0.00	0.00	0.00	0	550.00	cash	2026-07-09 10:31:13.680966	2	f	f	\N	\N	\N	percent	0.00	0.00	0.00	\N	\N	\N	f
21	\N	4	2	INV-001790	2026-07-09 11:17:42.703881	\N	\N	1033.44	0.00	98.56	0.00	0	1033.44	cash	2026-07-09 11:17:42.703881	2	f	f	\N	\N	\N	percent	0.00	0.00	0.00	\N	\N	\N	f
15	\N	4	2	INV-001783	2026-07-09 10:49:21.803584	\N	\N	250.00	0.00	0.00	0.00	0	250.00	card	2026-07-09 10:49:21.803584	2	f	f	\N	\N	\N	percent	0.00	0.00	0.00	\N	\N	\N	f
28	\N	4	2	INV-001797	2026-07-09 11:47:21.0486	\N	\N	1150.00	0.00	0.00	0.00	0	1150.00	card	2026-07-09 11:47:21.0486	2	f	f	\N	\N	\N	percent	0.00	0.00	0.00	\N	\N	\N	f
22	\N	4	2	INV-001791	2026-07-09 11:18:31.650279	\N	\N	350.00	0.00	0.00	0.00	0	350.00	cash	2026-07-09 11:18:31.650279	2	f	f	\N	\N	\N	percent	0.00	0.00	0.00	\N	\N	\N	f
46	\N	4	2	INV-001815	2026-07-09 13:13:47.8748	\N	\N	150.00	0.00	0.00	0.00	0	150.00	card	2026-07-09 13:13:47.8748	2	f	f	\N	\N	\N	percent	0.00	0.00	0.00	\N	\N	\N	f
41	\N	4	2	INV-001810	2026-07-09 12:56:08.747574	\N	\N	4244.24	0.00	1222.76	0.00	0	4244.24	cash	2026-07-09 12:56:08.747574	2	f	f	\N	\N	\N	percent	0.00	0.00	0.00	\N	\N	\N	f
23	\N	4	2	INV-001792	2026-07-09 11:22:49.395554	\N	\N	2146.16	0.00	70.84	0.00	0	2146.16	card	2026-07-09 11:22:49.395554	2	f	f	\N	\N	\N	percent	0.00	0.00	0.00	\N	\N	\N	f
29	\N	4	2	INV-001798	2026-07-09 11:48:56.724111	\N	\N	950.00	0.00	0.00	0.00	0	950.00	card	2026-07-09 11:48:56.724111	2	f	f	\N	\N	\N	percent	0.00	0.00	0.00	\N	\N	\N	f
24	\N	4	2	INV-001793	2026-07-09 11:27:15.553814	\N	\N	360.00	0.00	0.00	0.00	0	360.00	cash	2026-07-09 11:27:15.553814	2	f	f	\N	\N	\N	percent	0.00	0.00	0.00	\N	\N	\N	f
34	\N	4	2	INV-001803	2026-07-09 11:59:15.916892	\N	\N	510.00	0.00	0.00	0.00	0	510.00	bank	2026-07-09 11:59:15.916892	2	f	f	\N	\N	\N	percent	0.00	0.00	0.00	\N	\N	\N	f
38	\N	4	2	INV-001807	2026-07-09 12:39:58.839142	\N	\N	529.62	0.00	149.38	0.00	0	529.62	cash	2026-07-09 12:39:58.839142	2	f	f	\N	\N	\N	percent	0.00	0.00	0.00	\N	\N	\N	f
30	\N	4	2	INV-001799	2026-07-09 11:50:02.381884	\N	\N	225.00	0.00	25.00	0.00	0	225.00	cash	2026-07-09 11:50:02.381884	2	f	f	\N	\N	\N	percent	0.00	0.00	0.00	\N	\N	\N	f
284	\N	4	2	INV-002167	2026-07-10 00:08:54.66367	\N	\N	350.00	0.00	0.00	0.00	0	350.00	card	2026-07-10 00:08:54.66367	3	f	f	\N	\N	\N	percent	0.00	0.00	0.00	\N	\N	\N	f
296	\N	4	2	INV-002180	2026-07-10 00:28:39.165451	\N	\N	200.00	0.00	0.00	0.00	0	200.00	cash	2026-07-10 00:28:39.165451	3	f	f	\N	\N	\N	percent	0.00	0.00	0.00	\N	\N	\N	f
285	\N	4	2	INV-002168	2026-07-10 00:09:32.24865	\N	\N	810.00	0.00	600.00	0.00	0	810.00	cash	2026-07-10 00:09:32.24865	3	f	f	\N	\N	\N	percent	0.00	0.00	0.00	\N	\N	\N	f
35	\N	4	2	INV-001804	2026-07-09 12:06:36.607701	\N	\N	2956.46	0.00	249.48	0.00	0	2956.46	cash	2026-07-09 12:06:36.607701	2	f	f	\N	\N	\N	percent	0.00	0.00	0.00	\N	\N	\N	f
31	\N	4	2	INV-001800	2026-07-09 11:50:35.859646	\N	\N	225.00	0.00	25.00	0.00	0	225.00	cash	2026-07-09 11:50:35.859646	2	f	f	\N	\N	\N	percent	0.00	0.00	0.00	\N	\N	\N	f
44	\N	4	2	INV-001813	2026-07-09 13:07:07.790345	\N	\N	200.00	0.00	0.00	0.00	0	200.00	card	2026-07-09 13:07:07.790345	2	f	f	\N	\N	\N	percent	0.00	0.00	0.00	\N	\N	\N	f
39	\N	4	2	INV-001808	2026-07-09 12:42:08.970109	\N	\N	600.00	0.00	0.00	0.00	0	600.00	cash	2026-07-09 12:42:08.970109	2	f	f	\N	\N	\N	percent	0.00	0.00	0.00	\N	\N	\N	f
36	\N	4	2	INV-001805	2026-07-09 12:07:16.217969	\N	\N	400.00	0.00	0.00	0.00	0	400.00	card	2026-07-09 12:07:16.217969	2	f	f	\N	\N	\N	percent	0.00	0.00	0.00	\N	\N	\N	f
42	\N	4	2	INV-001811	2026-07-09 13:01:49.246498	\N	\N	1120.00	0.00	0.00	0.00	0	1120.00	cash	2026-07-09 13:01:49.246498	2	f	f	\N	\N	\N	percent	0.00	0.00	0.00	\N	\N	\N	f
40	\N	4	2	INV-001809	2026-07-09 12:53:10.210164	\N	\N	180.00	0.00	0.00	0.00	0	180.00	cash	2026-07-09 12:53:10.210164	2	f	f	\N	\N	\N	percent	0.00	0.00	0.00	\N	\N	\N	f
49	\N	4	2	INV-001819	2026-07-09 13:32:51.779185	\N	\N	2885.00	0.00	25.00	0.00	0	2885.00	card	2026-07-09 13:32:51.779185	2	f	f	\N	\N	\N	percent	0.00	0.00	0.00	\N	\N	\N	f
45	\N	4	2	INV-001814	2026-07-09 13:09:11.48457	\N	\N	261.00	0.00	0.00	0.00	0	261.00	cash	2026-07-09 13:09:11.48457	2	f	f	\N	\N	\N	percent	0.00	0.00	0.00	\N	\N	\N	f
43	\N	4	2	INV-001812	2026-07-09 13:05:17.836185	\N	\N	522.24	0.00	144.76	0.00	0	522.24	cash	2026-07-09 13:05:17.836185	2	f	f	\N	\N	\N	percent	0.00	0.00	0.00	\N	\N	\N	f
48	\N	4	2	INV-001818	2026-07-09 13:21:21.951118	\N	\N	400.00	0.00	0.00	0.00	0	400.00	cash	2026-07-09 13:21:21.951118	2	f	f	\N	\N	\N	percent	0.00	0.00	0.00	\N	\N	\N	f
47	\N	4	2	INV-001816	2026-07-09 13:15:25.539608	\N	\N	690.00	0.00	0.00	0.00	0	690.00	card	2026-07-09 13:15:25.539608	2	f	f	\N	\N	\N	percent	0.00	0.00	0.00	\N	\N	\N	f
50	\N	4	2	INV-001820	2026-07-09 13:34:06.991915	\N	\N	799.00	121.88	0.00	0.00	0	677.12	cash	2026-07-09 13:34:06.991915	2	f	f	\N	\N	\N	percent	0.00	0.00	0.00	\N	\N	\N	f
51	\N	4	2	INV-001817	2026-07-09 13:36:00.320207	\N	0	540.00	0.00	0.00	0.00	0	540.00	cash	2026-07-09 13:36:00.320207	2	f	f	\N	\N	delivery	percent	0.00	0.00	0.00	\N	\N	\N	f
52	\N	4	2	INV-001822	2026-07-09 13:45:57.11001	\N	\N	610.00	0.00	0.00	0.00	0	610.00	card	2026-07-09 13:45:57.11001	2	f	f	\N	\N	\N	percent	0.00	0.00	0.00	\N	\N	\N	f
53	\N	4	2	INV-001824	2026-07-09 13:49:26.839141	\N	\N	100.00	0.00	0.00	0.00	0	100.00	cash	2026-07-09 13:49:26.839141	2	f	f	\N	\N	\N	percent	0.00	0.00	0.00	\N	\N	\N	f
54	\N	4	2	INV-001825	2026-07-09 13:50:04.330643	\N	\N	370.00	0.00	0.00	0.00	0	370.00	cash	2026-07-09 13:50:04.330643	2	f	f	\N	\N	\N	percent	0.00	0.00	0.00	\N	\N	\N	f
55	\N	4	2	INV-001826	2026-07-09 13:54:09.141491	\N	\N	140.00	0.00	0.00	0.00	0	140.00	cash	2026-07-09 13:54:09.141491	2	f	f	\N	\N	\N	percent	0.00	0.00	0.00	\N	\N	\N	f
70	\N	4	2	INV-001847	2026-07-09 15:32:34.09446	\N	6	1035.00	0.00	295.00	0.00	0	1035.00	cash	2026-07-09 15:32:34.09446	2	f	f	\N	\N	delivery	percent	0.00	0.00	0.00	\N	\N	\N	f
58	\N	4	2	INV-001830	2026-07-09 14:10:59.846513	\N	\N	520.00	0.00	0.00	0.00	0	520.00	cash	2026-07-09 14:10:59.846513	2	f	f	\N	\N	\N	percent	0.00	0.00	0.00	\N	\N	\N	f
80	\N	4	2	INV-001855	2026-07-09 16:09:49.922904	\N	0	2149.00	0.00	1201.00	0.00	0	2149.00	cash	2026-07-09 16:09:49.922904	2	f	f	\N	\N	delivery	percent	0.00	0.00	0.00	\N	\N	\N	f
59	\N	4	2	INV-001832	2026-07-09 14:17:01.745741	\N	\N	338.52	0.00	95.48	0.00	0	338.52	card	2026-07-09 14:17:01.745741	2	f	f	\N	\N	\N	percent	0.00	0.00	0.00	\N	\N	\N	f
71	\N	4	2	INV-001850	2026-07-09 15:36:44.280879	\N	\N	310.00	0.00	0.00	0.00	0	310.00	card	2026-07-09 15:36:44.280879	2	f	f	\N	\N	\N	percent	0.00	0.00	0.00	\N	\N	\N	f
60	\N	4	2	INV-001833	2026-07-09 14:17:57.451533	\N	\N	260.00	0.00	0.00	0.00	0	260.00	cash	2026-07-09 14:17:57.451533	2	f	f	\N	\N	\N	percent	0.00	0.00	0.00	\N	\N	\N	f
91	\N	4	2	INV-001881	2026-07-09 16:39:19.25059	\N	\N	200.00	0.00	0.00	0.00	0	200.00	cash	2026-07-09 16:39:19.25059	3	f	f	\N	\N	\N	percent	0.00	0.00	0.00	\N	\N	\N	f
61	\N	4	2	INV-001834	2026-07-09 14:21:43.762139	\N	\N	300.00	0.00	0.00	0.00	0	300.00	card	2026-07-09 14:21:43.762139	2	f	f	\N	\N	\N	percent	0.00	0.00	0.00	\N	\N	\N	f
299	\N	4	2	INV-002183	2026-07-10 00:35:17.821379	\N	\N	10.00	0.00	0.00	0.00	0	10.00	cash	2026-07-10 00:35:17.821379	3	f	f	\N	\N	\N	percent	0.00	0.00	0.00	\N	\N	\N	f
62	\N	4	2	INV-001835	2026-07-09 14:24:19.372887	\N	\N	2201.50	0.00	118.50	0.00	0	2201.50	card	2026-07-09 14:24:19.372887	2	f	f	\N	\N	\N	percent	0.00	0.00	0.00	\N	\N	\N	f
81	\N	4	2	INV-001863	2026-07-09 16:11:40.947665	\N	\N	1000.00	0.00	10.00	0.00	0	1000.00	cash	2026-07-09 16:11:40.947665	3	f	f	\N	\N	\N	fixed	10.00	0.00	0.00	\N	\N	\N	f
63	\N	4	2	INV-001836	2026-07-09 14:28:12.874679	\N	\N	290.00	0.00	0.00	0.00	0	290.00	cash	2026-07-09 14:28:12.874679	2	f	f	\N	\N	\N	percent	0.00	0.00	0.00	\N	\N	\N	f
73	\N	4	2	INV-001852	2026-07-09 15:49:00.724626	\N	\N	100.00	0.00	0.00	0.00	0	100.00	cash	2026-07-09 15:49:00.724626	2	f	f	\N	\N	\N	percent	0.00	0.00	0.00	\N	\N	\N	f
64	\N	4	2	INV-001837	2026-07-09 14:30:10.076654	\N	\N	260.00	0.00	0.00	0.00	0	260.00	card	2026-07-09 14:30:10.076654	2	f	f	\N	\N	\N	percent	0.00	0.00	0.00	\N	\N	\N	f
87	\N	4	2	INV-001868	2026-07-09 16:33:20.39048	\N	0	924.00	0.00	280.00	0.00	0	924.00	cash	2026-07-09 16:33:20.39048	3	f	f	\N	\N	delivery	percent	0.00	0.00	0.00	\N	\N	\N	f
65	\N	4	2	INV-001829	2026-07-09 14:31:38.779056	\N	0	1230.00	0.00	310.00	0.00	0	1230.00	bank	2026-07-09 14:31:38.779056	2	f	f	\N	\N	delivery	percent	0.00	0.00	0.00	\N	\N	\N	f
74	\N	4	2	INV-001853	2026-07-09 15:54:52.313751	\N	\N	1770.00	118.98	190.00	0.00	0	1651.02	cash	2026-07-09 15:54:52.313751	2	f	f	\N	\N	\N	percent	0.00	0.00	0.00	\N	\N	\N	f
66	\N	4	2	INV-001839	2026-07-09 14:33:20.444125	\N	\N	503.84	0.00	99.17	0.00	0	503.84	cash	2026-07-09 14:33:20.444125	2	f	f	\N	\N	\N	percent	0.00	0.00	0.00	\N	\N	\N	f
82	\N	4	2	INV-001867	2026-07-09 16:14:47.250452	\N	\N	2233.95	0.00	937.05	0.00	0	2233.95	card	2026-07-09 16:14:47.250452	3	f	f	\N	\N	\N	percent	0.00	0.00	0.00	\N	\N	\N	f
67	\N	4	2	INV-001840	2026-07-09 14:37:46.771016	\N	\N	4640.00	0.00	920.00	0.00	0	4640.00	card	2026-07-09 14:37:46.771016	2	f	f	\N	\N	\N	percent	0.00	0.00	0.00	\N	\N	\N	f
75	\N	4	2	INV-001854	2026-07-09 15:55:42.789359	\N	\N	360.00	0.00	0.00	0.00	0	360.00	cash	2026-07-09 15:55:42.789359	2	f	f	\N	\N	\N	percent	0.00	0.00	0.00	\N	\N	\N	f
68	\N	4	2	INV-001841	2026-07-09 14:38:55.265845	\N	\N	382.05	0.00	40.95	0.00	0	382.05	card	2026-07-09 14:38:55.265845	2	f	f	\N	\N	\N	percent	0.00	0.00	0.00	\N	\N	\N	f
95	\N	4	2	INV-001886	2026-07-09 16:47:05.45909	\N	\N	120.00	0.00	0.00	0.00	0	120.00	card	2026-07-09 16:47:05.45909	3	f	f	\N	\N	\N	percent	0.00	0.00	0.00	\N	\N	\N	f
69	\N	4	2	INV-001845	2026-07-09 15:01:53.456097	\N	5	2179.00	0.00	1290.00	0.00	0	2179.00	cash	2026-07-09 15:01:53.456097	2	f	f	\N	\N	delivery	percent	0.00	0.00	0.00	\N	\N	\N	f
76	\N	4	2	INV-001856	2026-07-09 16:00:56.302049	\N	\N	985.75	0.00	89.25	0.00	0	985.75	card	2026-07-09 16:00:56.302049	2	f	f	\N	\N	\N	percent	0.00	0.00	0.00	\N	\N	\N	f
83	\N	4	2	INV-001872	2026-07-09 16:27:48.64118	\N	\N	930.00	0.00	0.00	0.00	0	930.00	cash	2026-07-09 16:27:48.64118	3	f	f	\N	\N	\N	percent	0.00	0.00	0.00	\N	\N	\N	f
313	\N	4	2	INV-002148	2026-07-10 01:21:20.699556	\N	\N	3699.00	0.00	1951.00	0.00	0	3699.00	cash	2026-07-10 01:21:20.699556	3	f	f	\N	\N	\N	percent	0.00	0.00	0.00	\N	\N	\N	f
321	\N	4	2	INV-002209	2026-07-10 01:50:16.597103	\N	\N	1679.00	0.00	280.00	0.00	0	1679.00	card	2026-07-10 01:50:16.597103	3	f	f	\N	\N	\N	percent	0.00	0.00	0.00	\N	\N	\N	f
9	\N	4	2	INV17835713858468	2026-07-09 09:29:45	Walk-in Customer	\N	1400.00	0.00	0.00	0.00	\N	1400.00	void	2026-07-09 09:29:45.033766	\N	f	f	\N	\N	\N	\N	0.00	0.00	0.00	2	\N	3	f
227	\N	4	2	INV-002089	2026-07-09 21:49:41.736755	\N	\N	150.00	0.00	0.00	0.00	0	150.00	cash	2026-07-09 21:49:41.736755	3	f	f	\N	\N	\N	percent	0.00	0.00	0.00	\N	\N	\N	f
254	\N	4	2	INV-002128	2026-07-09 23:01:51.765813	\N	\N	1200.00	152.54	390.00	0.00	0	1047.46	card	2026-07-09 23:01:51.765813	3	f	f	\N	\N	\N	percent	0.00	0.00	0.00	\N	\N	\N	f
228	\N	4	2	INV-002011	2026-07-09 21:52:07.18329	\N	0	1150.00	152.54	390.00	0.00	0	997.46	cash	2026-07-09 21:52:07.18329	3	f	f	\N	\N	delivery	percent	0.00	0.00	0.00	\N	\N	\N	f
247	\N	4	2	INV-002120	2026-07-09 22:41:05.224492	\N	\N	580.00	0.00	0.00	0.00	0	580.00	cash	2026-07-09 22:41:05.224492	3	f	f	\N	\N	\N	percent	0.00	0.00	0.00	\N	\N	\N	f
229	\N	4	2	INV-002043	2026-07-09 21:52:32.28961	\N	0	1268.60	0.00	197.40	0.00	0	1268.60	cash	2026-07-09 21:52:32.28961	3	f	f	\N	\N	delivery	percent	0.00	0.00	0.00	\N	\N	\N	f
413	\N	4	2	INV-002311	2026-07-10 12:41:59.61976	\N	\N	1100.00	0.00	0.00	0.00	0	1100.00	card	2026-07-10 12:41:59.61976	5	f	f	\N	\N	\N	percent	0.00	0.00	0.00	\N	\N	\N	f
524	\N	4	2	INV-002448	2026-07-10 17:29:01.893587	\N	\N	1000.00	0.00	550.00	0.00	0	1000.00	cash	2026-07-10 17:29:01.893587	6	f	f	\N	\N	\N	percent	0.00	0.00	0.00	\N	\N	\N	f
419	\N	4	2	INV-002317	2026-07-10 13:53:25.942122	\N	\N	1110.00	0.00	0.00	0.00	0	1110.00	card	2026-07-10 13:53:25.942122	5	f	f	\N	\N	\N	percent	0.00	0.00	0.00	\N	\N	\N	f
564	\N	4	2	INV-002506	2026-07-10 18:35:47.738741	\N	\N	250.00	0.00	0.00	0.00	0	250.00	cash	2026-07-10 18:35:47.738741	5	f	f	\N	\N	\N	percent	0.00	0.00	0.00	\N	\N	\N	f
375	\N	4	2	INV-002266	2026-07-10 09:12:38.04977	\N	\N	160.00	0.00	0.00	0.00	0	160.00	cash	2026-07-10 09:12:38.04977	5	f	f	\N	\N	\N	percent	0.00	0.00	0.00	\N	\N	\N	f
529	\N	4	2	INV-002451	2026-07-10 17:39:35.622196	\N	\N	480.00	0.00	0.00	0.00	0	480.00	card	2026-07-10 17:39:35.622196	6	f	f	\N	\N	\N	percent	0.00	0.00	0.00	\N	\N	\N	f
544	\N	4	2	INV-002472	2026-07-10 18:00:39.117533	\N	\N	480.00	0.00	0.00	0.00	0	480.00	card	2026-07-10 18:00:39.117533	6	f	f	\N	\N	\N	percent	0.00	0.00	0.00	\N	\N	\N	f
382	\N	4	2	INV-002275	2026-07-10 10:43:16.469732	\N	\N	160.00	0.00	0.00	0.00	0	160.00	card	2026-07-10 10:43:16.469732	5	f	f	\N	\N	\N	percent	0.00	0.00	0.00	\N	\N	\N	f
425	\N	4	2	INV-002323	2026-07-10 14:05:28.857526	\N	\N	500.00	0.00	460.00	0.00	0	500.00	cash	2026-07-10 14:05:28.857526	5	f	f	\N	\N	\N	percent	0.00	0.00	0.00	\N	\N	\N	f
389	\N	4	2	INV-002284	2026-07-10 11:17:02.556308	\N	\N	230.00	0.00	0.00	0.00	0	230.00	card	2026-07-10 11:17:02.556308	5	f	f	\N	\N	\N	percent	0.00	0.00	0.00	\N	\N	\N	f
473	\N	4	2	INV-002372	2026-07-10 15:40:00.188631	\N	\N	180.00	0.00	0.00	0.00	0	180.00	cash	2026-07-10 15:40:00.188631	5	f	f	\N	\N	\N	percent	0.00	0.00	0.00	\N	\N	\N	f
396	\N	4	2	INV-002291	2026-07-10 11:40:18.965495	\N	\N	110.00	0.00	0.00	0.00	0	110.00	cash	2026-07-10 11:40:18.965495	5	f	f	\N	\N	\N	percent	0.00	0.00	0.00	\N	\N	\N	f
431	\N	4	2	INV-002329	2026-07-10 14:14:55.81248	\N	\N	150.00	0.00	0.00	0.00	0	150.00	cash	2026-07-10 14:14:55.81248	5	f	f	\N	\N	\N	percent	0.00	0.00	0.00	\N	\N	\N	f
403	\N	4	2	INV-002300	2026-07-10 12:08:37.57181	\N	\N	390.00	0.00	0.00	0.00	0	390.00	cash	2026-07-10 12:08:37.57181	5	f	f	\N	\N	\N	percent	0.00	0.00	0.00	\N	\N	\N	f
509	\N	4	2	INV-002427	2026-07-10 16:56:19.327242	\N	\N	1017.60	0.00	390.40	0.00	0	1017.60	cash	2026-07-10 16:56:19.327242	6	f	f	\N	\N	\N	percent	0.00	0.00	0.00	\N	\N	\N	f
437	\N	4	2	INV-002335	2026-07-10 14:23:33.317921	\N	\N	100.00	0.00	0.00	0.00	0	100.00	card	2026-07-10 14:23:33.317921	5	f	f	\N	\N	\N	percent	0.00	0.00	0.00	\N	\N	\N	f
479	\N	4	2	INV-002378	2026-07-10 15:52:12.398059	\N	\N	350.00	0.00	0.00	0.00	0	350.00	cash	2026-07-10 15:52:12.398059	5	f	f	\N	\N	\N	percent	0.00	0.00	0.00	\N	\N	\N	f
443	\N	4	2	INV-002341	2026-07-10 14:29:12.479614	\N	\N	440.00	0.00	0.00	0.00	0	440.00	cash	2026-07-10 14:29:12.479614	5	f	f	\N	\N	\N	percent	0.00	0.00	0.00	\N	\N	\N	f
534	\N	4	2	INV-002462	2026-07-10 17:45:14.120288	\N	\N	250.00	0.00	0.00	0.00	0	250.00	cash	2026-07-10 17:45:14.120288	6	f	f	\N	\N	\N	percent	0.00	0.00	0.00	\N	\N	\N	f
449	\N	4	2	INV-002347	2026-07-10 14:43:56.507568	\N	\N	500.00	0.00	150.00	0.00	0	500.00	cash	2026-07-10 14:43:56.507568	5	f	f	\N	\N	\N	percent	0.00	0.00	0.00	\N	\N	\N	f
485	\N	4	2	INV-002365	2026-07-10 16:01:25.822134	\N	0	650.95	0.00	106.05	0.00	0	650.95	cash	2026-07-10 16:01:25.822134	5	f	f	\N	\N	delivery	percent	0.00	0.00	0.00	\N	\N	\N	f
455	\N	4	2	INV-002353	2026-07-10 14:54:33.454651	\N	\N	580.00	0.00	380.00	0.00	0	580.00	cash	2026-07-10 14:54:33.454651	5	f	f	\N	\N	\N	percent	0.00	0.00	0.00	\N	\N	\N	f
515	\N	4	2	INV-002436	2026-07-10 17:08:05.183124	\N	\N	300.00	0.00	0.00	0.00	0	300.00	card	2026-07-10 17:08:05.183124	6	f	f	\N	\N	\N	percent	0.00	0.00	0.00	\N	\N	\N	f
360	\N	4	2	INV-002248	2026-07-10 02:20:34.020654	\N	\N	300.00	0.00	0.00	0.00	0	300.00	cash	2026-07-10 02:20:34.020654	3	f	f	\N	\N	\N	percent	0.00	0.00	0.00	\N	\N	\N	f
461	\N	4	2	INV-002359	2026-07-10 15:06:52.681725	\N	\N	420.00	0.00	230.00	0.00	0	420.00	card	2026-07-10 15:06:52.681725	5	f	f	\N	\N	\N	percent	0.00	0.00	0.00	\N	\N	\N	f
491	\N	4	2	INV-002391	2026-07-10 16:19:47.752911	\N	\N	698.80	12.20	109.20	0.00	0	686.60	card	2026-07-10 16:19:47.752911	5	f	f	\N	\N	\N	percent	0.00	0.00	0.00	\N	\N	\N	f
467	\N	4	2	INV-002366	2026-07-10 15:23:51.394772	\N	\N	350.00	0.00	0.00	0.00	0	350.00	cash	2026-07-10 15:23:51.394772	5	f	f	\N	\N	\N	percent	0.00	0.00	0.00	\N	\N	\N	f
314	\N	4	2	INV-002200	2026-07-10 01:27:28.769728	\N	\N	110.00	0.00	0.00	0.00	0	110.00	cash	2026-07-10 01:27:28.769728	3	f	f	\N	\N	\N	percent	0.00	0.00	0.00	\N	\N	\N	f
361	\N	4	2	INV-002249	2026-07-10 02:20:54.609262	\N	\N	153.00	0.00	0.00	0.00	0	153.00	cash	2026-07-10 02:20:54.609262	3	f	f	\N	\N	\N	percent	0.00	0.00	0.00	\N	\N	\N	f
497	\N	4	2	INV-002405	2026-07-10 16:29:33.756558	\N	\N	396.00	0.00	74.00	0.00	0	396.00	cash	2026-07-10 16:29:33.756558	6	f	f	\N	\N	\N	percent	0.00	0.00	0.00	\N	\N	\N	f
368	\N	4	2	INV-002256	2026-07-10 02:29:28.362661	\N	\N	1450.00	0.00	0.00	0.00	0	1450.00	cash	2026-07-10 02:29:28.362661	3	f	f	\N	\N	\N	percent	0.00	0.00	0.00	\N	\N	\N	f
322	\N	4	2	INV-002210	2026-07-10 01:53:17.797754	\N	\N	570.00	0.00	0.00	0.00	0	570.00	card	2026-07-10 01:53:17.797754	3	f	f	\N	\N	\N	percent	0.00	0.00	0.00	\N	\N	\N	f
503	\N	4	2	INV-002416	2026-07-10 16:39:50.237731	\N	\N	557.75	0.00	237.25	0.00	0	557.75	cash	2026-07-10 16:39:50.237731	6	f	f	\N	\N	\N	percent	0.00	0.00	0.00	\N	\N	\N	f
329	\N	4	2	INV-002217	2026-07-10 02:03:13.470573	\N	\N	478.00	0.00	210.00	0.00	0	478.00	card	2026-07-10 02:03:13.470573	3	f	f	\N	\N	\N	percent	0.00	0.00	0.00	\N	\N	\N	f
336	\N	4	2	INV-002224	2026-07-10 02:08:16.160105	\N	\N	108.00	0.00	0.00	0.00	0	108.00	cash	2026-07-10 02:08:16.160105	3	f	f	\N	\N	\N	percent	0.00	0.00	0.00	\N	\N	\N	f
343	\N	4	2	INV-002231	2026-07-10 02:11:55.418984	\N	\N	640.00	0.00	0.00	0.00	0	640.00	card	2026-07-10 02:11:55.418984	3	f	f	\N	\N	\N	percent	0.00	0.00	0.00	\N	\N	\N	f
350	\N	4	2	INV-002238	2026-07-10 02:14:30.52309	\N	\N	640.00	0.00	0.00	0.00	0	640.00	cash	2026-07-10 02:14:30.52309	3	f	f	\N	\N	\N	percent	0.00	0.00	0.00	\N	\N	\N	f
554	\N	4	2	INV-002490	2026-07-10 18:16:57.111223	\N	\N	100.00	0.00	0.00	0.00	0	100.00	cash	2026-07-10 18:16:57.111223	6	f	f	\N	\N	\N	percent	0.00	0.00	0.00	\N	\N	\N	f
539	\N	4	2	INV-002469	2026-07-10 17:53:41.685048	\N	\N	410.00	0.00	0.00	0.00	0	410.00	cash	2026-07-10 17:53:41.685048	5	f	f	\N	\N	\N	percent	0.00	0.00	0.00	\N	\N	\N	f
574	\N	4	2	INV-002516	2026-07-10 18:55:56.790436	\N	\N	690.00	0.00	280.00	0.00	0	690.00	card	2026-07-10 18:55:56.790436	6	f	f	\N	\N	\N	percent	0.00	0.00	0.00	\N	\N	\N	f
549	\N	4	2	INV-002483	2026-07-10 18:08:40.303351	\N	\N	441.00	0.00	49.00	0.00	0	441.00	card	2026-07-10 18:08:40.303351	5	f	f	\N	\N	\N	percent	0.00	0.00	0.00	\N	\N	\N	f
559	\N	4	2	INV-002497	2026-07-10 18:31:29.852146	\N	\N	1475.00	0.00	405.00	0.00	0	1475.00	card	2026-07-10 18:31:29.852146	5	f	f	\N	\N	\N	percent	0.00	0.00	0.00	\N	\N	\N	f
569	\N	4	2	INV-002511	2026-07-10 18:47:04.234639	\N	\N	1350.00	0.00	900.00	0.00	0	1350.00	cash	2026-07-10 18:47:04.234639	6	f	f	\N	\N	\N	percent	0.00	0.00	0.00	\N	\N	\N	f
579	\N	4	2	INV-002531	2026-07-10 19:08:38.640351	\N	\N	20.00	0.00	0.00	0.00	0	20.00	cash	2026-07-10 19:08:38.640351	6	f	f	\N	\N	\N	percent	0.00	0.00	0.00	\N	\N	\N	f
584	\N	4	2	INV-002537	2026-07-10 19:12:49.924307	\N	\N	1760.50	0.00	229.50	0.00	0	1760.50	cash	2026-07-10 19:12:49.924307	5	f	f	\N	\N	\N	percent	0.00	0.00	0.00	\N	\N	\N	f
589	\N	4	2	INV-002547	2026-07-10 19:22:51.325778	\N	\N	180.00	0.00	0.00	0.00	0	180.00	cash	2026-07-10 19:22:51.325778	5	f	f	\N	\N	\N	percent	0.00	0.00	0.00	\N	\N	\N	f
594	\N	4	2	INV-002554	2026-07-10 19:26:18.042374	\N	\N	509.15	0.00	59.85	0.00	0	509.15	card	2026-07-10 19:26:18.042374	6	f	f	\N	\N	\N	percent	0.00	0.00	0.00	\N	\N	\N	f
599	\N	4	2	INV-002562	2026-07-10 19:36:15.916962	\N	\N	452.20	0.00	79.80	0.00	0	452.20	card	2026-07-10 19:36:15.916962	6	f	f	\N	\N	\N	percent	0.00	0.00	0.00	\N	\N	\N	f
603	\N	4	2	INV-002561	2026-07-10 19:45:26.507276	\N	\N	60.00	0.00	0.00	0.00	0	60.00	cash	2026-07-10 19:45:26.507276	5	f	f	\N	\N	\N	percent	0.00	0.00	0.00	\N	\N	\N	f
607	\N	4	2	INV-002574	2026-07-10 19:50:00.345369	\N	\N	450.00	0.00	0.00	0.00	0	450.00	card	2026-07-10 19:50:00.345369	5	f	f	\N	\N	\N	percent	0.00	0.00	0.00	\N	\N	\N	f
616	\N	4	2	INV-002575	2026-07-10 20:11:03.174252	\N	\N	2877.00	0.00	560.00	0.00	0	2877.00	cash	2026-07-10 20:11:03.174252	5	f	f	\N	\N	\N	percent	0.00	0.00	0.00	\N	\N	\N	f
630	\N	4	2	INV-002599	2026-07-10 20:26:39.548709	\N	\N	150.00	0.00	0.00	0.00	0	150.00	card	2026-07-10 20:26:39.548709	6	f	f	\N	\N	\N	percent	0.00	0.00	0.00	\N	\N	\N	f
617	\N	4	2	INV-002585	2026-07-10 20:13:04.983358	\N	\N	390.00	59.49	120.00	0.00	0	330.51	card	2026-07-10 20:13:04.983358	6	f	f	\N	\N	\N	percent	0.00	0.00	0.00	\N	\N	\N	f
647	\N	4	2	INV-002620	2026-07-10 20:56:16.311642	\N	\N	195.00	0.00	0.00	0.00	0	195.00	cash	2026-07-10 20:56:16.311642	6	f	f	\N	\N	\N	percent	0.00	0.00	0.00	\N	\N	\N	f
618	\N	4	2	INV-002587	2026-07-10 20:16:13.462741	\N	\N	2250.00	0.00	780.00	0.00	0	2250.00	cash	2026-07-10 20:16:13.462741	6	f	f	\N	\N	\N	percent	0.00	0.00	0.00	\N	\N	\N	f
640	\N	4	2	INV-002609	2026-07-10 20:38:34.145492	\N	\N	2070.00	0.00	50.00	0.00	0	2070.00	cash	2026-07-10 20:38:34.145492	6	f	f	\N	\N	\N	fixed	5.00	0.00	0.00	\N	\N	\N	f
631	\N	4	2	INV-002600	2026-07-10 20:27:40.945886	\N	\N	1004.70	0.00	201.30	0.00	0	1004.70	cash	2026-07-10 20:27:40.945886	6	f	f	\N	\N	\N	percent	0.00	0.00	0.00	\N	\N	\N	f
619	\N	4	2	INV-002586	2026-07-10 20:17:42.150294	\N	\N	450.00	0.00	50.00	0.00	0	450.00	cash	2026-07-10 20:17:42.150294	5	f	f	\N	\N	\N	percent	0.00	0.00	0.00	\N	\N	\N	f
620	\N	4	2	INV-002588	2026-07-10 20:18:22.026642	\N	\N	5200.75	0.00	1934.25	0.00	0	5200.75	card	2026-07-10 20:18:22.026642	6	f	f	\N	\N	\N	percent	0.00	0.00	0.00	\N	\N	\N	f
632	\N	4	2	INV-002601	2026-07-10 20:28:43.703201	\N	\N	640.65	0.00	216.35	0.00	0	640.65	card	2026-07-10 20:28:43.703201	6	f	f	\N	\N	\N	percent	0.00	0.00	0.00	\N	\N	\N	f
621	\N	4	2	INV-002590	2026-07-10 20:19:14.588562	\N	\N	150.00	0.00	0.00	0.00	0	150.00	cash	2026-07-10 20:19:14.588562	6	f	f	\N	\N	\N	percent	0.00	0.00	0.00	\N	\N	\N	f
652	\N	4	2	INV-002426	2026-07-10 21:00:44.771349	\N	0	1280.00	0.00	380.00	0.00	0	1280.00	cash	2026-07-10 21:00:44.771349	5	f	f	\N	\N	delivery	percent	0.00	0.00	0.00	\N	\N	\N	f
622	\N	4	2	INV-002591	2026-07-10 20:19:50.811294	\N	\N	400.00	0.00	0.00	0.00	0	400.00	card	2026-07-10 20:19:50.811294	6	f	f	\N	\N	\N	percent	0.00	0.00	0.00	\N	\N	\N	f
641	\N	4	2	INV-002610	2026-07-10 20:41:36.86881	\N	\N	789.00	0.00	810.00	0.00	0	789.00	cash	2026-07-10 20:41:36.86881	6	f	f	\N	\N	\N	percent	0.00	0.00	0.00	\N	\N	\N	f
633	\N	4	2	INV-002602	2026-07-10 20:29:14.683278	\N	\N	225.00	0.00	25.00	0.00	0	225.00	cash	2026-07-10 20:29:14.683278	6	f	f	\N	\N	\N	percent	0.00	0.00	0.00	\N	\N	\N	f
623	\N	4	2	INV-002592	2026-07-10 20:21:00.312159	\N	\N	80.00	0.00	0.00	0.00	0	80.00	cash	2026-07-10 20:21:00.312159	6	f	f	\N	\N	\N	percent	0.00	0.00	0.00	\N	\N	\N	f
624	\N	4	2	INV-002593	2026-07-10 20:21:20.62021	\N	\N	120.00	0.00	0.00	0.00	0	120.00	cash	2026-07-10 20:21:20.62021	6	f	f	\N	\N	\N	percent	0.00	0.00	0.00	\N	\N	\N	f
634	\N	4	2	INV-002603	2026-07-10 20:29:45.945275	\N	\N	20.00	0.00	0.00	0.00	0	20.00	cash	2026-07-10 20:29:45.945275	6	f	f	\N	\N	\N	percent	0.00	0.00	0.00	\N	\N	\N	f
625	\N	4	2	INV-002594	2026-07-10 20:22:17.790088	\N	\N	1995.00	0.00	345.00	0.00	0	1995.00	cash	2026-07-10 20:22:17.790088	6	f	f	\N	\N	\N	percent	0.00	0.00	0.00	\N	\N	\N	f
648	\N	4	2	INV-002411	2026-07-10 20:56:54.253981	\N	\N	4200.00	0.00	1210.00	0.00	0	4200.00	cash	2026-07-10 20:56:54.253981	5	f	f	\N	\N	\N	fixed	9.00	0.00	0.00	\N	\N	\N	f
626	\N	4	2	INV-002595	2026-07-10 20:23:04.32962	\N	\N	360.00	0.00	40.00	0.00	0	360.00	cash	2026-07-10 20:23:04.32962	6	f	f	\N	\N	\N	percent	0.00	0.00	0.00	\N	\N	\N	f
642	\N	4	2	INV-002614	2026-07-10 20:48:03.79914	\N	\N	600.00	0.00	0.00	0.00	0	600.00	card	2026-07-10 20:48:03.79914	6	f	f	\N	\N	\N	percent	0.00	0.00	0.00	\N	\N	\N	f
635	\N	4	2	INV-002604	2026-07-10 20:30:58.674628	\N	\N	2888.00	0.00	2011.00	0.00	0	2888.00	card	2026-07-10 20:30:58.674628	6	f	f	\N	\N	\N	percent	0.00	0.00	0.00	\N	\N	\N	f
627	\N	4	2	INV-002596	2026-07-10 20:23:34.438314	\N	\N	300.00	0.00	0.00	0.00	0	300.00	cash	2026-07-10 20:23:34.438314	6	f	f	\N	\N	\N	percent	0.00	0.00	0.00	\N	\N	\N	f
628	\N	4	2	INV-002597	2026-07-10 20:24:24.426314	\N	\N	560.00	0.00	0.00	0.00	0	560.00	cash	2026-07-10 20:24:24.426314	6	f	f	\N	\N	\N	percent	0.00	0.00	0.00	\N	\N	\N	f
636	\N	4	2	INV-002589	2026-07-10 20:33:00.417276	\N	\N	529.55	0.00	93.45	0.00	0	529.55	cash	2026-07-10 20:33:00.417276	5	f	f	\N	\N	\N	percent	0.00	0.00	0.00	\N	\N	\N	f
629	\N	4	2	INV-002598	2026-07-10 20:25:40.24287	\N	\N	430.00	0.00	0.00	0.00	0	430.00	cash	2026-07-10 20:25:40.24287	6	f	f	\N	\N	\N	percent	0.00	0.00	0.00	\N	\N	\N	f
660	\N	4	2	INV-002629	2026-07-10 21:05:45.129358	\N	\N	250.00	0.00	90.00	0.00	0	250.00	cash	2026-07-10 21:05:45.129358	6	f	f	\N	\N	\N	percent	0.00	0.00	0.00	\N	\N	\N	f
643	\N	4	2	INV-002616	2026-07-10 20:49:12.391957	\N	\N	550.00	0.00	0.00	0.00	0	550.00	card	2026-07-10 20:49:12.391957	6	f	f	\N	\N	\N	percent	0.00	0.00	0.00	\N	\N	\N	f
637	\N	4	2	INV-002605	2026-07-10 20:33:20.842321	\N	\N	1690.00	0.00	45.00	0.00	0	1690.00	cash	2026-07-10 20:33:20.842321	6	f	f	\N	\N	\N	percent	0.00	0.00	0.00	\N	\N	\N	f
656	\N	4	2	INV-002476	2026-07-10 21:02:06.818644	\N	0	2249.00	0.00	1201.00	0.00	0	2249.00	cash	2026-07-10 21:02:06.818644	5	f	f	\N	\N	delivery	percent	0.00	0.00	0.00	\N	\N	\N	f
649	\N	4	2	INV-002413	2026-07-10 20:57:59.764465	\N	0	1340.00	181.53	210.00	0.00	0	1158.47	cash	2026-07-10 20:57:59.764465	5	f	f	\N	\N	delivery	percent	0.00	0.00	0.00	\N	\N	\N	f
638	\N	4	2	INV-002606	2026-07-10 20:35:02.760802	\N	\N	440.00	67.12	0.00	0.00	0	372.88	card	2026-07-10 20:35:02.760802	5	f	f	\N	\N	\N	percent	0.00	0.00	0.00	\N	\N	\N	f
644	\N	4	2	INV-002617	2026-07-10 20:50:40.507808	\N	\N	180.00	0.00	0.00	0.00	0	180.00	cash	2026-07-10 20:50:40.507808	6	f	f	\N	\N	\N	percent	0.00	0.00	0.00	\N	\N	\N	f
639	\N	4	2	INV-002607	2026-07-10 20:36:33.901223	\N	\N	180.00	0.00	0.00	0.00	0	180.00	card	2026-07-10 20:36:33.901223	6	f	f	\N	\N	\N	percent	0.00	0.00	0.00	\N	\N	\N	f
653	\N	4	2	INV-002622	2026-07-10 21:00:58.929632	\N	\N	1362.20	0.00	443.80	0.00	0	1362.20	card	2026-07-10 21:00:58.929632	6	f	f	\N	\N	\N	percent	0.00	0.00	0.00	\N	\N	\N	f
645	\N	4	2	INV-002618	2026-07-10 20:54:35.673713	\N	\N	100.00	0.00	0.00	0.00	0	100.00	cash	2026-07-10 20:54:35.673713	6	f	f	\N	\N	\N	percent	0.00	0.00	0.00	\N	\N	\N	f
650	\N	4	2	INV-002415	2026-07-10 20:59:02.555937	\N	\N	961.95	0.00	369.05	0.00	0	961.95	cash	2026-07-10 20:59:02.555937	5	f	f	\N	\N	\N	percent	0.00	0.00	0.00	\N	\N	\N	f
646	\N	4	2	INV-002404	2026-07-10 20:54:58.448965	\N	30	1846.90	0.00	297.10	0.00	0	1846.90	cash	2026-07-10 20:54:58.448965	5	f	f	\N	\N	delivery	percent	0.00	0.00	0.00	\N	\N	\N	f
654	\N	4	2	INV-002628	2026-07-10 21:01:17.642092	\N	\N	180.00	0.00	20.00	0.00	0	180.00	cash	2026-07-10 21:01:17.642092	6	f	f	\N	\N	\N	percent	0.00	0.00	0.00	\N	\N	\N	f
651	\N	4	2	INV-002625	2026-07-10 20:59:48.969051	\N	\N	230.00	0.00	30.00	0.00	0	230.00	cash	2026-07-10 20:59:48.969051	5	f	f	\N	\N	\N	fixed	4.00	0.00	0.00	\N	\N	\N	f
659	\N	4	2	INV-002530	2026-07-10 21:03:53.935003	\N	0	2000.00	0.00	0.00	0.00	0	2000.00	cash	2026-07-10 21:03:53.935003	5	f	f	\N	\N	delivery	percent	0.00	0.00	0.00	\N	\N	\N	f
657	\N	4	2	INV-002514	2026-07-10 21:02:31.19711	\N	0	4348.00	0.00	2402.00	0.00	0	4348.00	cash	2026-07-10 21:02:31.19711	5	f	f	\N	\N	delivery	percent	0.00	0.00	0.00	\N	\N	\N	f
655	\N	4	2	INV-002442	2026-07-10 21:01:21.50875	\N	0	1650.00	0.00	1380.00	0.00	0	1650.00	cash	2026-07-10 21:01:21.50875	5	f	f	\N	\N	delivery	percent	0.00	0.00	0.00	\N	\N	\N	f
663	\N	4	2	INV-002640	2026-07-10 21:07:34.247883	\N	\N	717.50	0.00	52.50	0.00	0	717.50	card	2026-07-10 21:07:34.247883	5	f	f	\N	\N	\N	percent	0.00	0.00	0.00	\N	\N	\N	f
658	\N	4	2	INV-002632	2026-07-10 21:03:05.833543	\N	\N	2099.00	0.00	1201.00	0.00	0	2099.00	card	2026-07-10 21:03:05.833543	5	f	f	\N	\N	\N	percent	0.00	0.00	0.00	\N	\N	\N	f
662	\N	4	2	INV-002635	2026-07-10 21:06:38.649676	\N	\N	320.00	0.00	0.00	0.00	0	320.00	card	2026-07-10 21:06:38.649676	5	f	f	\N	\N	\N	percent	0.00	0.00	0.00	\N	\N	\N	f
661	\N	4	2	INV-002636	2026-07-10 21:06:15.435672	\N	\N	2099.00	0.00	1201.00	0.00	0	2099.00	cash	2026-07-10 21:06:15.435672	6	f	f	\N	\N	\N	percent	0.00	0.00	0.00	\N	\N	\N	f
664	\N	4	2	INV-002641	2026-07-10 21:09:02.213981	\N	\N	160.00	0.00	20.00	0.00	0	160.00	cash	2026-07-10 21:09:02.213981	5	f	f	\N	\N	\N	fixed	2.00	0.00	0.00	\N	\N	\N	f
665	\N	4	2	INV-002642	2026-07-10 21:12:14.925284	\N	\N	1500.00	0.00	610.00	0.00	0	1500.00	cash	2026-07-10 21:12:14.925284	5	f	f	\N	\N	\N	fixed	5.00	0.00	0.00	\N	\N	\N	f
666	\N	4	2	INV-002644	2026-07-10 21:12:53.734708	\N	\N	100.00	0.00	0.00	0.00	0	100.00	cash	2026-07-10 21:12:53.734708	5	f	f	\N	\N	\N	percent	0.00	0.00	0.00	\N	\N	\N	f
667	\N	4	2	INV-002646	2026-07-10 21:14:02.407164	\N	\N	840.90	0.00	191.10	0.00	0	840.90	cash	2026-07-10 21:14:02.407164	5	f	f	\N	\N	\N	fixed	2.00	0.00	0.00	\N	\N	\N	f
668	\N	4	2	INV-002647	2026-07-10 21:15:14.70388	\N	\N	520.00	0.00	0.00	0.00	0	520.00	cash	2026-07-10 21:15:14.70388	5	f	f	\N	\N	\N	percent	0.00	0.00	0.00	\N	\N	\N	f
669	\N	4	2	INV-002648	2026-07-10 21:18:53.874375	\N	\N	685.00	0.00	15.00	0.00	0	685.00	card	2026-07-10 21:18:53.874375	5	f	f	\N	\N	\N	percent	0.00	0.00	0.00	\N	\N	\N	f
670	\N	4	2	INV-002637	2026-07-10 21:19:48.498178	\N	\N	220.00	0.00	0.00	0.00	0	220.00	cash	2026-07-10 21:19:48.498178	6	f	f	\N	\N	\N	percent	0.00	0.00	0.00	\N	\N	\N	f
671	\N	4	2	INV-002650	2026-07-10 21:19:50.82661	\N	\N	950.00	0.00	400.00	0.00	0	950.00	card	2026-07-10 21:19:50.82661	5	f	f	\N	\N	\N	percent	0.00	0.00	0.00	\N	\N	\N	f
702	\N	4	2	INV-002701	2026-07-10 22:13:58.910377	\N	\N	360.00	0.00	0.00	0.00	0	360.00	cash	2026-07-10 22:13:58.910377	6	f	f	\N	\N	\N	percent	0.00	0.00	0.00	\N	\N	\N	f
685	\N	4	2	INV-002675	2026-07-10 21:43:58.043342	\N	\N	480.00	0.00	0.00	0.00	0	480.00	card	2026-07-10 21:43:58.043342	5	f	f	\N	\N	\N	percent	0.00	0.00	0.00	\N	\N	\N	f
672	\N	4	2	INV-002653	2026-07-10 21:20:44.411724	\N	\N	180.00	0.00	0.00	0.00	0	180.00	cash	2026-07-10 21:20:44.411724	5	f	f	\N	\N	\N	percent	0.00	0.00	0.00	\N	\N	\N	f
673	\N	4	2	INV-002655	2026-07-10 21:21:37.842726	\N	\N	150.00	0.00	20.00	0.00	0	150.00	cash	2026-07-10 21:21:37.842726	5	f	f	\N	\N	\N	fixed	3.00	0.00	0.00	\N	\N	\N	f
695	\N	4	2	INV-002694	2026-07-10 22:08:53.450704	\N	\N	100.00	0.00	0.00	0.00	0	100.00	cash	2026-07-10 22:08:53.450704	6	f	f	\N	\N	\N	percent	0.00	0.00	0.00	\N	\N	\N	f
686	\N	4	2	INV-002678	2026-07-10 21:44:34.18239	\N	\N	450.00	0.00	0.00	0.00	0	450.00	cash	2026-07-10 21:44:34.18239	5	f	f	\N	\N	\N	percent	0.00	0.00	0.00	\N	\N	\N	f
674	\N	4	2	INV-002656	2026-07-10 21:25:03.064476	\N	\N	100.00	0.00	0.00	0.00	0	100.00	cash	2026-07-10 21:25:03.064476	5	f	f	\N	\N	\N	percent	0.00	0.00	0.00	\N	\N	\N	f
675	\N	4	2	INV-002658	2026-07-10 21:32:59.502547	\N	\N	660.00	0.00	0.00	0.00	0	660.00	card	2026-07-10 21:32:59.502547	5	f	f	\N	\N	\N	percent	0.00	0.00	0.00	\N	\N	\N	f
707	\N	4	2	INV-002705	2026-07-10 22:18:40.759451	\N	\N	125.00	0.00	45.00	0.00	0	125.00	cash	2026-07-10 22:18:40.759451	5	f	f	\N	\N	\N	percent	0.00	0.00	0.00	\N	\N	\N	f
687	\N	4	2	INV-002682	2026-07-10 21:52:46.844217	\N	\N	940.00	0.00	0.00	0.00	0	940.00	card	2026-07-10 21:52:46.844217	5	f	f	\N	\N	\N	percent	0.00	0.00	0.00	\N	\N	\N	f
676	\N	4	2	INV-002660	2026-07-10 21:33:52.597503	\N	\N	10.00	0.00	0.00	0.00	0	10.00	cash	2026-07-10 21:33:52.597503	5	f	f	\N	\N	\N	percent	0.00	0.00	0.00	\N	\N	\N	f
677	\N	4	2	INV-002651	2026-07-10 21:36:49.810487	\N	\N	539.80	0.00	68.20	0.00	0	539.80	card	2026-07-10 21:36:49.810487	6	f	f	\N	\N	\N	percent	0.00	0.00	0.00	\N	\N	\N	f
696	\N	4	2	INV-002695	2026-07-10 22:09:54.481048	\N	\N	515.00	0.00	0.00	0.00	0	515.00	card	2026-07-10 22:09:54.481048	6	f	f	\N	\N	\N	percent	0.00	0.00	0.00	\N	\N	\N	f
688	\N	4	2	INV-002676	2026-07-10 21:55:16.867544	\N	\N	700.45	0.00	300.55	0.00	0	700.45	cash	2026-07-10 21:55:16.867544	6	f	f	\N	\N	\N	fixed	23.00	0.00	0.00	\N	\N	\N	f
678	\N	4	2	INV-002663	2026-07-10 21:37:35.646329	\N	\N	108.00	0.00	12.00	0.00	0	108.00	cash	2026-07-10 21:37:35.646329	6	f	f	\N	\N	\N	percent	0.00	0.00	0.00	\N	\N	\N	f
679	\N	4	2	INV-002667	2026-07-10 21:40:54.110019	\N	\N	999.00	152.39	501.00	0.00	0	846.61	cash	2026-07-10 21:40:54.110019	5	f	f	\N	\N	\N	percent	0.00	0.00	0.00	\N	\N	\N	f
703	\N	4	2	INV-002702	2026-07-10 22:15:09.289378	\N	\N	980.00	0.00	0.00	0.00	0	980.00	card	2026-07-10 22:15:09.289378	6	f	f	\N	\N	\N	percent	0.00	0.00	0.00	\N	\N	\N	f
689	\N	4	2	INV-002684	2026-07-10 21:57:38.337583	\N	\N	1470.00	0.00	0.00	0.00	0	1470.00	cash	2026-07-10 21:57:38.337583	5	f	f	\N	\N	\N	percent	0.00	0.00	0.00	\N	\N	\N	f
680	\N	4	2	INV-002608	2026-07-10 21:41:49.590397	\N	0	2374.00	0.00	1246.00	0.00	0	2374.00	cash	2026-07-10 21:41:49.590397	5	f	f	\N	\N	delivery	percent	0.00	0.00	0.00	\N	\N	\N	f
681	\N	4	2	INV-002665	2026-07-10 21:42:11.942957	\N	\N	2231.50	0.00	118.50	0.00	0	2231.50	card	2026-07-10 21:42:11.942957	6	f	f	\N	\N	\N	percent	0.00	0.00	0.00	\N	\N	\N	f
697	\N	4	2	INV-002696	2026-07-10 22:10:24.819945	\N	\N	125.00	0.00	45.00	0.00	0	125.00	cash	2026-07-10 22:10:24.819945	6	f	f	\N	\N	\N	percent	0.00	0.00	0.00	\N	\N	\N	f
690	\N	4	2	INV-002685	2026-07-10 21:58:12.149939	\N	\N	1240.00	0.00	520.00	0.00	0	1240.00	card	2026-07-10 21:58:12.149939	6	f	f	\N	\N	\N	percent	0.00	0.00	0.00	\N	\N	\N	f
682	\N	4	2	INV-002671	2026-07-10 21:42:19.554083	\N	\N	100.00	0.00	0.00	0.00	0	100.00	cash	2026-07-10 21:42:19.554083	5	f	f	\N	\N	\N	percent	0.00	0.00	0.00	\N	\N	\N	f
683	\N	4	2	INV-002674	2026-07-10 21:42:49.472043	\N	\N	288.00	0.00	32.00	0.00	0	288.00	cash	2026-07-10 21:42:49.472043	5	f	f	\N	\N	\N	percent	0.00	0.00	0.00	\N	\N	\N	f
716	\N	4	2	INV-002712	2026-07-10 22:33:55.268619	\N	\N	2210.00	0.00	390.00	0.00	0	2210.00	cash	2026-07-10 22:33:55.268619	6	f	f	\N	\N	\N	percent	0.00	0.00	0.00	\N	\N	\N	f
691	\N	4	2	INV-002688	2026-07-10 22:01:32.918944	\N	\N	440.00	0.00	0.00	0.00	0	440.00	card	2026-07-10 22:01:32.918944	5	f	f	\N	\N	\N	percent	0.00	0.00	0.00	\N	\N	\N	f
684	\N	4	2	INV-002672	2026-07-10 21:43:19.063935	\N	\N	690.00	0.00	280.00	0.00	0	690.00	card	2026-07-10 21:43:19.063935	6	f	f	\N	\N	\N	percent	0.00	0.00	0.00	\N	\N	\N	f
711	\N	4	2	INV-002711	2026-07-10 22:26:08.098257	\N	\N	250.00	0.00	0.00	0.00	0	250.00	card	2026-07-10 22:26:08.098257	5	f	f	\N	\N	\N	percent	0.00	0.00	0.00	\N	\N	\N	f
698	\N	4	2	INV-002697	2026-07-10 22:10:59.085671	\N	\N	300.00	0.00	0.00	0.00	0	300.00	card	2026-07-10 22:10:59.085671	6	f	f	\N	\N	\N	percent	0.00	0.00	0.00	\N	\N	\N	f
692	\N	4	2	INV-002690	2026-07-10 22:02:24.150443	\N	\N	603.00	0.00	67.00	0.00	0	603.00	card	2026-07-10 22:02:24.150443	5	f	f	\N	\N	\N	percent	0.00	0.00	0.00	\N	\N	\N	f
704	\N	4	2	INV-002703	2026-07-10 22:16:39.071018	\N	\N	2089.50	0.00	200.50	0.00	0	2089.50	card	2026-07-10 22:16:39.071018	6	f	f	\N	\N	\N	percent	0.00	0.00	0.00	\N	\N	\N	f
693	\N	4	2	INV-002692	2026-07-10 22:02:55.318261	\N	\N	180.00	0.00	20.00	0.00	0	180.00	cash	2026-07-10 22:02:55.318261	5	f	f	\N	\N	\N	percent	0.00	0.00	0.00	\N	\N	\N	f
699	\N	4	2	INV-002698	2026-07-10 22:11:43.702055	\N	\N	108.00	0.00	12.00	0.00	0	108.00	card	2026-07-10 22:11:43.702055	6	f	f	\N	\N	\N	percent	0.00	0.00	0.00	\N	\N	\N	f
694	\N	4	2	INV-002687	2026-07-10 22:05:57.559641	\N	\N	80.00	0.00	0.00	0.00	0	80.00	cash	2026-07-10 22:05:57.559641	6	f	f	\N	\N	\N	percent	0.00	0.00	0.00	\N	\N	\N	f
708	\N	4	2	INV-002706	2026-07-10 22:19:06.047106	\N	\N	140.00	0.00	0.00	0.00	0	140.00	cash	2026-07-10 22:19:06.047106	6	f	f	\N	\N	\N	percent	0.00	0.00	0.00	\N	\N	\N	f
700	\N	4	2	INV-002699	2026-07-10 22:12:56.728684	\N	\N	360.00	0.00	0.00	0.00	0	360.00	card	2026-07-10 22:12:56.728684	6	f	f	\N	\N	\N	percent	0.00	0.00	0.00	\N	\N	\N	f
705	\N	4	2	INV-002693	2026-07-10 22:17:39.298399	\N	\N	60.00	0.00	0.00	0.00	0	60.00	cash	2026-07-10 22:17:39.298399	5	f	f	\N	\N	\N	percent	0.00	0.00	0.00	\N	\N	\N	f
701	\N	4	2	INV-002700	2026-07-10 22:13:34.556018	\N	\N	463.00	0.00	17.00	0.00	0	463.00	cash	2026-07-10 22:13:34.556018	6	f	f	\N	\N	\N	percent	0.00	0.00	0.00	\N	\N	\N	f
714	\N	4	2	INV-002718	2026-07-10 22:31:51.912984	\N	\N	923.00	0.00	47.00	0.00	0	923.00	cash	2026-07-10 22:31:51.912984	5	f	f	\N	\N	\N	percent	0.00	0.00	0.00	\N	\N	\N	f
709	\N	4	2	INV-002709	2026-07-10 22:24:12.071652	\N	\N	2715.80	0.00	1408.20	0.00	0	2715.80	card	2026-07-10 22:24:12.071652	5	f	f	\N	\N	\N	percent	0.00	0.00	0.00	\N	\N	\N	f
706	\N	4	2	INV-002704	2026-07-10 22:18:04.626246	\N	\N	637.50	0.00	112.50	0.00	0	637.50	cash	2026-07-10 22:18:04.626246	6	f	f	\N	\N	\N	percent	0.00	0.00	0.00	\N	\N	\N	f
712	\N	4	2	INV-002714	2026-07-10 22:29:05.148024	\N	\N	1297.50	0.00	112.50	0.00	0	1297.50	cash	2026-07-10 22:29:05.148024	5	f	f	\N	\N	\N	percent	0.00	0.00	0.00	\N	\N	\N	f
710	\N	4	2	INV-002708	2026-07-10 22:26:00.917147	\N	\N	2340.50	0.00	538.50	0.00	0	2340.50	card	2026-07-10 22:26:00.917147	6	f	f	\N	\N	\N	percent	0.00	0.00	0.00	\N	\N	\N	f
719	\N	4	2	INV-002726	2026-07-10 22:41:43.14149	\N	\N	3000.65	0.00	326.35	0.00	0	3000.65	card	2026-07-10 22:41:43.14149	5	f	f	\N	\N	\N	percent	0.00	0.00	0.00	\N	\N	\N	f
715	\N	4	2	INV-002720	2026-07-10 22:33:01.853317	\N	\N	775.00	0.00	175.00	0.00	0	775.00	cash	2026-07-10 22:33:01.853317	5	f	f	\N	\N	\N	percent	0.00	0.00	0.00	\N	\N	\N	f
713	\N	4	2	INV-002716	2026-07-10 22:30:49.900647	\N	\N	789.50	0.00	70.50	0.00	0	789.50	card	2026-07-10 22:30:49.900647	5	f	f	\N	\N	\N	percent	0.00	0.00	0.00	\N	\N	\N	f
718	\N	4	2	INV-002722	2026-07-10 22:35:55.105565	\N	\N	460.00	0.00	0.00	0.00	0	460.00	card	2026-07-10 22:35:55.105565	6	f	f	\N	\N	\N	percent	0.00	0.00	0.00	\N	\N	\N	f
717	\N	4	2	INV-002723	2026-07-10 22:35:45.884939	\N	\N	99.00	0.00	0.00	0.00	0	99.00	cash	2026-07-10 22:35:45.884939	5	f	f	\N	\N	\N	percent	0.00	0.00	0.00	\N	\N	\N	f
720	\N	4	2	INV-002725	2026-07-10 22:48:20.60204	\N	\N	555.00	0.00	444.00	0.00	0	555.00	card	2026-07-10 22:48:20.60204	6	f	f	\N	\N	\N	percent	0.00	0.00	0.00	\N	\N	\N	f
721	\N	4	2	INV-002728	2026-07-10 22:49:59.830245	\N	\N	690.00	0.00	280.00	0.00	0	690.00	card	2026-07-10 22:49:59.830245	6	f	f	\N	\N	\N	percent	0.00	0.00	0.00	\N	\N	\N	f
722	\N	4	2	INV-002727	2026-07-10 22:50:53.398992	\N	\N	690.00	0.00	280.00	0.00	0	690.00	card	2026-07-10 22:50:53.398992	5	f	f	\N	\N	\N	percent	0.00	0.00	0.00	\N	\N	\N	f
723	\N	4	2	INV-002731	2026-07-10 22:53:02.192636	\N	\N	2099.00	0.00	1201.00	0.00	0	2099.00	cash	2026-07-10 22:53:02.192636	5	f	f	\N	\N	\N	percent	0.00	0.00	0.00	\N	\N	\N	f
724	\N	4	2	INV-002729	2026-07-10 22:56:02.374683	\N	\N	190.00	0.00	0.00	0.00	0	190.00	cash	2026-07-10 22:56:02.374683	6	f	f	\N	\N	\N	percent	0.00	0.00	0.00	\N	\N	\N	f
725	\N	4	2	INV-002734	2026-07-10 22:56:59.500104	\N	\N	637.50	0.00	112.50	0.00	0	637.50	cash	2026-07-10 22:56:59.500104	5	f	f	\N	\N	\N	percent	0.00	0.00	0.00	\N	\N	\N	f
726	\N	4	2	INV-002733	2026-07-10 23:00:55.611645	\N	\N	110.00	0.00	0.00	0.00	0	110.00	cash	2026-07-10 23:00:55.611645	6	f	f	\N	\N	\N	percent	0.00	0.00	0.00	\N	\N	\N	f
727	\N	4	2	INV-002736	2026-07-10 23:02:28.763882	\N	\N	135.00	0.00	15.00	0.00	0	135.00	cash	2026-07-10 23:02:28.763882	6	f	f	\N	\N	\N	percent	0.00	0.00	0.00	\N	\N	\N	f
741	\N	4	2	INV-002752	2026-07-10 23:36:08.310718	\N	\N	990.00	76.27	0.00	0.00	0	913.73	cash	2026-07-10 23:36:08.310718	6	f	f	\N	\N	\N	percent	0.00	0.00	0.00	\N	\N	\N	f
728	\N	4	2	INV-002737	2026-07-10 23:04:28.020966	\N	\N	430.00	0.00	42.00	0.00	0	430.00	card	2026-07-10 23:04:28.020966	6	f	f	\N	\N	\N	percent	0.00	0.00	0.00	\N	\N	\N	f
758	\N	4	2	INV-002776	2026-07-11 00:18:56.345359	\N	\N	100.00	0.00	0.00	0.00	0	100.00	cash	2026-07-11 00:18:56.345359	6	f	f	\N	\N	\N	percent	0.00	0.00	0.00	\N	\N	\N	f
729	\N	4	2	INV-002738	2026-07-10 23:09:10.211807	\N	\N	480.00	0.00	20.00	0.00	0	480.00	cash	2026-07-10 23:09:10.211807	6	f	f	\N	\N	\N	percent	0.00	0.00	0.00	\N	\N	\N	f
742	\N	4	2	INV-002753	2026-07-10 23:37:50.804716	\N	\N	250.00	0.00	0.00	0.00	0	250.00	cash	2026-07-10 23:37:50.804716	6	f	f	\N	\N	\N	percent	0.00	0.00	0.00	\N	\N	\N	f
730	\N	4	2	INV-002739	2026-07-10 23:10:34.297004	\N	\N	789.00	0.00	810.00	0.00	0	789.00	card	2026-07-10 23:10:34.297004	6	f	f	\N	\N	\N	percent	0.00	0.00	0.00	\N	\N	\N	f
751	\N	4	2	INV-002767	2026-07-11 00:03:08.523872	\N	\N	789.00	0.00	810.00	0.00	0	789.00	card	2026-07-11 00:03:08.523872	6	f	f	\N	\N	\N	percent	0.00	0.00	0.00	\N	\N	\N	f
731	\N	4	2	INV-002735	2026-07-10 23:16:27.171307	\N	\N	220.00	0.00	0.00	0.00	0	220.00	cash	2026-07-10 23:16:27.171307	5	f	f	\N	\N	\N	percent	0.00	0.00	0.00	\N	\N	\N	f
743	\N	4	2	INV-002754	2026-07-10 23:44:13.092715	\N	\N	640.00	0.00	0.00	0.00	0	640.00	card	2026-07-10 23:44:13.092715	6	f	f	\N	\N	\N	percent	0.00	0.00	0.00	\N	\N	\N	f
732	\N	4	2	INV-002742	2026-07-10 23:18:02.9192	\N	\N	350.00	0.00	0.00	0.00	0	350.00	cash	2026-07-10 23:18:02.9192	5	f	f	\N	\N	\N	percent	0.00	0.00	0.00	\N	\N	\N	f
775	\N	4	2	INV-002798	2026-07-11 00:54:22.337638	\N	\N	490.00	0.00	0.00	0.00	0	490.00	card	2026-07-11 00:54:22.337638	6	f	f	\N	\N	\N	percent	0.00	0.00	0.00	\N	\N	\N	f
733	\N	4	2	INV-002744	2026-07-10 23:18:49.060278	\N	\N	10.00	0.00	0.00	0.00	0	10.00	cash	2026-07-10 23:18:49.060278	5	f	f	\N	\N	\N	percent	0.00	0.00	0.00	\N	\N	\N	f
744	\N	4	2	INV-002756	2026-07-10 23:45:37.156864	\N	\N	998.00	15.25	17.00	0.00	0	982.75	card	2026-07-10 23:45:37.156864	6	f	f	\N	\N	\N	percent	0.00	0.00	0.00	\N	\N	\N	f
734	\N	4	2	INV-002740	2026-07-10 23:20:35.827262	\N	\N	125.00	0.00	45.00	0.00	0	125.00	cash	2026-07-10 23:20:35.827262	6	f	f	\N	\N	\N	percent	0.00	0.00	0.00	\N	\N	\N	f
752	\N	4	2	INV-002769	2026-07-11 00:05:57.513698	\N	\N	190.80	0.00	73.20	0.00	0	190.80	cash	2026-07-11 00:05:57.513698	6	f	f	\N	\N	\N	percent	0.00	0.00	0.00	\N	\N	\N	f
735	\N	4	2	INV-002746	2026-07-10 23:23:35.463506	\N	\N	332.45	0.00	94.55	0.00	0	332.45	cash	2026-07-10 23:23:35.463506	6	f	f	\N	\N	\N	percent	0.00	0.00	0.00	\N	\N	\N	f
745	\N	4	2	INV-002759	2026-07-10 23:46:34.608487	\N	\N	2224.00	0.00	1246.00	0.00	0	2224.00	bank	2026-07-10 23:46:34.608487	6	f	f	\N	\N	\N	percent	0.00	0.00	0.00	\N	\N	\N	f
736	\N	4	2	INV-002747	2026-07-10 23:26:58.900241	\N	\N	220.00	0.00	0.00	0.00	0	220.00	card	2026-07-10 23:26:58.900241	6	f	f	\N	\N	\N	percent	0.00	0.00	0.00	\N	\N	\N	f
759	\N	4	2	INV-002780	2026-07-11 00:19:51.783892	\N	\N	633.15	0.00	193.85	0.00	0	633.15	card	2026-07-11 00:19:51.783892	6	f	f	\N	\N	\N	percent	0.00	0.00	0.00	\N	\N	\N	f
737	\N	4	2	INV-002748	2026-07-10 23:28:08.741686	\N	\N	10.00	0.00	0.00	0.00	0	10.00	cash	2026-07-10 23:28:08.741686	6	f	f	\N	\N	\N	percent	0.00	0.00	0.00	\N	\N	\N	f
746	\N	4	2	INV-002760	2026-07-10 23:47:16.850543	\N	\N	1850.00	0.00	0.00	0.00	0	1850.00	cash	2026-07-10 23:47:16.850543	6	f	f	\N	\N	\N	percent	0.00	0.00	0.00	\N	\N	\N	f
738	\N	4	2	INV-002749	2026-07-10 23:30:22.208923	\N	\N	250.00	0.00	0.00	0.00	0	250.00	cash	2026-07-10 23:30:22.208923	6	f	f	\N	\N	\N	percent	0.00	0.00	0.00	\N	\N	\N	f
753	\N	4	2	INV-002771	2026-07-11 00:10:12.067134	\N	\N	2190.00	0.00	0.00	0.00	0	2190.00	cash	2026-07-11 00:10:12.067134	6	f	f	\N	\N	\N	percent	0.00	0.00	0.00	\N	\N	\N	f
739	\N	4	2	INV-002750	2026-07-10 23:31:31.203665	\N	\N	100.00	0.00	0.00	0.00	0	100.00	card	2026-07-10 23:31:31.203665	6	f	f	\N	\N	\N	percent	0.00	0.00	0.00	\N	\N	\N	f
747	\N	4	2	INV-002761	2026-07-10 23:52:30.058811	\N	\N	500.00	0.00	0.00	0.00	0	500.00	card	2026-07-10 23:52:30.058811	6	f	f	\N	\N	\N	percent	0.00	0.00	0.00	\N	\N	\N	f
740	\N	4	2	INV-002751	2026-07-10 23:35:15.564418	\N	\N	100.00	0.00	0.00	0.00	0	100.00	cash	2026-07-10 23:35:15.564418	6	f	f	\N	\N	\N	percent	0.00	0.00	0.00	\N	\N	\N	f
767	\N	4	2	INV-002661	2026-07-11 00:32:22.767915	\N	0	2374.00	0.00	1246.00	0.00	0	2374.00	cash	2026-07-11 00:32:22.767915	5	f	f	\N	\N	delivery	percent	0.00	0.00	0.00	\N	\N	\N	f
764	\N	4	2	INV-002786	2026-07-11 00:28:31.381913	\N	\N	850.00	0.00	0.00	0.00	0	850.00	card	2026-07-11 00:28:31.381913	6	f	f	\N	\N	\N	percent	0.00	0.00	0.00	\N	\N	\N	f
754	\N	4	2	INV-002774	2026-07-11 00:13:14.726886	\N	\N	350.00	0.00	0.00	0.00	0	350.00	card	2026-07-11 00:13:14.726886	5	f	f	\N	\N	\N	percent	0.00	0.00	0.00	\N	\N	\N	f
748	\N	4	2	INV-002764	2026-07-10 23:53:32.780751	\N	\N	333.00	0.00	37.00	0.00	0	333.00	cash	2026-07-10 23:53:32.780751	6	f	f	\N	\N	\N	percent	0.00	0.00	0.00	\N	\N	\N	f
760	\N	4	2	INV-002781	2026-07-11 00:20:10.31625	\N	\N	476.00	0.00	44.00	0.00	0	476.00	card	2026-07-11 00:20:10.31625	5	f	f	\N	\N	\N	fixed	0.50	0.00	0.00	\N	\N	\N	f
749	\N	4	2	INV-002765	2026-07-10 23:55:03.754915	\N	\N	2489.00	0.00	1511.00	0.00	0	2489.00	card	2026-07-10 23:55:03.754915	6	f	f	\N	\N	\N	percent	0.00	0.00	0.00	\N	\N	\N	f
755	\N	4	2	INV-002773	2026-07-11 00:14:53.181639	\N	\N	180.00	0.00	20.00	0.00	0	180.00	cash	2026-07-11 00:14:53.181639	6	f	f	\N	\N	\N	percent	0.00	0.00	0.00	\N	\N	\N	f
750	\N	4	2	INV-002766	2026-07-10 23:55:36.402457	\N	\N	690.00	0.00	280.00	0.00	0	690.00	card	2026-07-10 23:55:36.402457	6	f	f	\N	\N	\N	percent	0.00	0.00	0.00	\N	\N	\N	f
756	\N	4	2	INV-002775	2026-07-11 00:15:39.333872	\N	\N	180.00	0.00	20.00	0.00	0	180.00	card	2026-07-11 00:15:39.333872	5	f	f	\N	\N	\N	percent	0.00	0.00	0.00	\N	\N	\N	f
761	\N	4	2	INV-002782	2026-07-11 00:24:43.413965	\N	\N	1590.00	0.00	20.00	0.00	0	1590.00	card	2026-07-11 00:24:43.413965	6	f	f	\N	\N	\N	percent	0.00	0.00	0.00	\N	\N	\N	f
757	\N	4	2	INV-002777	2026-07-11 00:17:34.553669	\N	\N	179.00	0.00	52.00	0.00	0	179.00	card	2026-07-11 00:17:34.553669	5	f	f	\N	\N	\N	fixed	0.85	0.00	0.00	\N	\N	\N	f
772	\N	4	2	INV-002795	2026-07-11 00:46:59.169556	\N	\N	400.00	0.00	0.00	0.00	0	400.00	card	2026-07-11 00:46:59.169556	6	f	f	\N	\N	\N	percent	0.00	0.00	0.00	\N	\N	\N	f
765	\N	4	2	INV-002787	2026-07-11 00:29:32.640036	\N	\N	2449.00	53.39	1201.00	0.00	0	2395.61	cash	2026-07-11 00:29:32.640036	6	f	f	\N	\N	\N	percent	0.00	0.00	0.00	\N	\N	\N	f
770	\N	4	2	INV-002724	2026-07-11 00:35:07.046969	\N	0	2249.00	0.00	1201.00	0.00	0	2249.00	cash	2026-07-11 00:35:07.046969	5	f	f	\N	\N	delivery	percent	0.00	0.00	0.00	\N	\N	\N	f
762	\N	4	2	INV-002784	2026-07-11 00:27:19.419516	\N	\N	3024.00	152.54	1555.00	0.00	0	2871.46	cash	2026-07-11 00:27:19.419516	6	f	f	\N	\N	\N	percent	0.00	0.00	0.00	\N	\N	\N	f
768	\N	4	2	INV-002666	2026-07-11 00:32:58.2765	\N	\N	625.00	0.00	444.00	0.00	0	625.00	cash	2026-07-11 00:32:58.2765	5	f	f	\N	\N	\N	percent	0.00	0.00	0.00	\N	\N	\N	f
763	\N	4	2	INV-002785	2026-07-11 00:27:45.855669	\N	\N	180.00	0.00	0.00	0.00	0	180.00	cash	2026-07-11 00:27:45.855669	6	f	f	\N	\N	\N	percent	0.00	0.00	0.00	\N	\N	\N	f
766	\N	4	2	INV-002612	2026-07-11 00:30:45.75221	\N	0	949.00	121.88	241.00	0.00	0	827.12	cash	2026-07-11 00:30:45.75221	5	f	f	\N	\N	delivery	percent	0.00	0.00	0.00	\N	\N	\N	f
769	\N	4	2	INV-002683	2026-07-11 00:33:42.080793	\N	0	2249.00	0.00	1201.00	0.00	0	2249.00	cash	2026-07-11 00:33:42.080793	5	f	f	\N	\N	delivery	percent	0.00	0.00	0.00	\N	\N	\N	f
771	\N	4	2	INV-002788	2026-07-11 00:40:57.723105	\N	\N	780.00	59.49	430.00	0.00	0	720.51	cash	2026-07-11 00:40:57.723105	6	f	f	\N	\N	\N	percent	0.00	0.00	0.00	\N	\N	\N	f
774	\N	4	2	INV-002797	2026-07-11 00:53:24.944584	\N	\N	2099.00	0.00	1201.00	0.00	0	2099.00	card	2026-07-11 00:53:24.944584	6	f	f	\N	\N	\N	percent	0.00	0.00	0.00	\N	\N	\N	f
773	\N	4	2	INV-002796	2026-07-11 00:51:25.386526	\N	\N	500.00	0.00	0.00	0.00	0	500.00	cash	2026-07-11 00:51:25.386526	6	f	f	\N	\N	\N	percent	0.00	0.00	0.00	\N	\N	\N	f
776	\N	4	2	INV-002799	2026-07-11 00:54:54.875319	\N	\N	935.00	0.00	165.00	0.00	0	935.00	cash	2026-07-11 00:54:54.875319	6	f	f	\N	\N	\N	percent	0.00	0.00	0.00	\N	\N	\N	f
777	\N	4	2	INV-002800	2026-07-11 00:55:36.348428	\N	\N	92.00	0.00	0.00	0.00	0	92.00	cash	2026-07-11 00:55:36.348428	6	f	f	\N	\N	\N	percent	0.00	0.00	0.00	\N	\N	\N	f
778	\N	4	2	INV-002801	2026-07-11 00:57:20.180724	\N	\N	300.00	15.25	0.00	0.00	0	284.75	cash	2026-07-11 00:57:20.180724	6	f	f	\N	\N	\N	percent	0.00	0.00	0.00	\N	\N	\N	f
779	\N	4	2	INV-002802	2026-07-11 00:58:46.217983	\N	\N	240.00	0.00	0.00	0.00	0	240.00	card	2026-07-11 00:58:46.217983	6	f	f	\N	\N	\N	percent	0.00	0.00	0.00	\N	\N	\N	f
780	\N	4	2	INV-002803	2026-07-11 00:59:10.048763	\N	\N	310.00	0.00	0.00	0.00	0	310.00	card	2026-07-11 00:59:10.048763	6	f	f	\N	\N	\N	percent	0.00	0.00	0.00	\N	\N	\N	f
781	\N	4	2	INV-002804	2026-07-11 01:03:19.824089	\N	\N	1320.00	0.00	280.00	0.00	0	1320.00	card	2026-07-11 01:03:19.824089	6	f	f	\N	\N	\N	percent	0.00	0.00	0.00	\N	\N	\N	f
782	\N	4	2	INV-002805	2026-07-11 01:03:44.212985	\N	\N	60.00	0.00	0.00	0.00	0	60.00	cash	2026-07-11 01:03:44.212985	6	f	f	\N	\N	\N	percent	0.00	0.00	0.00	\N	\N	\N	f
796	\N	4	2	INV-002823	2026-07-11 09:12:25.697439	\N	\N	54.00	0.00	6.00	0.00	0	54.00	cash	2026-07-11 09:12:25.697439	7	f	f	\N	\N	\N	percent	0.00	0.00	0.00	\N	\N	\N	f
783	\N	4	2	INV-002806	2026-07-11 01:05:16.397556	\N	\N	100.00	15.25	0.00	0.00	0	84.75	cash	2026-07-11 01:05:16.397556	6	f	f	\N	\N	\N	percent	0.00	0.00	0.00	\N	\N	\N	f
813	\N	4	2	INV-002841	2026-07-11 11:33:18.241539	\N	\N	50.00	0.00	0.00	0.00	0	50.00	card	2026-07-11 11:33:18.241539	7	f	f	\N	\N	\N	percent	0.00	0.00	0.00	\N	\N	\N	f
784	\N	4	2	INV-002807	2026-07-11 01:06:13.01674	\N	\N	2099.00	0.00	1201.00	0.00	0	2099.00	cash	2026-07-11 01:06:13.01674	6	f	f	\N	\N	\N	percent	0.00	0.00	0.00	\N	\N	\N	f
806	\N	4	2	INV-002827	2026-07-11 10:56:32.199433	\N	0	939.00	0.00	810.00	0.00	0	939.00	card	2026-07-11 10:56:32.199433	7	f	f	\N	\N	delivery	percent	0.00	0.00	0.00	\N	\N	\N	f
797	\N	4	2	INV-002824	2026-07-11 09:21:10.321185	\N	\N	1600.25	0.00	234.75	0.00	0	1600.25	cash	2026-07-11 09:21:10.321185	7	f	f	\N	\N	\N	fixed	8.00	0.00	0.00	\N	\N	\N	f
785	\N	4	2	INV-002808	2026-07-11 01:07:39.768573	\N	\N	1690.00	0.00	0.00	0.00	0	1690.00	card	2026-07-11 01:07:39.768573	6	f	f	\N	\N	\N	percent	0.00	0.00	0.00	\N	\N	\N	f
786	\N	4	2	INV-002809	2026-07-11 01:09:45.160841	\N	\N	1870.00	0.00	330.00	0.00	0	1870.00	cash	2026-07-11 01:09:45.160841	6	f	f	\N	\N	\N	percent	0.00	0.00	0.00	\N	\N	\N	f
798	\N	4	2	INV-002825	2026-07-11 10:15:38.381311	\N	\N	486.00	0.00	54.00	0.00	0	486.00	cash	2026-07-11 10:15:38.381311	7	f	f	\N	\N	\N	percent	0.00	0.00	0.00	\N	\N	\N	f
787	\N	4	2	INV-002810	2026-07-11 01:21:11.280867	\N	\N	1080.00	0.00	0.00	0.00	0	1080.00	cash	2026-07-11 01:21:11.280867	6	f	f	\N	\N	\N	percent	0.00	0.00	0.00	\N	\N	\N	f
827	\N	4	2	INV-002856	2026-07-11 12:09:19.352204	\N	\N	80.00	0.00	0.00	0.00	0	80.00	cash	2026-07-11 12:09:19.352204	7	f	f	\N	\N	\N	percent	0.00	0.00	0.00	\N	\N	\N	f
788	\N	4	2	INV-002811	2026-07-11 01:23:39.083079	\N	\N	1340.00	0.00	280.00	0.00	0	1340.00	card	2026-07-11 01:23:39.083079	6	f	f	\N	\N	\N	percent	0.00	0.00	0.00	\N	\N	\N	f
807	\N	4	2	INV-002835	2026-07-11 10:58:27.828316	\N	\N	1000.00	0.00	354.00	0.00	0	1000.00	card	2026-07-11 10:58:27.828316	7	f	f	\N	\N	\N	fixed	4.40	0.00	0.00	\N	\N	\N	f
799	\N	4	2	INV-002826	2026-07-11 10:22:54.342767	\N	\N	1469.00	0.00	51.00	0.00	0	1469.00	card	2026-07-11 10:22:54.342767	7	f	f	\N	\N	\N	percent	0.00	0.00	0.00	\N	\N	\N	f
789	\N	4	2	INV-002812	2026-07-11 01:25:01.059821	\N	\N	515.00	59.49	165.00	0.00	0	455.51	cash	2026-07-11 01:25:01.059821	6	f	f	\N	\N	\N	percent	0.00	0.00	0.00	\N	\N	\N	f
790	\N	4	2	INV-002813	2026-07-11 01:29:08.959227	\N	\N	555.00	0.00	444.00	0.00	0	555.00	card	2026-07-11 01:29:08.959227	6	f	f	\N	\N	\N	percent	0.00	0.00	0.00	\N	\N	\N	f
822	\N	4	2	INV-002850	2026-07-11 12:02:29.878053	\N	\N	200.00	0.00	0.00	0.00	0	200.00	cash	2026-07-11 12:02:29.878053	7	f	f	\N	\N	\N	percent	0.00	0.00	0.00	\N	\N	\N	f
800	\N	4	2	INV-002828	2026-07-11 10:38:06.197789	\N	\N	1712.00	0.00	45.00	0.00	0	1712.00	cash	2026-07-11 10:38:06.197789	7	f	f	\N	\N	\N	percent	0.00	0.00	0.00	\N	\N	\N	f
791	\N	4	2	INV-002814	2026-07-11 01:38:57.512547	\N	\N	220.00	0.00	0.00	0.00	0	220.00	cash	2026-07-11 01:38:57.512547	6	f	f	\N	\N	\N	percent	0.00	0.00	0.00	\N	\N	\N	f
814	\N	4	2	INV-002842	2026-07-11 11:34:52.792082	\N	\N	290.00	0.00	190.00	0.00	0	290.00	cash	2026-07-11 11:34:52.792082	7	f	f	\N	\N	\N	percent	0.00	0.00	0.00	\N	\N	\N	f
792	\N	4	2	INV-002815	2026-07-11 01:41:16.386619	\N	\N	100.00	0.00	0.00	0.00	0	100.00	cash	2026-07-11 01:41:16.386619	6	f	f	\N	\N	\N	percent	0.00	0.00	0.00	\N	\N	\N	f
808	\N	4	2	INV-002836	2026-07-11 11:04:28.101874	\N	\N	550.00	0.00	150.00	0.00	0	550.00	cash	2026-07-11 11:04:28.101874	7	f	f	\N	\N	\N	percent	0.00	0.00	0.00	\N	\N	\N	f
801	\N	4	2	INV-002829	2026-07-11 10:42:39.218018	\N	\N	180.00	0.00	20.00	0.00	0	180.00	cash	2026-07-11 10:42:39.218018	7	f	f	\N	\N	\N	percent	0.00	0.00	0.00	\N	\N	\N	f
793	\N	4	2	INV-002816	2026-07-11 01:51:30.644166	\N	\N	746.85	0.00	113.15	0.00	0	746.85	card	2026-07-11 01:51:30.644166	6	f	f	\N	\N	\N	percent	0.00	0.00	0.00	\N	\N	\N	f
794	\N	4	2	INV-002821	2026-07-11 08:58:49.058678	\N	\N	180.00	0.00	20.00	0.00	0	180.00	cash	2026-07-11 08:58:49.058678	7	f	f	\N	\N	\N	percent	0.00	0.00	0.00	\N	\N	\N	f
802	\N	4	2	INV-002830	2026-07-11 10:47:55.23209	\N	\N	1470.75	0.00	564.25	0.00	0	1470.75	card	2026-07-11 10:47:55.23209	7	f	f	\N	\N	\N	percent	0.00	0.00	0.00	\N	\N	\N	f
795	\N	4	2	INV-002822	2026-07-11 09:10:23.177601	\N	\N	470.00	0.00	190.00	0.00	0	470.00	cash	2026-07-11 09:10:23.177601	7	f	f	\N	\N	\N	percent	0.00	0.00	0.00	\N	\N	\N	f
819	\N	4	2	INV-002847	2026-07-11 11:52:38.170825	\N	\N	650.00	0.00	230.00	0.00	0	650.00	cash	2026-07-11 11:52:38.170825	7	f	f	\N	\N	\N	percent	0.00	0.00	0.00	\N	\N	\N	f
809	\N	4	2	INV-002837	2026-07-11 11:10:18.205567	\N	\N	180.00	0.00	0.00	0.00	0	180.00	cash	2026-07-11 11:10:18.205567	7	f	f	\N	\N	\N	percent	0.00	0.00	0.00	\N	\N	\N	f
803	\N	4	2	INV-002831	2026-07-11 10:49:01.225517	\N	\N	180.00	0.00	0.00	0.00	0	180.00	cash	2026-07-11 10:49:01.225517	7	f	f	\N	\N	\N	percent	0.00	0.00	0.00	\N	\N	\N	f
815	\N	4	2	INV-002843	2026-07-11 11:41:28.020504	\N	\N	180.00	0.00	0.00	0.00	0	180.00	card	2026-07-11 11:41:28.020504	7	f	f	\N	\N	\N	percent	0.00	0.00	0.00	\N	\N	\N	f
804	\N	4	2	INV-002832	2026-07-11 10:51:54.98306	\N	\N	180.00	0.00	20.00	0.00	0	180.00	cash	2026-07-11 10:51:54.98306	7	f	f	\N	\N	\N	percent	0.00	0.00	0.00	\N	\N	\N	f
810	\N	4	2	INV-002838	2026-07-11 11:17:29.861809	\N	\N	2443.00	0.00	167.00	0.00	0	2443.00	cash	2026-07-11 11:17:29.861809	7	f	f	\N	\N	\N	percent	0.00	0.00	0.00	\N	\N	\N	f
805	\N	4	2	INV-002833	2026-07-11 10:55:01.316493	\N	\N	795.00	0.00	305.00	0.00	0	795.00	cash	2026-07-11 10:55:01.316493	7	f	f	\N	\N	\N	percent	0.00	0.00	0.00	\N	\N	\N	f
811	\N	4	2	INV-002839	2026-07-11 11:23:46.418386	\N	\N	859.60	0.00	158.40	0.00	0	859.60	cash	2026-07-11 11:23:46.418386	7	f	f	\N	\N	\N	percent	0.00	0.00	0.00	\N	\N	\N	f
825	\N	4	2	INV-002853	2026-07-11 12:04:36.954219	\N	\N	646.00	0.00	34.00	0.00	0	646.00	card	2026-07-11 12:04:36.954219	7	f	f	\N	\N	\N	percent	0.00	0.00	0.00	\N	\N	\N	f
816	\N	4	2	INV-002844	2026-07-11 11:44:51.010719	\N	\N	180.00	0.00	20.00	0.00	0	180.00	cash	2026-07-11 11:44:51.010719	7	f	f	\N	\N	\N	percent	0.00	0.00	0.00	\N	\N	\N	f
812	\N	4	2	INV-002840	2026-07-11 11:26:15.265607	\N	\N	1000.00	0.00	10.00	0.00	0	1000.00	cash	2026-07-11 11:26:15.265607	7	f	f	\N	\N	\N	fixed	10.00	0.00	0.00	\N	\N	\N	f
820	\N	4	2	INV-002848	2026-07-11 11:55:46.295051	\N	\N	1590.00	0.00	610.00	0.00	0	1590.00	cash	2026-07-11 11:55:46.295051	7	f	f	\N	\N	\N	percent	0.00	0.00	0.00	\N	\N	\N	f
817	\N	4	2	INV-002845	2026-07-11 11:45:25.7276	\N	\N	430.00	0.00	0.00	0.00	0	430.00	cash	2026-07-11 11:45:25.7276	7	f	f	\N	\N	\N	percent	0.00	0.00	0.00	\N	\N	\N	f
823	\N	4	2	INV-002851	2026-07-11 12:02:52.917892	\N	\N	180.00	0.00	20.00	0.00	0	180.00	cash	2026-07-11 12:02:52.917892	7	f	f	\N	\N	\N	percent	0.00	0.00	0.00	\N	\N	\N	f
818	\N	4	2	INV-002846	2026-07-11 11:46:08.817263	\N	\N	370.00	0.00	0.00	0.00	0	370.00	card	2026-07-11 11:46:08.817263	7	f	f	\N	\N	\N	percent	0.00	0.00	0.00	\N	\N	\N	f
821	\N	4	2	INV-002849	2026-07-11 11:56:42.660368	\N	\N	180.00	0.00	20.00	0.00	0	180.00	cash	2026-07-11 11:56:42.660368	7	f	f	\N	\N	\N	percent	0.00	0.00	0.00	\N	\N	\N	f
830	\N	4	2	INV-002859	2026-07-11 12:15:15.671716	\N	\N	1099.00	0.00	0.00	0.00	0	1099.00	card	2026-07-11 12:15:15.671716	7	f	f	\N	\N	\N	percent	0.00	0.00	0.00	\N	\N	\N	f
826	\N	4	2	INV-002854	2026-07-11 12:08:44.894757	\N	\N	350.00	9.15	190.00	0.00	0	340.85	card	2026-07-11 12:08:44.894757	7	f	f	\N	\N	\N	percent	0.00	0.00	0.00	\N	\N	\N	f
824	\N	4	2	INV-002852	2026-07-11 12:03:44.758491	\N	\N	1940.90	24.41	473.10	0.00	0	1916.49	cash	2026-07-11 12:03:44.758491	7	f	f	\N	\N	\N	fixed	5.00	0.00	0.00	\N	\N	\N	f
829	\N	4	2	INV-002858	2026-07-11 12:12:04.609757	\N	\N	250.00	0.00	0.00	0.00	0	250.00	card	2026-07-11 12:12:04.609757	7	f	f	\N	\N	\N	percent	0.00	0.00	0.00	\N	\N	\N	f
828	\N	4	2	INV-002857	2026-07-11 12:10:00.031164	\N	\N	100.00	0.00	0.00	0.00	0	100.00	cash	2026-07-11 12:10:00.031164	7	f	f	\N	\N	\N	percent	0.00	0.00	0.00	\N	\N	\N	f
831	\N	4	2	INV-002860	2026-07-11 12:18:25.410269	\N	\N	574.00	0.00	16.00	0.00	0	574.00	cash	2026-07-11 12:18:25.410269	7	f	f	\N	\N	\N	percent	0.00	0.00	0.00	\N	\N	\N	f
832	\N	4	2	INV-002861	2026-07-11 12:19:19.497717	\N	\N	153.00	0.00	17.00	0.00	0	153.00	cash	2026-07-11 12:19:19.497717	7	f	f	\N	\N	\N	percent	0.00	0.00	0.00	\N	\N	\N	f
833	\N	4	2	INV-002862	2026-07-11 12:20:25.420014	\N	\N	70.00	0.00	0.00	0.00	0	70.00	cash	2026-07-11 12:20:25.420014	7	f	f	\N	\N	\N	percent	0.00	0.00	0.00	\N	\N	\N	f
834	\N	4	2	INV-002863	2026-07-11 12:31:30.374093	\N	\N	342.00	0.00	38.00	0.00	0	342.00	cash	2026-07-11 12:31:30.374093	7	f	f	\N	\N	\N	percent	0.00	0.00	0.00	\N	\N	\N	f
835	\N	4	2	INV-002864	2026-07-11 12:33:14.57842	\N	\N	939.00	0.00	810.00	0.00	0	939.00	card	2026-07-11 12:33:14.57842	7	f	f	\N	\N	\N	percent	0.00	0.00	0.00	\N	\N	\N	f
836	\N	4	2	INV-002865	2026-07-11 12:39:10.866818	\N	\N	770.00	0.00	0.00	0.00	0	770.00	card	2026-07-11 12:39:10.866818	7	f	f	\N	\N	\N	percent	0.00	0.00	0.00	\N	\N	\N	f
837	\N	4	2	INV-002866	2026-07-11 12:43:27.122084	\N	\N	378.00	0.00	42.00	0.00	0	378.00	card	2026-07-11 12:43:27.122084	7	f	f	\N	\N	\N	percent	0.00	0.00	0.00	\N	\N	\N	f
838	\N	4	2	INV-002867	2026-07-11 13:06:29.444837	\N	\N	4470.00	0.00	390.00	0.00	0	4470.00	card	2026-07-11 13:06:29.444837	7	f	f	\N	\N	\N	percent	0.00	0.00	0.00	\N	\N	\N	f
869	\N	4	2	INV-002915	2026-07-11 15:20:11.466084	\N	\N	180.00	0.00	0.00	0.00	0	180.00	cash	2026-07-11 15:20:11.466084	7	f	f	\N	\N	\N	percent	0.00	0.00	0.00	\N	\N	\N	f
852	\N	4	2	INV-002883	2026-07-11 14:02:54.450367	\N	\N	180.00	0.00	20.00	0.00	0	180.00	cash	2026-07-11 14:02:54.450367	7	f	f	\N	\N	\N	percent	0.00	0.00	0.00	\N	\N	\N	f
839	\N	4	2	INV-002868	2026-07-11 13:10:52.76163	\N	\N	216.00	0.00	24.00	0.00	0	216.00	cash	2026-07-11 13:10:52.76163	7	f	f	\N	\N	\N	percent	0.00	0.00	0.00	\N	\N	\N	f
840	\N	4	2	INV-002869	2026-07-11 13:13:04.670123	\N	\N	153.00	0.00	17.00	0.00	0	153.00	cash	2026-07-11 13:13:04.670123	7	f	f	\N	\N	\N	percent	0.00	0.00	0.00	\N	\N	\N	f
862	\N	4	2	INV-002900	2026-07-11 14:42:45.654392	\N	\N	120.00	0.00	0.00	0.00	0	120.00	cash	2026-07-11 14:42:45.654392	7	f	f	\N	\N	\N	percent	0.00	0.00	0.00	\N	\N	\N	f
853	\N	4	2	INV-002885	2026-07-11 14:05:41.489469	\N	\N	100.00	0.00	0.00	0.00	0	100.00	card	2026-07-11 14:05:41.489469	7	f	f	\N	\N	\N	percent	0.00	0.00	0.00	\N	\N	\N	f
841	\N	4	2	INV-002871	2026-07-11 13:19:39.905584	\N	\N	180.00	0.00	20.00	0.00	0	180.00	cash	2026-07-11 13:19:39.905584	7	f	f	\N	\N	\N	percent	0.00	0.00	0.00	\N	\N	\N	f
842	\N	4	2	INV-002872	2026-07-11 13:24:29.238603	\N	\N	550.00	0.00	230.00	0.00	0	550.00	cash	2026-07-11 13:24:29.238603	7	f	f	\N	\N	\N	percent	0.00	0.00	0.00	\N	\N	\N	f
854	\N	4	2	INV-002887	2026-07-11 14:07:20.303658	\N	\N	2129.60	12.97	738.40	0.00	0	2116.63	card	2026-07-11 14:07:20.303658	7	f	f	\N	\N	\N	percent	0.00	0.00	0.00	\N	\N	\N	f
843	\N	4	2	INV-002873	2026-07-11 13:25:29.259201	\N	\N	180.00	0.00	0.00	0.00	0	180.00	card	2026-07-11 13:25:29.259201	7	f	f	\N	\N	\N	percent	0.00	0.00	0.00	\N	\N	\N	f
883	\N	4	2	INV-002943	2026-07-11 15:46:14.751456	\N	\N	526.00	0.00	34.00	0.00	0	526.00	card	2026-07-11 15:46:14.751456	7	f	f	\N	\N	\N	percent	0.00	0.00	0.00	\N	\N	\N	f
844	\N	4	2	INV-002874	2026-07-11 13:25:52.943587	\N	\N	180.00	0.00	0.00	0.00	0	180.00	cash	2026-07-11 13:25:52.943587	7	f	f	\N	\N	\N	percent	0.00	0.00	0.00	\N	\N	\N	f
863	\N	4	2	INV-002902	2026-07-11 14:52:37.760674	\N	\N	1451.00	0.00	319.00	0.00	0	1451.00	card	2026-07-11 14:52:37.760674	7	f	f	\N	\N	\N	percent	0.00	0.00	0.00	\N	\N	\N	f
855	\N	4	2	INV-002889	2026-07-11 14:07:59.861859	\N	\N	539.55	0.00	153.45	0.00	0	539.55	card	2026-07-11 14:07:59.861859	7	f	f	\N	\N	\N	percent	0.00	0.00	0.00	\N	\N	\N	f
845	\N	4	2	INV-002875	2026-07-11 13:30:26.302978	\N	\N	640.00	0.00	190.00	0.00	0	640.00	cash	2026-07-11 13:30:26.302978	7	f	f	\N	\N	\N	percent	0.00	0.00	0.00	\N	\N	\N	f
846	\N	4	2	INV-002876	2026-07-11 13:31:20.101862	\N	\N	50.00	0.00	0.00	0.00	0	50.00	cash	2026-07-11 13:31:20.101862	7	f	f	\N	\N	\N	percent	0.00	0.00	0.00	\N	\N	\N	f
870	\N	4	2	INV-002917	2026-07-11 15:20:56.086985	\N	\N	870.00	0.00	570.00	0.00	0	870.00	card	2026-07-11 15:20:56.086985	7	f	f	\N	\N	\N	percent	0.00	0.00	0.00	\N	\N	\N	f
856	\N	4	2	INV-002891	2026-07-11 14:09:33.134473	\N	\N	283.40	0.00	80.60	0.00	0	283.40	cash	2026-07-11 14:09:33.134473	7	f	f	\N	\N	\N	percent	0.00	0.00	0.00	\N	\N	\N	f
847	\N	4	2	INV-002877	2026-07-11 13:31:57.510292	\N	\N	700.00	0.00	0.00	0.00	0	700.00	card	2026-07-11 13:31:57.510292	7	f	f	\N	\N	\N	percent	0.00	0.00	0.00	\N	\N	\N	f
848	\N	4	2	INV-002878	2026-07-11 13:33:10.764452	\N	\N	140.00	0.00	0.00	0.00	0	140.00	cash	2026-07-11 13:33:10.764452	7	f	f	\N	\N	\N	percent	0.00	0.00	0.00	\N	\N	\N	f
864	\N	4	2	INV-002904	2026-07-11 15:02:19.228095	\N	\N	180.00	0.00	0.00	0.00	0	180.00	cash	2026-07-11 15:02:19.228095	7	f	f	\N	\N	\N	percent	0.00	0.00	0.00	\N	\N	\N	f
857	\N	4	2	INV-002892	2026-07-11 14:34:07.788924	\N	\N	315.00	0.00	35.00	0.00	0	315.00	cash	2026-07-11 14:34:07.788924	7	f	f	\N	\N	\N	percent	0.00	0.00	0.00	\N	\N	\N	f
849	\N	4	2	INV-002870	2026-07-11 13:41:00.518884	\N	0	2249.00	0.00	1201.00	0.00	0	2249.00	cash	2026-07-11 13:41:00.518884	7	f	f	\N	\N	delivery	percent	0.00	0.00	0.00	\N	\N	\N	f
850	\N	4	2	INV-002880	2026-07-11 13:48:45.011469	\N	\N	3912.51	0.00	396.50	0.00	0	3912.51	cash	2026-07-11 13:48:45.011469	7	f	f	\N	\N	\N	percent	0.00	0.00	0.00	\N	\N	\N	f
878	\N	4	2	INV-002933	2026-07-11 15:38:29.591377	\N	\N	1300.85	12.20	192.15	0.00	0	1288.65	card	2026-07-11 15:38:29.591377	7	f	f	\N	\N	\N	percent	0.00	0.00	0.00	\N	\N	\N	f
858	\N	4	2	INV-002894	2026-07-11 14:35:13.922151	\N	\N	125.00	0.00	45.00	0.00	0	125.00	cash	2026-07-11 14:35:13.922151	7	f	f	\N	\N	\N	percent	0.00	0.00	0.00	\N	\N	\N	f
851	\N	4	2	INV-002881	2026-07-11 13:55:33.49168	\N	\N	740.00	0.00	150.00	0.00	0	740.00	cash	2026-07-11 13:55:33.49168	7	f	f	\N	\N	\N	percent	0.00	0.00	0.00	\N	\N	\N	f
875	\N	4	2	INV-002926	2026-07-11 15:29:39.661027	\N	\N	220.00	0.00	20.00	0.00	0	220.00	cash	2026-07-11 15:29:39.661027	7	f	f	\N	\N	\N	fixed	3.00	0.00	0.00	\N	\N	\N	f
865	\N	4	2	INV-002906	2026-07-11 15:05:53.644379	\N	\N	520.00	0.00	20.00	0.00	0	520.00	cash	2026-07-11 15:05:53.644379	7	f	f	\N	\N	\N	percent	0.00	0.00	0.00	\N	\N	\N	f
859	\N	4	2	INV-002896	2026-07-11 14:36:01.971172	\N	\N	180.00	12.20	0.00	0.00	0	167.80	cash	2026-07-11 14:36:01.971172	7	f	f	\N	\N	\N	percent	0.00	0.00	0.00	\N	\N	\N	f
871	\N	4	2	INV-002919	2026-07-11 15:21:43.525398	\N	\N	290.00	0.00	190.00	0.00	0	290.00	cash	2026-07-11 15:21:43.525398	7	f	f	\N	\N	\N	percent	0.00	0.00	0.00	\N	\N	\N	f
860	\N	4	2	INV-002897	2026-07-11 14:39:07.449887	\N	\N	550.00	0.00	0.00	0.00	0	550.00	cash	2026-07-11 14:39:07.449887	7	f	f	\N	\N	\N	percent	0.00	0.00	0.00	\N	\N	\N	f
866	\N	4	2	INV-002908	2026-07-11 15:07:03.906385	\N	\N	10.00	0.00	0.00	0.00	0	10.00	cash	2026-07-11 15:07:03.906385	7	f	f	\N	\N	\N	percent	0.00	0.00	0.00	\N	\N	\N	f
861	\N	4	2	INV-002898	2026-07-11 14:41:02.493246	\N	\N	600.00	0.00	0.00	0.00	0	600.00	cash	2026-07-11 14:41:02.493246	7	f	f	\N	\N	\N	percent	0.00	0.00	0.00	\N	\N	\N	f
867	\N	4	2	INV-002911	2026-07-11 15:19:16.413281	\N	\N	7722.70	0.00	719.30	0.00	0	7722.70	card	2026-07-11 15:19:16.413281	7	f	f	\N	\N	\N	percent	0.00	0.00	0.00	\N	\N	\N	f
872	\N	4	2	INV-002921	2026-07-11 15:22:30.029951	\N	\N	180.00	0.00	20.00	0.00	0	180.00	cash	2026-07-11 15:22:30.029951	7	f	f	\N	\N	\N	percent	0.00	0.00	0.00	\N	\N	\N	f
868	\N	4	2	INV-002913	2026-07-11 15:19:39.240087	\N	\N	190.00	0.00	0.00	0.00	0	190.00	cash	2026-07-11 15:19:39.240087	7	f	f	\N	\N	\N	percent	0.00	0.00	0.00	\N	\N	\N	f
881	\N	4	2	INV-002939	2026-07-11 15:42:57.194742	\N	\N	980.00	0.00	0.00	0.00	0	980.00	card	2026-07-11 15:42:57.194742	7	f	f	\N	\N	\N	percent	0.00	0.00	0.00	\N	\N	\N	f
876	\N	4	2	INV-002928	2026-07-11 15:31:04.098176	\N	\N	680.00	0.00	0.00	0.00	0	680.00	cash	2026-07-11 15:31:04.098176	7	f	f	\N	\N	\N	percent	0.00	0.00	0.00	\N	\N	\N	f
873	\N	4	2	INV-002923	2026-07-11 15:23:12.16403	\N	\N	698.00	0.00	0.00	0.00	0	698.00	card	2026-07-11 15:23:12.16403	7	f	f	\N	\N	\N	percent	0.00	0.00	0.00	\N	\N	\N	f
879	\N	4	2	INV-002935	2026-07-11 15:40:08.842457	\N	\N	2212.50	0.00	187.50	0.00	0	2212.50	cash	2026-07-11 15:40:08.842457	7	f	f	\N	\N	\N	percent	0.00	0.00	0.00	\N	\N	\N	f
874	\N	4	2	INV-002924	2026-07-11 15:23:43.05771	\N	\N	640.00	0.00	0.00	0.00	0	640.00	cash	2026-07-11 15:23:43.05771	7	f	f	\N	\N	\N	percent	0.00	0.00	0.00	\N	\N	\N	f
877	\N	4	2	INV-002931	2026-07-11 15:34:49.961191	\N	\N	210.00	0.00	0.00	0.00	0	210.00	card	2026-07-11 15:34:49.961191	7	f	f	\N	\N	\N	percent	0.00	0.00	0.00	\N	\N	\N	f
886	\N	4	2	INV-002948	2026-07-11 15:59:26.946399	\N	\N	400.00	0.00	0.00	0.00	0	400.00	cash	2026-07-11 15:59:26.946399	7	f	f	\N	\N	\N	percent	0.00	0.00	0.00	\N	\N	\N	f
882	\N	4	2	INV-002941	2026-07-11 15:45:26.799957	\N	\N	125.00	0.00	45.00	0.00	0	125.00	cash	2026-07-11 15:45:26.799957	7	f	f	\N	\N	\N	percent	0.00	0.00	0.00	\N	\N	\N	f
880	\N	4	2	INV-002937	2026-07-11 15:42:18.227958	\N	\N	1620.00	0.00	0.00	0.00	0	1620.00	card	2026-07-11 15:42:18.227958	7	f	f	\N	\N	\N	percent	0.00	0.00	0.00	\N	\N	\N	f
885	\N	4	2	INV-002946	2026-07-11 15:56:48.091561	\N	\N	125.00	0.00	45.00	0.00	0	125.00	cash	2026-07-11 15:56:48.091561	7	f	f	\N	\N	\N	percent	0.00	0.00	0.00	\N	\N	\N	f
884	\N	4	2	INV-002945	2026-07-11 15:46:52.090001	\N	\N	300.00	0.00	0.00	0.00	0	300.00	cash	2026-07-11 15:46:52.090001	7	f	f	\N	\N	\N	percent	0.00	0.00	0.00	\N	\N	\N	f
887	\N	4	2	INV-002950	2026-07-11 16:00:13.030841	\N	\N	160.00	0.00	0.00	0.00	0	160.00	cash	2026-07-11 16:00:13.030841	7	f	f	\N	\N	\N	percent	0.00	0.00	0.00	\N	\N	\N	f
888	\N	4	2	INV-002951	2026-07-11 16:02:01.534052	\N	\N	2365.25	0.00	408.75	0.00	0	2365.25	card	2026-07-11 16:02:01.534052	7	f	f	\N	\N	\N	percent	0.00	0.00	0.00	\N	\N	\N	f
889	\N	4	2	INV-002952	2026-07-11 16:06:49.847766	\N	\N	690.00	0.00	0.00	0.00	0	690.00	cash	2026-07-11 16:06:49.847766	7	f	f	\N	\N	\N	percent	0.00	0.00	0.00	\N	\N	\N	f
890	\N	4	2	INV-002953	2026-07-11 16:14:05.811412	\N	\N	289.00	0.00	51.00	0.00	0	289.00	cash	2026-07-11 16:14:05.811412	7	f	f	\N	\N	\N	percent	0.00	0.00	0.00	\N	\N	\N	f
891	\N	4	2	INV-002954	2026-07-11 16:15:53.192237	\N	\N	1584.55	61.02	454.45	0.00	0	1523.53	card	2026-07-11 16:15:53.192237	7	f	f	\N	\N	\N	fixed	0.00	0.00	0.00	\N	\N	\N	f
892	\N	4	2	INV-002955	2026-07-11 16:16:24.938376	\N	\N	790.00	0.00	190.00	0.00	0	790.00	card	2026-07-11 16:16:24.938376	7	f	f	\N	\N	\N	percent	0.00	0.00	0.00	\N	\N	\N	f
893	\N	4	2	INV-002956	2026-07-11 16:16:43.557507	\N	\N	350.00	0.00	0.00	0.00	0	350.00	cash	2026-07-11 16:16:43.557507	7	f	f	\N	\N	\N	percent	0.00	0.00	0.00	\N	\N	\N	f
894	\N	4	2	INV-002957	2026-07-11 16:23:02.366021	\N	\N	1584.15	0.00	134.85	0.00	0	1584.15	card	2026-07-11 16:23:02.366021	7	f	f	\N	\N	\N	percent	0.00	0.00	0.00	\N	\N	\N	f
917	\N	4	2	INV-002984	2026-07-11 17:15:18.827914	\N	\N	550.00	0.00	0.00	0.00	0	550.00	card	2026-07-11 17:15:18.827914	7	f	f	\N	\N	\N	percent	0.00	0.00	0.00	\N	\N	\N	f
908	\N	4	2	INV-002903	2026-07-11 16:50:28.58369	\N	0	705.00	0.00	444.00	0.00	0	705.00	cash	2026-07-11 16:50:28.58369	7	f	f	\N	\N	delivery	percent	0.00	0.00	0.00	\N	\N	\N	f
895	\N	4	2	INV-002958	2026-07-11 16:25:07.636897	\N	\N	110.00	0.00	0.00	0.00	0	110.00	cash	2026-07-11 16:25:07.636897	7	f	f	\N	\N	\N	percent	0.00	0.00	0.00	\N	\N	\N	f
896	\N	4	2	INV-002959	2026-07-11 16:28:21.14607	\N	\N	640.00	0.00	0.00	0.00	0	640.00	card	2026-07-11 16:28:21.14607	7	f	f	\N	\N	\N	percent	0.00	0.00	0.00	\N	\N	\N	f
924	\N	4	2	INV-002995	2026-07-11 17:38:30.345897	\N	\N	110.00	0.00	0.00	0.00	0	110.00	cash	2026-07-11 17:38:30.345897	7	f	f	\N	\N	\N	percent	0.00	0.00	0.00	\N	\N	\N	f
909	\N	4	2	INV-002932	2026-07-11 16:50:53.728841	\N	0	1650.00	0.00	0.00	0.00	0	1650.00	cash	2026-07-11 16:50:53.728841	7	f	f	\N	\N	delivery	percent	0.00	0.00	0.00	\N	\N	\N	f
897	\N	4	2	INV-002960	2026-07-11 16:29:34.89122	\N	\N	1621.80	0.00	622.20	0.00	0	1621.80	cash	2026-07-11 16:29:34.89122	7	f	f	\N	\N	\N	percent	0.00	0.00	0.00	\N	\N	\N	f
898	\N	4	2	INV-002961	2026-07-11 16:30:54.952084	\N	\N	414.00	0.00	46.00	0.00	0	414.00	cash	2026-07-11 16:30:54.952084	7	f	f	\N	\N	\N	percent	0.00	0.00	0.00	\N	\N	\N	f
918	\N	4	2	INV-002985	2026-07-11 17:21:40.951202	\N	\N	2167.50	0.00	382.50	0.00	0	2167.50	cash	2026-07-11 17:21:40.951202	7	f	f	\N	\N	\N	percent	0.00	0.00	0.00	\N	\N	\N	f
910	\N	4	2	INV-002905	2026-07-11 16:51:17.652048	\N	0	2149.00	152.39	1051.00	0.00	0	1996.61	cash	2026-07-11 16:51:17.652048	7	f	f	\N	\N	delivery	percent	0.00	0.00	0.00	\N	\N	\N	f
899	\N	4	2	INV-002962	2026-07-11 16:33:48.458221	\N	\N	80.00	12.20	0.00	0.00	0	67.80	cash	2026-07-11 16:33:48.458221	7	f	f	\N	\N	\N	percent	0.00	0.00	0.00	\N	\N	\N	f
900	\N	4	2	INV-002963	2026-07-11 16:34:36.18503	\N	\N	659.45	0.00	187.55	0.00	0	659.45	cash	2026-07-11 16:34:36.18503	7	f	f	\N	\N	\N	percent	0.00	0.00	0.00	\N	\N	\N	f
911	\N	4	2	INV-002976	2026-07-11 16:53:13.029334	\N	\N	566.00	0.00	54.00	0.00	0	566.00	card	2026-07-11 16:53:13.029334	7	f	f	\N	\N	\N	percent	0.00	0.00	0.00	\N	\N	\N	f
901	\N	4	2	INV-002964	2026-07-11 16:36:07.728544	\N	\N	613.40	0.00	178.60	0.00	0	613.40	cash	2026-07-11 16:36:07.728544	7	f	f	\N	\N	\N	percent	0.00	0.00	0.00	\N	\N	\N	f
933	\N	4	2	INV-003016	2026-07-11 17:50:57.841202	\N	\N	290.00	0.00	190.00	0.00	0	290.00	cash	2026-07-11 17:50:57.841202	7	f	f	\N	\N	\N	percent	0.00	0.00	0.00	\N	\N	\N	f
902	\N	4	2	INV-002965	2026-07-11 16:37:37.566868	\N	\N	180.00	0.00	20.00	0.00	0	180.00	card	2026-07-11 16:37:37.566868	7	f	f	\N	\N	\N	percent	0.00	0.00	0.00	\N	\N	\N	f
919	\N	4	2	INV-002988	2026-07-11 17:26:06.288466	\N	\N	1350.00	0.00	0.00	0.00	0	1350.00	card	2026-07-11 17:26:06.288466	7	f	f	\N	\N	\N	percent	0.00	0.00	0.00	\N	\N	\N	f
912	\N	4	2	INV-002978	2026-07-11 16:54:10.471835	\N	\N	450.00	0.00	0.00	0.00	0	450.00	cash	2026-07-11 16:54:10.471835	7	f	f	\N	\N	\N	percent	0.00	0.00	0.00	\N	\N	\N	f
903	\N	4	2	INV-002966	2026-07-11 16:40:41.171648	\N	\N	522.00	0.00	58.00	0.00	0	522.00	card	2026-07-11 16:40:41.171648	7	f	f	\N	\N	\N	percent	0.00	0.00	0.00	\N	\N	\N	f
904	\N	4	2	INV-002967	2026-07-11 16:41:25.837048	\N	\N	2055.90	0.00	616.10	0.00	0	2055.90	cash	2026-07-11 16:41:25.837048	7	f	f	\N	\N	\N	percent	0.00	0.00	0.00	\N	\N	\N	f
925	\N	4	2	INV-002997	2026-07-11 17:40:05.825492	\N	\N	3152.50	0.00	397.50	0.00	0	3152.50	card	2026-07-11 17:40:05.825492	7	f	f	\N	\N	\N	percent	0.00	0.00	0.00	\N	\N	\N	f
913	\N	4	2	INV-002980	2026-07-11 16:58:19.264481	\N	\N	1070.60	0.00	35.40	0.00	0	1070.60	card	2026-07-11 16:58:19.264481	7	f	f	\N	\N	\N	percent	0.00	0.00	0.00	\N	\N	\N	f
905	\N	4	2	INV-002969	2026-07-11 16:42:59.377348	\N	\N	300.00	0.00	0.00	0.00	0	300.00	card	2026-07-11 16:42:59.377348	7	f	f	\N	\N	\N	percent	0.00	0.00	0.00	\N	\N	\N	f
906	\N	4	2	INV-002971	2026-07-11 16:43:50.939663	\N	\N	180.00	0.00	0.00	0.00	0	180.00	easypaisa	2026-07-11 16:43:50.939663	7	f	f	\N	\N	\N	percent	0.00	0.00	0.00	\N	\N	\N	f
920	\N	4	2	INV-002990	2026-07-11 17:27:18.426459	\N	\N	2484.85	0.00	206.15	0.00	0	2484.85	card	2026-07-11 17:27:18.426459	7	f	f	\N	\N	\N	percent	0.00	0.00	0.00	\N	\N	\N	f
914	\N	4	2	INV-002981	2026-07-11 17:01:53.427564	\N	\N	150.00	0.00	0.00	0.00	0	150.00	cash	2026-07-11 17:01:53.427564	7	f	f	\N	\N	\N	percent	0.00	0.00	0.00	\N	\N	\N	f
907	\N	4	2	INV-002972	2026-07-11 16:47:45.120987	\N	\N	60.00	0.00	0.00	0.00	0	60.00	cash	2026-07-11 16:47:45.120987	7	f	f	\N	\N	\N	percent	0.00	0.00	0.00	\N	\N	\N	f
930	\N	4	2	INV-003010	2026-07-11 17:49:30.638396	\N	\N	4735.65	0.00	961.35	0.00	0	4735.65	card	2026-07-11 17:49:30.638396	7	f	f	\N	\N	\N	percent	0.00	0.00	0.00	\N	\N	\N	f
915	\N	4	2	INV-002982	2026-07-11 17:07:49.594781	\N	\N	1077.50	0.00	52.50	0.00	0	1077.50	card	2026-07-11 17:07:49.594781	7	f	f	\N	\N	\N	percent	0.00	0.00	0.00	\N	\N	\N	f
921	\N	4	2	INV-002991	2026-07-11 17:29:22.409884	\N	\N	490.00	0.00	0.00	0.00	0	490.00	card	2026-07-11 17:29:22.409884	7	f	f	\N	\N	\N	percent	0.00	0.00	0.00	\N	\N	\N	f
916	\N	4	2	INV-002983	2026-07-11 17:13:17.398452	\N	\N	144.00	0.00	16.00	0.00	0	144.00	cash	2026-07-11 17:13:17.398452	7	f	f	\N	\N	\N	percent	0.00	0.00	0.00	\N	\N	\N	f
926	\N	4	2	INV-002999	2026-07-11 17:40:38.659512	\N	\N	250.00	0.00	0.00	0.00	0	250.00	cash	2026-07-11 17:40:38.659512	7	f	f	\N	\N	\N	percent	0.00	0.00	0.00	\N	\N	\N	f
938	\N	4	2	INV-003025	2026-07-11 17:56:21.984571	\N	\N	460.00	15.25	0.00	0.00	0	444.75	card	2026-07-11 17:56:21.984571	7	f	f	\N	\N	\N	percent	0.00	0.00	0.00	\N	\N	\N	f
922	\N	4	2	INV-002992	2026-07-11 17:31:53.61591	\N	\N	600.00	0.00	0.00	0.00	0	600.00	card	2026-07-11 17:31:53.61591	7	f	f	\N	\N	\N	percent	0.00	0.00	0.00	\N	\N	\N	f
927	\N	4	2	INV-003001	2026-07-11 17:41:49.034973	\N	\N	250.00	0.00	30.00	0.00	0	250.00	card	2026-07-11 17:41:49.034973	7	f	f	\N	\N	\N	fixed	2.00	0.00	0.00	\N	\N	\N	f
923	\N	4	2	INV-002993	2026-07-11 17:36:05.062262	\N	\N	850.00	0.00	0.00	0.00	0	850.00	card	2026-07-11 17:36:05.062262	7	f	f	\N	\N	\N	percent	0.00	0.00	0.00	\N	\N	\N	f
936	\N	4	2	INV-003022	2026-07-11 17:54:48.5694	\N	\N	410.00	0.00	0.00	0.00	0	410.00	cash	2026-07-11 17:54:48.5694	7	f	f	\N	\N	\N	percent	0.00	0.00	0.00	\N	\N	\N	f
931	\N	4	2	INV-003012	2026-07-11 17:49:56.129769	\N	\N	453.00	0.00	17.00	0.00	0	453.00	cash	2026-07-11 17:49:56.129769	7	f	f	\N	\N	\N	percent	0.00	0.00	0.00	\N	\N	\N	f
934	\N	4	2	INV-003019	2026-07-11 17:53:02.233434	\N	\N	1670.00	30.51	0.00	0.00	0	1639.49	cash	2026-07-11 17:53:02.233434	7	f	f	\N	\N	\N	percent	0.00	0.00	0.00	\N	\N	\N	f
928	\N	4	2	INV-003004	2026-07-11 17:46:53.519728	\N	\N	228.90	0.00	65.10	0.00	0	228.90	cash	2026-07-11 17:46:53.519728	7	f	f	\N	\N	\N	percent	0.00	0.00	0.00	\N	\N	\N	f
929	\N	4	2	INV-003006	2026-07-11 17:47:34.240751	\N	\N	200.00	0.00	0.00	0.00	0	200.00	card	2026-07-11 17:47:34.240751	7	f	f	\N	\N	\N	percent	0.00	0.00	0.00	\N	\N	\N	f
932	\N	4	2	INV-003014	2026-07-11 17:50:28.18437	\N	\N	370.00	0.00	0.00	0.00	0	370.00	cash	2026-07-11 17:50:28.18437	7	f	f	\N	\N	\N	percent	0.00	0.00	0.00	\N	\N	\N	f
941	\N	4	2	INV-003030	2026-07-11 18:02:12.927145	\N	\N	430.00	0.00	0.00	0.00	0	430.00	cash	2026-07-11 18:02:12.927145	7	f	f	\N	\N	\N	percent	0.00	0.00	0.00	\N	\N	\N	f
937	\N	4	2	INV-003023	2026-07-11 17:55:43.249593	\N	\N	100.00	15.25	0.00	0.00	0	84.75	cash	2026-07-11 17:55:43.249593	7	f	f	\N	\N	\N	percent	0.00	0.00	0.00	\N	\N	\N	f
935	\N	4	2	INV-003021	2026-07-11 17:53:38.044174	\N	\N	830.00	0.00	0.00	0.00	0	830.00	cash	2026-07-11 17:53:38.044174	7	f	f	\N	\N	\N	percent	0.00	0.00	0.00	\N	\N	\N	f
940	\N	4	2	INV-003029	2026-07-11 17:58:35.806746	\N	\N	350.00	0.00	0.00	0.00	0	350.00	card	2026-07-11 17:58:35.806746	7	f	f	\N	\N	\N	percent	0.00	0.00	0.00	\N	\N	\N	f
939	\N	4	2	INV-003027	2026-07-11 17:57:17.670251	\N	\N	1071.75	0.00	642.25	0.00	0	1071.75	card	2026-07-11 17:57:17.670251	7	f	f	\N	\N	\N	percent	0.00	0.00	0.00	\N	\N	\N	f
942	\N	4	2	INV-003032	2026-07-11 18:05:34.913675	\N	\N	240.00	0.00	0.00	0.00	0	240.00	cash	2026-07-11 18:05:34.913675	7	f	f	\N	\N	\N	percent	0.00	0.00	0.00	\N	\N	\N	f
943	\N	4	2	INV-003033	2026-07-11 18:06:12.832084	\N	\N	1062.50	0.00	187.50	0.00	0	1062.50	card	2026-07-11 18:06:12.832084	7	f	f	\N	\N	\N	percent	0.00	0.00	0.00	\N	\N	\N	f
944	\N	4	2	INV-003035	2026-07-11 18:07:40.586023	\N	\N	1577.55	0.00	271.45	0.00	0	1577.55	cash	2026-07-11 18:07:40.586023	7	f	f	\N	\N	\N	percent	0.00	0.00	0.00	\N	\N	\N	f
945	\N	4	2	INV-003039	2026-07-11 18:09:17.676676	\N	\N	250.00	0.00	30.00	0.00	0	250.00	cash	2026-07-11 18:09:17.676676	7	f	f	\N	\N	\N	fixed	2.00	0.00	0.00	\N	\N	\N	f
946	\N	4	2	INV-003041	2026-07-11 18:09:54.134186	\N	\N	200.00	0.00	0.00	0.00	0	200.00	card	2026-07-11 18:09:54.134186	7	f	f	\N	\N	\N	percent	0.00	0.00	0.00	\N	\N	\N	f
947	\N	4	2	INV-003045	2026-07-11 18:12:46.04864	\N	\N	945.45	57.97	156.55	0.00	0	887.48	card	2026-07-11 18:12:46.04864	7	f	f	\N	\N	\N	percent	0.00	0.00	0.00	\N	\N	\N	f
948	\N	4	2	INV-003047	2026-07-11 18:13:25.80514	\N	\N	20.00	0.00	0.00	0.00	0	20.00	cash	2026-07-11 18:13:25.80514	7	f	f	\N	\N	\N	percent	0.00	0.00	0.00	\N	\N	\N	f
949	\N	4	2	INV-003049	2026-07-11 18:14:07.940085	\N	\N	350.00	0.00	0.00	0.00	0	350.00	cash	2026-07-11 18:14:07.940085	7	f	f	\N	\N	\N	percent	0.00	0.00	0.00	\N	\N	\N	f
963	\N	4	2	INV-003067	2026-07-11 18:44:50.354462	\N	\N	300.00	0.00	0.00	0.00	0	300.00	cash	2026-07-11 18:44:50.354462	7	f	f	\N	\N	\N	percent	0.00	0.00	0.00	\N	\N	\N	f
950	\N	4	2	INV-003051	2026-07-11 18:15:37.868376	\N	\N	200.00	0.00	0.00	0.00	0	200.00	cash	2026-07-11 18:15:37.868376	7	f	f	\N	\N	\N	percent	0.00	0.00	0.00	\N	\N	\N	f
979	\N	4	2	INV-003084	2026-07-11 19:18:23.748557	\N	\N	800.00	16.78	280.00	0.00	0	783.22	cash	2026-07-11 19:18:23.748557	8	f	f	\N	\N	\N	percent	0.00	0.00	0.00	\N	\N	\N	f
951	\N	4	2	INV-003052	2026-07-11 18:24:47.896771	\N	\N	710.60	0.00	265.40	0.00	0	710.60	cash	2026-07-11 18:24:47.896771	7	f	f	\N	\N	\N	percent	0.00	0.00	0.00	\N	\N	\N	f
964	\N	4	2	INV-003063	2026-07-11 18:51:13.181402	\N	\N	200.00	0.00	0.00	0.00	0	200.00	cash	2026-07-11 18:51:13.181402	8	f	f	\N	\N	\N	percent	0.00	0.00	0.00	\N	\N	\N	f
952	\N	4	2	INV-003053	2026-07-11 18:25:56.832064	\N	\N	2099.00	0.00	1201.00	0.00	0	2099.00	card	2026-07-11 18:25:56.832064	7	f	f	\N	\N	\N	percent	0.00	0.00	0.00	\N	\N	\N	f
973	\N	4	2	INV-003078	2026-07-11 19:08:53.695981	\N	\N	975.00	0.00	655.00	0.00	0	975.00	card	2026-07-11 19:08:53.695981	8	f	f	\N	\N	\N	percent	0.00	0.00	0.00	\N	\N	\N	f
953	\N	4	2	INV-003054	2026-07-11 18:27:24.377429	\N	\N	110.00	0.00	0.00	0.00	0	110.00	cash	2026-07-11 18:27:24.377429	7	f	f	\N	\N	\N	percent	0.00	0.00	0.00	\N	\N	\N	f
965	\N	4	2	INV-003068	2026-07-11 18:52:56.457595	\N	\N	120.00	0.00	0.00	0.00	0	120.00	cash	2026-07-11 18:52:56.457595	7	f	f	\N	\N	\N	percent	0.00	0.00	0.00	\N	\N	\N	f
954	\N	4	2	INV-003055	2026-07-11 18:28:10.456141	\N	\N	288.00	0.00	32.00	0.00	0	288.00	cash	2026-07-11 18:28:10.456141	7	f	f	\N	\N	\N	percent	0.00	0.00	0.00	\N	\N	\N	f
955	\N	4	2	INV-003044	2026-07-11 18:30:59.792515	\N	\N	160.00	0.00	0.00	0.00	0	160.00	card	2026-07-11 18:30:59.792515	8	f	f	\N	\N	\N	percent	0.00	0.00	0.00	\N	\N	\N	f
966	\N	4	2	INV-003070	2026-07-11 18:53:47.237771	\N	\N	1370.00	0.00	294.00	0.00	0	1370.00	cash	2026-07-11 18:53:47.237771	7	f	f	\N	\N	\N	fixed	7.30	0.00	0.00	\N	\N	\N	f
956	\N	4	2	INV-003057	2026-07-11 18:31:40.960481	\N	\N	977.50	0.00	172.50	0.00	0	977.50	cash	2026-07-11 18:31:40.960481	7	f	f	\N	\N	\N	percent	0.00	0.00	0.00	\N	\N	\N	f
988	\N	4	2	INV-003098	2026-07-11 19:36:10.172629	\N	\N	775.00	0.00	175.00	0.00	0	775.00	card	2026-07-11 19:36:10.172629	7	f	f	\N	\N	\N	percent	0.00	0.00	0.00	\N	\N	\N	f
974	\N	4	2	INV-003079	2026-07-11 19:11:36.920998	\N	\N	390.00	59.49	120.00	0.00	0	330.51	card	2026-07-11 19:11:36.920998	8	f	f	\N	\N	\N	percent	0.00	0.00	0.00	\N	\N	\N	f
957	\N	4	2	INV-003060	2026-07-11 18:32:47.594067	\N	\N	250.00	0.00	0.00	0.00	0	250.00	card	2026-07-11 18:32:47.594067	7	f	f	\N	\N	\N	percent	0.00	0.00	0.00	\N	\N	\N	f
967	\N	4	2	INV-003071	2026-07-11 18:55:26.243825	\N	\N	125.00	0.00	45.00	0.00	0	125.00	cash	2026-07-11 18:55:26.243825	7	f	f	\N	\N	\N	percent	0.00	0.00	0.00	\N	\N	\N	f
958	\N	4	2	INV-003061	2026-07-11 18:36:36.596892	\N	\N	530.00	0.00	90.00	0.00	0	530.00	cash	2026-07-11 18:36:36.596892	7	f	f	\N	\N	\N	percent	0.00	0.00	0.00	\N	\N	\N	f
980	\N	4	2	INV-003086	2026-07-11 19:18:55.40508	\N	\N	250.00	0.00	0.00	0.00	0	250.00	cash	2026-07-11 19:18:55.40508	8	f	f	\N	\N	\N	percent	0.00	0.00	0.00	\N	\N	\N	f
959	\N	4	2	INV-003058	2026-07-11 18:37:25.901766	\N	\N	1354.50	0.00	215.50	0.00	0	1354.50	card	2026-07-11 18:37:25.901766	8	f	f	\N	\N	\N	percent	0.00	0.00	0.00	\N	\N	\N	f
968	\N	4	2	INV-003073	2026-07-11 18:56:36.482627	\N	\N	1240.00	0.00	0.00	0.00	0	1240.00	card	2026-07-11 18:56:36.482627	7	f	f	\N	\N	\N	percent	0.00	0.00	0.00	\N	\N	\N	f
960	\N	4	2	INV-003062	2026-07-11 18:41:42.123528	\N	\N	2609.00	0.00	1201.00	0.00	0	2609.00	card	2026-07-11 18:41:42.123528	7	f	f	\N	\N	\N	percent	0.00	0.00	0.00	\N	\N	\N	f
975	\N	4	2	INV-003080	2026-07-11 19:13:18.115037	\N	\N	637.50	0.00	112.50	0.00	0	637.50	card	2026-07-11 19:13:18.115037	8	f	f	\N	\N	\N	percent	0.00	0.00	0.00	\N	\N	\N	f
961	\N	4	2	INV-003065	2026-07-11 18:42:22.52512	\N	\N	370.00	0.00	0.00	0.00	0	370.00	cash	2026-07-11 18:42:22.52512	7	f	f	\N	\N	\N	percent	0.00	0.00	0.00	\N	\N	\N	f
969	\N	4	2	INV-003074	2026-07-11 18:57:49.168693	\N	\N	195.00	0.00	45.00	0.00	0	195.00	cash	2026-07-11 18:57:49.168693	7	f	f	\N	\N	\N	percent	0.00	0.00	0.00	\N	\N	\N	f
962	\N	4	2	INV-003066	2026-07-11 18:43:19.037828	\N	\N	1955.00	0.00	345.00	0.00	0	1955.00	cash	2026-07-11 18:43:19.037828	7	f	f	\N	\N	\N	percent	0.00	0.00	0.00	\N	\N	\N	f
985	\N	4	2	INV-003093	2026-07-11 19:24:07.700491	\N	\N	590.00	0.00	0.00	0.00	0	590.00	cash	2026-07-11 19:24:07.700491	7	f	f	\N	\N	\N	percent	0.00	0.00	0.00	\N	\N	\N	f
976	\N	4	2	INV-003081	2026-07-11 19:14:19.524542	\N	\N	1759.50	0.00	310.50	0.00	0	1759.50	card	2026-07-11 19:14:19.524542	8	f	f	\N	\N	\N	percent	0.00	0.00	0.00	\N	\N	\N	f
970	\N	4	2	INV-002986	2026-07-11 18:58:40.260813	\N	0	2630.00	0.00	1040.00	0.00	0	2630.00	easypaisa	2026-07-11 18:58:40.260813	7	f	f	\N	\N	delivery	percent	0.00	0.00	0.00	\N	\N	\N	f
981	\N	4	2	INV-003087	2026-07-11 19:19:41.029866	\N	\N	100.00	0.00	0.00	0.00	0	100.00	cash	2026-07-11 19:19:41.029866	8	f	f	\N	\N	\N	percent	0.00	0.00	0.00	\N	\N	\N	f
971	\N	4	2	INV-003076	2026-07-11 19:01:36.750205	\N	\N	245.25	0.00	69.75	0.00	0	245.25	cash	2026-07-11 19:01:36.750205	7	f	f	\N	\N	\N	percent	0.00	0.00	0.00	\N	\N	\N	f
972	\N	4	2	INV-003069	2026-07-11 19:06:13.938231	\N	\N	1062.50	0.00	187.50	0.00	0	1062.50	card	2026-07-11 19:06:13.938231	8	f	f	\N	\N	\N	percent	0.00	0.00	0.00	\N	\N	\N	f
991	\N	4	2	INV-003103	2026-07-11 19:39:15.144491	\N	\N	1903.55	0.00	705.45	0.00	0	1903.55	card	2026-07-11 19:39:15.144491	7	f	f	\N	\N	\N	percent	0.00	0.00	0.00	\N	\N	\N	f
977	\N	4	2	INV-003083	2026-07-11 19:15:18.807078	\N	\N	950.00	0.00	400.00	0.00	0	950.00	card	2026-07-11 19:15:18.807078	8	f	f	\N	\N	\N	percent	0.00	0.00	0.00	\N	\N	\N	f
982	\N	4	2	INV-003088	2026-07-11 19:20:43.332355	\N	\N	2099.00	0.00	1201.00	0.00	0	2099.00	card	2026-07-11 19:20:43.332355	8	f	f	\N	\N	\N	percent	0.00	0.00	0.00	\N	\N	\N	f
978	\N	4	2	INV-003082	2026-07-11 19:17:52.315136	\N	\N	1209.15	0.00	289.85	0.00	0	1209.15	cash	2026-07-11 19:17:52.315136	7	f	f	\N	\N	\N	percent	0.00	0.00	0.00	\N	\N	\N	f
986	\N	4	2	INV-003094	2026-07-11 19:27:48.860273	\N	\N	180.00	0.00	58.00	0.00	0	180.00	cash	2026-07-11 19:27:48.860273	7	f	f	\N	\N	\N	fixed	5.30	0.00	0.00	\N	\N	\N	f
989	\N	4	2	INV-003100	2026-07-11 19:36:55.210494	\N	\N	250.00	0.00	30.00	0.00	0	250.00	cash	2026-07-11 19:36:55.210494	7	f	f	\N	\N	\N	fixed	2.00	0.00	0.00	\N	\N	\N	f
983	\N	4	2	INV-003089	2026-07-11 19:22:03.837851	\N	\N	550.00	0.00	0.00	0.00	0	550.00	cash	2026-07-11 19:22:03.837851	8	f	f	\N	\N	\N	percent	0.00	0.00	0.00	\N	\N	\N	f
984	\N	4	2	INV-003091	2026-07-11 19:22:43.130501	\N	\N	2099.00	0.00	1201.00	0.00	0	2099.00	cash	2026-07-11 19:22:43.130501	7	f	f	\N	\N	\N	percent	0.00	0.00	0.00	\N	\N	\N	f
987	\N	4	2	INV-003095	2026-07-11 19:35:21.936769	\N	\N	770.00	0.00	20.00	0.00	0	770.00	card	2026-07-11 19:35:21.936769	7	f	f	\N	\N	\N	percent	0.00	0.00	0.00	\N	\N	\N	f
992	\N	4	2	INV-003106	2026-07-11 19:39:41.994924	\N	\N	200.00	0.00	0.00	0.00	0	200.00	cash	2026-07-11 19:39:41.994924	7	f	f	\N	\N	\N	percent	0.00	0.00	0.00	\N	\N	\N	f
990	\N	4	2	INV-003101	2026-07-11 19:38:27.220712	\N	\N	600.00	0.00	230.00	0.00	0	600.00	card	2026-07-11 19:38:27.220712	7	f	f	\N	\N	\N	percent	0.00	0.00	0.00	\N	\N	\N	f
995	\N	4	2	INV-003113	2026-07-11 19:44:35.284854	\N	\N	900.00	0.00	600.00	0.00	0	900.00	cash	2026-07-11 19:44:35.284854	7	f	f	\N	\N	\N	percent	0.00	0.00	0.00	\N	\N	\N	f
994	\N	4	2	INV-003111	2026-07-11 19:42:28.678282	\N	\N	60.00	0.00	0.00	0.00	0	60.00	cash	2026-07-11 19:42:28.678282	7	f	f	\N	\N	\N	percent	0.00	0.00	0.00	\N	\N	\N	f
998	\N	4	2	INV-003115	2026-07-11 19:45:21.706984	\N	\N	250.00	0.00	0.00	0.00	0	250.00	cash	2026-07-11 19:45:21.706984	8	f	f	\N	\N	\N	percent	0.00	0.00	0.00	\N	\N	\N	f
993	\N	4	2	INV-003109	2026-07-11 19:41:33.020867	\N	\N	3300.00	0.00	370.00	0.00	0	3300.00	cash	2026-07-11 19:41:33.020867	7	f	f	\N	\N	\N	fixed	10.00	0.00	0.00	\N	\N	\N	f
997	\N	4	2	INV-003112	2026-07-11 19:45:09.012204	\N	\N	1826.05	0.00	426.95	0.00	0	1826.05	card	2026-07-11 19:45:09.012204	7	f	f	\N	\N	\N	percent	0.00	0.00	0.00	\N	\N	\N	f
996	\N	4	2	INV-003105	2026-07-11 19:44:36.827912	\N	\N	550.00	0.00	150.00	0.00	0	550.00	cash	2026-07-11 19:44:36.827912	8	f	f	\N	\N	\N	percent	0.00	0.00	0.00	\N	\N	\N	f
999	\N	4	2	INV-003116	2026-07-11 19:51:35.441621	\N	\N	410.00	0.00	0.00	0.00	0	410.00	cash	2026-07-11 19:51:35.441621	7	f	f	\N	\N	\N	percent	0.00	0.00	0.00	\N	\N	\N	f
1000	\N	4	2	INV-003119	2026-07-11 19:52:37.649686	\N	\N	10.00	0.00	0.00	0.00	0	10.00	cash	2026-07-11 19:52:37.649686	7	f	f	\N	\N	\N	percent	0.00	0.00	0.00	\N	\N	\N	f
1001	\N	4	2	INV-003120	2026-07-11 19:58:19.09691	\N	\N	507.00	0.00	24.00	0.00	0	507.00	card	2026-07-11 19:58:19.09691	7	f	f	\N	\N	\N	percent	0.00	0.00	0.00	\N	\N	\N	f
1002	\N	4	2	INV-003121	2026-07-11 19:59:00.380303	\N	\N	10.00	0.00	0.00	0.00	0	10.00	cash	2026-07-11 19:59:00.380303	7	f	f	\N	\N	\N	percent	0.00	0.00	0.00	\N	\N	\N	f
1003	\N	4	2	INV-003123	2026-07-11 20:02:16.025331	\N	\N	130.00	0.00	20.00	0.00	0	130.00	cash	2026-07-11 20:02:16.025331	7	f	f	\N	\N	\N	fixed	5.00	0.00	0.00	\N	\N	\N	f
1004	\N	4	2	INV-003125	2026-07-11 20:12:06.674116	\N	\N	120.00	0.00	0.00	0.00	0	120.00	cash	2026-07-11 20:12:06.674116	7	f	f	\N	\N	\N	percent	0.00	0.00	0.00	\N	\N	\N	f
1005	\N	4	2	INV-003127	2026-07-11 20:16:32.995125	\N	\N	999.55	0.00	159.45	0.00	0	999.55	cash	2026-07-11 20:16:32.995125	7	f	f	\N	\N	\N	fixed	10.00	0.00	0.00	\N	\N	\N	f
1019	\N	4	2	INV-003148	2026-07-11 20:34:36.086412	\N	\N	1395.00	0.00	528.00	0.00	0	1395.00	card	2026-07-11 20:34:36.086412	7	f	f	\N	\N	\N	fixed	0.35	0.00	0.00	\N	\N	\N	f
1006	\N	4	2	INV-003128	2026-07-11 20:17:49.047846	\N	\N	225.00	0.00	25.00	0.00	0	225.00	cash	2026-07-11 20:17:49.047846	7	f	f	\N	\N	\N	percent	0.00	0.00	0.00	\N	\N	\N	f
1036	\N	4	2	INV-003175	2026-07-11 21:03:57.761447	\N	\N	50.00	0.00	0.00	0.00	0	50.00	cash	2026-07-11 21:03:57.761447	7	f	f	\N	\N	\N	percent	0.00	0.00	0.00	\N	\N	\N	f
1007	\N	4	2	INV-003117	2026-07-11 20:18:08.558996	\N	\N	980.00	0.00	0.00	0.00	0	980.00	card	2026-07-11 20:18:08.558996	8	f	f	\N	\N	\N	percent	0.00	0.00	0.00	\N	\N	\N	f
1020	\N	4	2	INV-003149	2026-07-11 20:35:31.741279	\N	\N	1051.55	0.00	257.45	0.00	0	1051.55	card	2026-07-11 20:35:31.741279	7	f	f	\N	\N	\N	percent	0.00	0.00	0.00	\N	\N	\N	f
1008	\N	4	2	INV-003129	2026-07-11 20:18:44.141107	\N	\N	180.00	0.00	0.00	0.00	0	180.00	cash	2026-07-11 20:18:44.141107	7	f	f	\N	\N	\N	percent	0.00	0.00	0.00	\N	\N	\N	f
1029	\N	4	2	INV-003164	2026-07-11 20:52:53.422645	\N	\N	1630.00	0.00	460.00	0.00	0	1630.00	card	2026-07-11 20:52:53.422645	7	f	f	\N	\N	\N	percent	0.00	0.00	0.00	\N	\N	\N	f
1009	\N	4	2	INV-003131	2026-07-11 20:20:56.227351	\N	\N	935.00	0.00	165.00	0.00	0	935.00	cash	2026-07-11 20:20:56.227351	7	f	f	\N	\N	\N	percent	0.00	0.00	0.00	\N	\N	\N	f
1021	\N	4	2	INV-003151	2026-07-11 20:36:56.428298	\N	\N	2224.00	0.00	1246.00	0.00	0	2224.00	card	2026-07-11 20:36:56.428298	7	f	f	\N	\N	\N	percent	0.00	0.00	0.00	\N	\N	\N	f
1010	\N	4	2	INV-003130	2026-07-11 20:22:50.998419	\N	\N	125.00	0.00	45.00	0.00	0	125.00	cash	2026-07-11 20:22:50.998419	8	f	f	\N	\N	\N	percent	0.00	0.00	0.00	\N	\N	\N	f
1041	\N	4	2	INV-003184	2026-07-11 21:09:55.191433	\N	\N	540.00	60.86	29.00	0.00	0	479.14	cash	2026-07-11 21:09:55.191433	7	f	f	\N	\N	\N	fixed	3.50	0.00	0.00	\N	\N	\N	f
1011	\N	4	2	INV-003134	2026-07-11 20:23:56.170389	\N	\N	1123.00	0.00	247.00	0.00	0	1123.00	card	2026-07-11 20:23:56.170389	7	f	f	\N	\N	\N	percent	0.00	0.00	0.00	\N	\N	\N	f
1022	\N	4	2	INV-003152	2026-07-11 20:43:14.892087	\N	\N	320.00	0.00	0.00	0.00	0	320.00	card	2026-07-11 20:43:14.892087	7	f	f	\N	\N	\N	percent	0.00	0.00	0.00	\N	\N	\N	f
1012	\N	4	2	INV-003133	2026-07-11 20:25:29.402335	\N	\N	100.00	0.00	0.00	0.00	0	100.00	cash	2026-07-11 20:25:29.402335	8	f	f	\N	\N	\N	percent	0.00	0.00	0.00	\N	\N	\N	f
1030	\N	4	2	INV-003165	2026-07-11 20:54:24.121673	\N	\N	250.00	0.00	50.00	0.00	0	250.00	cash	2026-07-11 20:54:24.121673	7	f	f	\N	\N	\N	fixed	5.00	0.00	0.00	\N	\N	\N	f
1013	\N	4	2	INV-003137	2026-07-11 20:27:31.618427	\N	\N	858.60	0.00	329.40	0.00	0	858.60	card	2026-07-11 20:27:31.618427	8	f	f	\N	\N	\N	percent	0.00	0.00	0.00	\N	\N	\N	f
1023	\N	4	2	INV-003154	2026-07-11 20:44:03.066862	\N	\N	477.00	0.00	13.00	0.00	0	477.00	card	2026-07-11 20:44:03.066862	7	f	f	\N	\N	\N	percent	0.00	0.00	0.00	\N	\N	\N	f
1014	\N	4	2	INV-003136	2026-07-11 20:28:19.636671	\N	\N	4000.00	0.00	915.00	0.00	0	4000.00	cash	2026-07-11 20:28:19.636671	7	f	f	\N	\N	\N	fixed	5.75	0.00	0.00	\N	\N	\N	f
1037	\N	4	2	INV-003177	2026-07-11 21:07:13.58214	\N	\N	1789.00	0.00	1360.00	0.00	0	1789.00	cash	2026-07-11 21:07:13.58214	7	f	f	\N	\N	\N	percent	0.00	0.00	0.00	\N	\N	\N	f
1015	\N	4	2	INV-003140	2026-07-11 20:28:59.7604	\N	\N	110.00	0.00	0.00	0.00	0	110.00	cash	2026-07-11 20:28:59.7604	7	f	f	\N	\N	\N	percent	0.00	0.00	0.00	\N	\N	\N	f
1024	\N	4	2	INV-003156	2026-07-11 20:44:59.776274	\N	\N	135.00	0.00	45.00	0.00	0	135.00	cash	2026-07-11 20:44:59.776274	7	f	f	\N	\N	\N	percent	0.00	0.00	0.00	\N	\N	\N	f
1016	\N	4	2	INV-003138	2026-07-11 20:29:21.156457	\N	\N	125.00	0.00	45.00	0.00	0	125.00	card	2026-07-11 20:29:21.156457	8	f	f	\N	\N	\N	percent	0.00	0.00	0.00	\N	\N	\N	f
1031	\N	4	2	INV-003166	2026-07-11 20:54:57.124787	\N	\N	390.00	0.00	310.00	0.00	0	390.00	cash	2026-07-11 20:54:57.124787	7	f	f	\N	\N	\N	percent	0.00	0.00	0.00	\N	\N	\N	f
1017	\N	4	2	INV-003143	2026-07-11 20:29:48.287882	\N	\N	200.00	0.00	10.00	0.00	0	200.00	cash	2026-07-11 20:29:48.287882	7	f	f	\N	\N	\N	fixed	4.00	0.00	0.00	\N	\N	\N	f
1025	\N	4	2	INV-003158	2026-07-11 20:46:06.196814	\N	\N	20.00	0.00	0.00	0.00	0	20.00	cash	2026-07-11 20:46:06.196814	7	f	f	\N	\N	\N	percent	0.00	0.00	0.00	\N	\N	\N	f
1018	\N	4	2	INV-003145	2026-07-11 20:30:28.834743	\N	\N	649.00	0.00	0.00	0.00	0	649.00	cash	2026-07-11 20:30:28.834743	7	f	f	\N	\N	\N	percent	0.00	0.00	0.00	\N	\N	\N	f
1050	\N	4	2	INV-003194	2026-07-11 21:28:32.208175	\N	\N	1040.00	0.00	20.00	0.00	0	1040.00	card	2026-07-11 21:28:32.208175	8	f	f	\N	\N	\N	percent	0.00	0.00	0.00	\N	\N	\N	f
1048	\N	4	2	INV-003190	2026-07-11 21:24:32.155099	\N	\N	490.00	0.00	0.00	0.00	0	490.00	card	2026-07-11 21:24:32.155099	8	f	f	\N	\N	\N	percent	0.00	0.00	0.00	\N	\N	\N	f
1032	\N	4	2	INV-003167	2026-07-11 20:56:36.496995	\N	\N	60.00	0.00	0.00	0.00	0	60.00	cash	2026-07-11 20:56:36.496995	7	f	f	\N	\N	\N	percent	0.00	0.00	0.00	\N	\N	\N	f
1026	\N	4	2	INV-003160	2026-07-11 20:47:04.922749	\N	\N	400.00	0.00	0.00	0.00	0	400.00	cash	2026-07-11 20:47:04.922749	7	f	f	\N	\N	\N	percent	0.00	0.00	0.00	\N	\N	\N	f
1038	\N	4	2	INV-003178	2026-07-11 21:08:08.187098	\N	\N	100.00	0.00	43.00	0.00	0	100.00	cash	2026-07-11 21:08:08.187098	7	f	f	\N	\N	\N	fixed	3.35	0.00	0.00	\N	\N	\N	f
1027	\N	4	2	INV-003162	2026-07-11 20:47:35.186381	\N	\N	180.00	0.00	20.00	0.00	0	180.00	cash	2026-07-11 20:47:35.186381	7	f	f	\N	\N	\N	percent	0.00	0.00	0.00	\N	\N	\N	f
1033	\N	4	2	INV-003168	2026-07-11 20:58:56.171497	\N	\N	180.00	0.00	0.00	0.00	0	180.00	cash	2026-07-11 20:58:56.171497	7	f	f	\N	\N	\N	percent	0.00	0.00	0.00	\N	\N	\N	f
1028	\N	4	2	INV-003163	2026-07-11 20:49:56.62213	\N	\N	100.30	0.00	17.70	0.00	0	100.30	cash	2026-07-11 20:49:56.62213	7	f	f	\N	\N	\N	percent	0.00	0.00	0.00	\N	\N	\N	f
1042	\N	4	2	INV-003186	2026-07-11 21:13:24.492499	\N	\N	690.00	0.00	280.00	0.00	0	690.00	card	2026-07-11 21:13:24.492499	7	f	f	\N	\N	\N	percent	0.00	0.00	0.00	\N	\N	\N	f
1034	\N	4	2	INV-003170	2026-07-11 21:00:19.294016	\N	\N	1400.00	0.00	1060.00	0.00	0	1400.00	cash	2026-07-11 21:00:19.294016	7	f	f	\N	\N	\N	percent	0.00	0.00	0.00	\N	\N	\N	f
1039	\N	4	2	INV-003180	2026-07-11 21:08:41.885617	\N	\N	125.00	0.00	45.00	0.00	0	125.00	card	2026-07-11 21:08:41.885617	7	f	f	\N	\N	\N	percent	0.00	0.00	0.00	\N	\N	\N	f
1035	\N	4	2	INV-003172	2026-07-11 21:00:57.962593	\N	\N	220.00	0.00	30.00	0.00	0	220.00	cash	2026-07-11 21:00:57.962593	7	f	f	\N	\N	\N	fixed	5.00	0.00	0.00	\N	\N	\N	f
1045	\N	4	2	INV-003097	2026-07-11 21:18:35.015769	\N	0	840.00	0.00	280.00	0.00	0	840.00	cash	2026-07-11 21:18:35.015769	8	f	f	\N	\N	delivery	percent	0.00	0.00	0.00	\N	\N	\N	f
1043	\N	4	2	INV-003187	2026-07-11 21:17:37.049966	\N	\N	300.00	0.00	0.00	0.00	0	300.00	card	2026-07-11 21:17:37.049966	7	f	f	\N	\N	\N	percent	0.00	0.00	0.00	\N	\N	\N	f
1040	\N	4	2	INV-003182	2026-07-11 21:09:11.133465	\N	\N	180.00	0.00	0.00	0.00	0	180.00	cash	2026-07-11 21:09:11.133465	7	f	f	\N	\N	\N	percent	0.00	0.00	0.00	\N	\N	\N	f
1046	\N	4	2	INV-003188	2026-07-11 21:21:59.900133	\N	\N	100.00	0.00	0.00	0.00	0	100.00	card	2026-07-11 21:21:59.900133	7	f	f	\N	\N	\N	percent	0.00	0.00	0.00	\N	\N	\N	f
1044	\N	4	2	INV-003090	2026-07-11 21:17:58.451358	\N	0	1530.00	0.00	340.00	0.00	0	1530.00	cash	2026-07-11 21:17:58.451358	8	f	f	\N	\N	delivery	percent	0.00	0.00	0.00	\N	\N	\N	f
1053	\N	4	2	INV-003199	2026-07-11 21:32:58.795687	\N	\N	250.00	0.00	0.00	0.00	0	250.00	cash	2026-07-11 21:32:58.795687	7	f	f	\N	\N	\N	percent	0.00	0.00	0.00	\N	\N	\N	f
1049	\N	4	2	INV-003193	2026-07-11 21:26:34.896951	\N	\N	360.00	0.00	0.00	0.00	0	360.00	card	2026-07-11 21:26:34.896951	8	f	f	\N	\N	\N	percent	0.00	0.00	0.00	\N	\N	\N	f
1047	\N	4	2	INV-003191	2026-07-11 21:23:12.032729	\N	\N	750.00	0.00	0.00	0.00	0	750.00	cash	2026-07-11 21:23:12.032729	7	f	f	\N	\N	\N	percent	0.00	0.00	0.00	\N	\N	\N	f
1052	\N	4	2	INV-003197	2026-07-11 21:30:13.126845	\N	\N	10.00	0.00	0.00	0.00	0	10.00	cash	2026-07-11 21:30:13.126845	7	f	f	\N	\N	\N	percent	0.00	0.00	0.00	\N	\N	\N	f
1051	\N	4	2	INV-003192	2026-07-11 21:28:47.503801	\N	\N	170.00	0.00	0.00	0.00	0	170.00	cash	2026-07-11 21:28:47.503801	7	f	f	\N	\N	\N	percent	0.00	0.00	0.00	\N	\N	\N	f
1054	\N	4	2	INV-003195	2026-07-11 21:33:55.620883	\N	\N	430.00	0.00	20.00	0.00	0	430.00	card	2026-07-11 21:33:55.620883	8	f	f	\N	\N	\N	percent	0.00	0.00	0.00	\N	\N	\N	f
1055	\N	4	2	INV-003124	2026-07-11 21:34:19.594007	\N	0	1940.00	0.00	760.00	0.00	0	1940.00	easypaisa	2026-07-11 21:34:19.594007	7	f	f	\N	\N	delivery	percent	0.00	0.00	0.00	\N	\N	\N	f
1056	\N	4	2	INV-003201	2026-07-11 21:34:45.489128	\N	\N	350.00	0.00	0.00	0.00	0	350.00	card	2026-07-11 21:34:45.489128	8	f	f	\N	\N	\N	percent	0.00	0.00	0.00	\N	\N	\N	f
1057	\N	4	2	INV-003174	2026-07-11 21:35:08.655171	\N	0	2110.00	0.00	0.00	0.00	0	2110.00	cash	2026-07-11 21:35:08.655171	7	f	f	\N	\N	delivery	percent	0.00	0.00	0.00	\N	\N	\N	f
1058	\N	4	2	INV-003203	2026-07-11 21:35:22.814084	\N	\N	490.00	0.00	0.00	0.00	0	490.00	cash	2026-07-11 21:35:22.814084	8	f	f	\N	\N	\N	percent	0.00	0.00	0.00	\N	\N	\N	f
1059	\N	4	2	INV-003176	2026-07-11 21:35:34.887208	\N	0	555.00	0.00	45.00	0.00	0	555.00	cash	2026-07-11 21:35:34.887208	7	f	f	\N	\N	delivery	percent	0.00	0.00	0.00	\N	\N	\N	f
1060	\N	4	2	INV-003206	2026-07-11 21:36:41.65841	\N	\N	150.00	0.00	20.00	0.00	0	150.00	cash	2026-07-11 21:36:41.65841	7	f	f	\N	\N	\N	fixed	3.00	0.00	0.00	\N	\N	\N	f
1074	\N	4	2	INV-003231	2026-07-11 21:58:59.82388	\N	\N	580.00	0.00	0.00	0.00	0	580.00	cash	2026-07-11 21:58:59.82388	7	f	f	\N	\N	\N	percent	0.00	0.00	0.00	\N	\N	\N	f
1061	\N	4	2	INV-003209	2026-07-11 21:37:38.76646	\N	\N	70.00	0.00	0.00	0.00	0	70.00	cash	2026-07-11 21:37:38.76646	7	f	f	\N	\N	\N	percent	0.00	0.00	0.00	\N	\N	\N	f
1091	\N	4	2	INV-003258	2026-07-11 22:41:09.032281	\N	\N	150.00	0.00	0.00	0.00	0	150.00	cash	2026-07-11 22:41:09.032281	7	f	f	\N	\N	\N	percent	0.00	0.00	0.00	\N	\N	\N	f
1084	\N	4	2	INV-003250	2026-07-11 22:19:44.1249	\N	\N	600.00	0.00	0.00	0.00	0	600.00	cash	2026-07-11 22:19:44.1249	7	f	f	\N	\N	\N	percent	0.00	0.00	0.00	\N	\N	\N	f
1062	\N	4	2	INV-003211	2026-07-11 21:38:45.657475	\N	\N	315.00	0.00	35.00	0.00	0	315.00	cash	2026-07-11 21:38:45.657475	7	f	f	\N	\N	\N	percent	0.00	0.00	0.00	\N	\N	\N	f
1075	\N	4	2	INV-003233	2026-07-11 21:59:46.208653	\N	\N	100.00	0.00	0.00	0.00	0	100.00	cash	2026-07-11 21:59:46.208653	7	f	f	\N	\N	\N	percent	0.00	0.00	0.00	\N	\N	\N	f
1063	\N	4	2	INV-003212	2026-07-11 21:43:02.729047	\N	\N	999.00	0.00	0.00	0.00	0	999.00	cash	2026-07-11 21:43:02.729047	7	f	f	\N	\N	\N	percent	0.00	0.00	0.00	\N	\N	\N	f
1064	\N	4	2	INV-003214	2026-07-11 21:44:45.984321	\N	\N	58.50	0.00	6.50	0.00	0	58.50	cash	2026-07-11 21:44:45.984321	7	f	f	\N	\N	\N	percent	0.00	0.00	0.00	\N	\N	\N	f
1076	\N	4	2	INV-003235	2026-07-11 22:00:37.35358	\N	\N	200.00	0.00	0.00	0.00	0	200.00	cash	2026-07-11 22:00:37.35358	7	f	f	\N	\N	\N	percent	0.00	0.00	0.00	\N	\N	\N	f
1065	\N	4	2	INV-003216	2026-07-11 21:47:15.654123	\N	\N	200.00	0.00	0.00	0.00	0	200.00	cash	2026-07-11 21:47:15.654123	7	f	f	\N	\N	\N	percent	0.00	0.00	0.00	\N	\N	\N	f
1085	\N	4	2	INV-003234	2026-07-11 22:20:17.250635	\N	\N	770.00	0.00	20.00	0.00	0	770.00	card	2026-07-11 22:20:17.250635	8	f	f	\N	\N	\N	fixed	0.00	0.00	0.00	\N	\N	\N	f
1066	\N	4	2	INV-003218	2026-07-11 21:47:42.879165	\N	\N	180.00	0.00	20.00	0.00	0	180.00	cash	2026-07-11 21:47:42.879165	7	f	f	\N	\N	\N	percent	0.00	0.00	0.00	\N	\N	\N	f
1077	\N	4	2	INV-003237	2026-07-11 22:04:42.872295	\N	\N	150.00	0.00	20.00	0.00	0	150.00	cash	2026-07-11 22:04:42.872295	7	f	f	\N	\N	\N	fixed	3.00	0.00	0.00	\N	\N	\N	f
1067	\N	4	2	INV-003220	2026-07-11 21:49:39.834819	\N	\N	740.00	0.00	0.00	0.00	0	740.00	card	2026-07-11 21:49:39.834819	7	f	f	\N	\N	\N	percent	0.00	0.00	0.00	\N	\N	\N	f
1100	\N	4	2	INV-003266	2026-07-11 23:07:29.229744	\N	\N	470.00	0.00	0.00	0.00	0	470.00	cash	2026-07-11 23:07:29.229744	8	f	f	\N	\N	\N	percent	0.00	0.00	0.00	\N	\N	\N	f
1068	\N	4	2	INV-003222	2026-07-11 21:50:43.611453	\N	\N	530.00	0.00	0.00	0.00	0	530.00	card	2026-07-11 21:50:43.611453	7	f	f	\N	\N	\N	percent	0.00	0.00	0.00	\N	\N	\N	f
1078	\N	4	2	INV-003238	2026-07-11 22:08:41.031468	\N	\N	413.40	0.00	158.60	0.00	0	413.40	card	2026-07-11 22:08:41.031468	7	f	f	\N	\N	\N	percent	0.00	0.00	0.00	\N	\N	\N	f
1069	\N	4	2	INV-003223	2026-07-11 21:51:29.705	\N	\N	300.00	0.00	0.00	0.00	0	300.00	cash	2026-07-11 21:51:29.705	7	f	f	\N	\N	\N	percent	0.00	0.00	0.00	\N	\N	\N	f
1092	\N	4	2	INV-003259	2026-07-11 22:42:07.32614	\N	\N	907.55	0.00	291.45	0.00	0	907.55	card	2026-07-11 22:42:07.32614	7	f	f	\N	\N	\N	percent	0.00	0.00	0.00	\N	\N	\N	f
1086	\N	4	2	INV-003252	2026-07-11 22:21:01.409139	\N	\N	2220.00	0.00	1250.00	0.00	0	2220.00	cash	2026-07-11 22:21:01.409139	8	f	f	\N	\N	\N	fixed	4.00	0.00	0.00	\N	\N	\N	f
1070	\N	4	2	INV-003224	2026-07-11 21:52:14.092975	\N	\N	789.00	0.00	810.00	0.00	0	789.00	card	2026-07-11 21:52:14.092975	7	f	f	\N	\N	\N	percent	0.00	0.00	0.00	\N	\N	\N	f
1079	\N	4	2	INV-003239	2026-07-11 22:11:47.549705	\N	\N	690.00	0.00	0.00	0.00	0	690.00	card	2026-07-11 22:11:47.549705	7	f	f	\N	\N	\N	percent	0.00	0.00	0.00	\N	\N	\N	f
1071	\N	4	2	INV-003205	2026-07-11 21:53:34.778923	\N	\N	690.00	0.00	280.00	0.00	0	690.00	card	2026-07-11 21:53:34.778923	8	f	f	\N	\N	\N	percent	0.00	0.00	0.00	\N	\N	\N	f
1072	\N	4	2	INV-003228	2026-07-11 21:55:49.070005	\N	\N	315.00	0.00	35.00	0.00	0	315.00	card	2026-07-11 21:55:49.070005	7	f	f	\N	\N	\N	percent	0.00	0.00	0.00	\N	\N	\N	f
1080	\N	4	2	INV-003240	2026-07-11 22:13:33.625516	\N	\N	789.00	0.00	810.00	0.00	0	789.00	cash	2026-07-11 22:13:33.625516	7	f	f	\N	\N	\N	percent	0.00	0.00	0.00	\N	\N	\N	f
1073	\N	4	2	INV-003229	2026-07-11 21:57:57.758089	\N	\N	250.00	0.00	30.00	0.00	0	250.00	card	2026-07-11 21:57:57.758089	7	f	f	\N	\N	\N	fixed	2.00	0.00	0.00	\N	\N	\N	f
1087	\N	4	2	INV-003251	2026-07-11 22:31:50.734904	\N	\N	200.00	0.00	0.00	0.00	0	200.00	cash	2026-07-11 22:31:50.734904	7	f	f	\N	\N	\N	percent	0.00	0.00	0.00	\N	\N	\N	f
1097	\N	4	2	INV-003253	2026-07-11 22:56:19.48268	\N	\N	1900.00	0.00	0.00	0.00	0	1900.00	cash	2026-07-11 22:56:19.48268	8	f	f	\N	\N	\N	percent	0.00	0.00	0.00	\N	\N	\N	f
1081	\N	4	2	INV-003241	2026-07-11 22:17:51.402908	\N	\N	200.00	0.00	0.00	0.00	0	200.00	card	2026-07-11 22:17:51.402908	7	f	f	\N	\N	\N	percent	0.00	0.00	0.00	\N	\N	\N	f
1093	\N	4	2	INV-003260	2026-07-11 22:45:28.063302	\N	\N	100.00	0.00	0.00	0.00	0	100.00	card	2026-07-11 22:45:28.063302	7	f	f	\N	\N	\N	percent	0.00	0.00	0.00	\N	\N	\N	f
1088	\N	4	2	INV-003254	2026-07-11 22:33:23.905213	\N	\N	500.00	0.00	25.00	0.00	0	500.00	cash	2026-07-11 22:33:23.905213	7	f	f	\N	\N	\N	fixed	8.00	0.00	0.00	\N	\N	\N	f
1082	\N	4	2	INV-003243	2026-07-11 22:18:28.468676	\N	\N	1000.00	0.00	0.00	0.00	0	1000.00	card	2026-07-11 22:18:28.468676	7	f	f	\N	\N	\N	percent	0.00	0.00	0.00	\N	\N	\N	f
1083	\N	4	2	INV-003247	2026-07-11 22:18:59.935989	\N	\N	300.00	0.00	0.00	0.00	0	300.00	cash	2026-07-11 22:18:59.935989	7	f	f	\N	\N	\N	percent	0.00	0.00	0.00	\N	\N	\N	f
1103	\N	4	2	INV-003269	2026-07-11 23:13:47.384561	\N	\N	1450.00	0.00	0.00	0.00	0	1450.00	cash	2026-07-11 23:13:47.384561	8	f	f	\N	\N	\N	percent	0.00	0.00	0.00	\N	\N	\N	f
1089	\N	4	2	INV-003255	2026-07-11 22:38:02.423006	\N	\N	380.00	0.00	0.00	0.00	0	380.00	card	2026-07-11 22:38:02.423006	7	f	f	\N	\N	\N	percent	0.00	0.00	0.00	\N	\N	\N	f
1094	\N	4	2	INV-003261	2026-07-11 22:49:26.164563	\N	\N	850.00	0.00	460.00	0.00	0	850.00	cash	2026-07-11 22:49:26.164563	7	f	f	\N	\N	\N	percent	0.00	0.00	0.00	\N	\N	\N	f
1090	\N	4	2	INV-003256	2026-07-11 22:40:10.855501	\N	\N	100.00	0.00	0.00	0.00	0	100.00	cash	2026-07-11 22:40:10.855501	7	f	f	\N	\N	\N	percent	0.00	0.00	0.00	\N	\N	\N	f
1098	\N	4	2	INV-003265	2026-07-11 22:57:43.780362	\N	\N	1926.35	0.00	186.65	0.00	0	1926.35	card	2026-07-11 22:57:43.780362	7	f	f	\N	\N	\N	percent	0.00	0.00	0.00	\N	\N	\N	f
1101	\N	4	2	INV-003271	2026-07-11 23:08:31.50709	\N	\N	145.00	0.00	45.00	0.00	0	145.00	cash	2026-07-11 23:08:31.50709	8	f	f	\N	\N	\N	percent	0.00	0.00	0.00	\N	\N	\N	f
1095	\N	4	2	INV-003262	2026-07-11 22:51:02.001843	\N	\N	250.00	0.00	0.00	0.00	0	250.00	card	2026-07-11 22:51:02.001843	7	f	f	\N	\N	\N	percent	0.00	0.00	0.00	\N	\N	\N	f
1096	\N	4	2	INV-003264	2026-07-11 22:54:13.189566	\N	\N	4230.00	0.00	2590.00	0.00	0	4230.00	card	2026-07-11 22:54:13.189566	7	f	f	\N	\N	\N	percent	0.00	0.00	0.00	\N	\N	\N	f
1105	\N	4	2	INV-003227	2026-07-11 23:14:40.087667	\N	0	540.00	0.00	310.00	0.00	0	540.00	cash	2026-07-11 23:14:40.087667	8	f	f	\N	\N	delivery	percent	0.00	0.00	0.00	\N	\N	\N	f
1099	\N	4	2	INV-003267	2026-07-11 22:58:29.11211	\N	\N	50.00	0.00	0.00	0.00	0	50.00	cash	2026-07-11 22:58:29.11211	7	f	f	\N	\N	\N	percent	0.00	0.00	0.00	\N	\N	\N	f
1104	\N	4	2	INV-003230	2026-07-11 23:14:08.519728	\N	0	1019.00	0.00	0.00	0.00	0	1019.00	cash	2026-07-11 23:14:08.519728	8	f	f	\N	\N	delivery	percent	0.00	0.00	0.00	\N	\N	\N	f
1102	\N	4	2	INV-003272	2026-07-11 23:09:56.534561	\N	\N	637.50	0.00	112.50	0.00	0	637.50	cash	2026-07-11 23:09:56.534561	8	f	f	\N	\N	\N	percent	0.00	0.00	0.00	\N	\N	\N	f
1107	\N	4	2	INV-003278	2026-07-11 23:27:00.972558	\N	\N	1277.50	0.00	202.50	0.00	0	1277.50	card	2026-07-11 23:27:00.972558	8	f	f	\N	\N	\N	percent	0.00	0.00	0.00	\N	\N	\N	f
1108	\N	4	2	INV-003279	2026-07-11 23:29:35.410859	\N	\N	1156.00	0.00	84.00	0.00	0	1156.00	cash	2026-07-11 23:29:35.410859	8	f	f	\N	\N	\N	percent	0.00	0.00	0.00	\N	\N	\N	f
1106	\N	4	2	INV-003226	2026-07-11 23:15:04.289498	\N	0	2249.00	0.00	1201.00	0.00	0	2249.00	cash	2026-07-11 23:15:04.289498	8	f	f	\N	\N	delivery	percent	0.00	0.00	0.00	\N	\N	\N	f
1109	\N	4	2	INV-003280	2026-07-11 23:30:38.748044	\N	\N	225.00	0.00	25.00	0.00	0	225.00	cash	2026-07-11 23:30:38.748044	8	f	f	\N	\N	\N	percent	0.00	0.00	0.00	\N	\N	\N	f
\.


--
-- Data for Name: setting_categories; Type: TABLE DATA; Schema: public; Owner: itresources
--

COPY public.setting_categories (id, name, code) FROM stdin;
1	Print Settings	print_settings
2	FBR Integration	integration
3	FBR Digital Integration	fbr_digital_integration
4	Sales Orders	sales_orders
5	Barcode Settings	barcode_settings
6	POS	pos
7	System Settings	system_settings
8	KPRA Integration	kpra_integration
9	Tax Settings	tax_settings
10	KDS	kds
11	Accounts	accounts
12	ZATCA Integration	zatca_integration
13	WhatsApp	whatsapp
\.


--
-- Data for Name: setting_options; Type: TABLE DATA; Schema: public; Owner: itresources
--

COPY public.setting_options (id, setting_id, option_label, option_value) FROM stdin;
1	11	Pakistan (Karachi)	Asia/Karachi
2	11	Pakistan (Lahore)	Asia/Karachi
3	11	Pakistan (Islamabad)	Asia/Karachi
4	11	India (Mumbai)	Asia/Kolkata
5	11	India (Delhi)	Asia/Kolkata
6	11	Bangladesh (Dhaka)	Asia/Dhaka
7	11	Sri Lanka (Colombo)	Asia/Colombo
8	11	Nepal (Kathmandu)	Asia/Kathmandu
9	11	UAE (Dubai)	Asia/Dubai
10	11	Saudi Arabia (Riyadh)	Asia/Riyadh
11	11	Qatar (Doha)	Asia/Qatar
12	11	Kuwait (Kuwait City)	Asia/Kuwait
13	11	Bahrain (Manama)	Asia/Bahrain
14	11	Oman (Muscat)	Asia/Muscat
15	11	UK (London)	Europe/London
16	11	USA (New York)	America/New_York
17	11	USA (Los Angeles)	America/Los_Angeles
18	11	Canada (Toronto)	America/Toronto
19	11	Australia (Sydney)	Australia/Sydney
20	11	UTC (Universal Time)	UTC
21	12	YYYY-MM-DD (ISO)	Y-m-d
22	12	DD/MM/YYYY	d/m/Y
23	12	MM/DD/YYYY	m/d/Y
24	12	DD-MM-YYYY	d-m-Y
25	12	MM-DD-YYYY	m-d-Y
26	12	DD.MM.YYYY	d.m.Y
27	12	MM.DD.YYYY	m.d.Y
28	17	Item-wise Tax (Current)	item_wise
29	17	Payment Method Tax	payment_method
30	28	Popup (Browser Dialog)	popup
31	28	Direct to Device	direct
32	29	Ask User	ask
33	29	Auto Print	auto
34	29	No Print	no
35	34	Before GST (reduce taxable amount)	before_tax
36	34	After GST (discount tax-inclusive total)	after_tax
37	35	Thermal (80mm)	thermal
38	35	A4 (Letter Size)	a4
39	38	Pakistani Rupee (Rs)	Rs
40	38	Saudi Riyal (SR)	SR
41	38	US Dollar ($)	$
42	38	Euro (€)	€
43	38	UAE Dirham (AED)	AED
44	42	Touch Screen (Restaurant)	touch_screen
45	42	Desktop	desktop
46	44	Username & Password	username_password
47	44	PIN	pin
48	45	Descending (Newest at Top)	descending
49	45	Ascending (Newest at Bottom)	ascending
50	54	Phase 1	phase1
51	54	Phase 2	phase2
52	56	Sandbox	sandbox
53	56	Production	production
54	75	Square	square
55	75	Round	round
56	35	A4 Half	a4_half
\.


--
-- Data for Name: settings; Type: TABLE DATA; Schema: public; Owner: itresources
--

COPY public.settings (id, store_id, category_id, name, code, type, value, default_value, description, is_active) FROM stdin;
1	\N	1	Print Customer Name	print_cus_name	boolean	1	1	Print Customer Name on Print	t
2	\N	1	Print KOT	print_kot	boolean	1	1	Print Kitchen Order Ticket (KOT)	t
6	\N	1	Receipt Font Size	receipt_font_size	number	16	16	\N	t
10	\N	6	Show Material Items on POS	show_material_items_on_pos	boolean	0	0	Show material items on POS item list	t
11	\N	7	System Timezone	system_timezone	select	Asia/Karachi	Asia/Karachi	Set the timezone for all date and time operations in the system. This affects reports, logs, and all time-sensitive operations.	t
12	\N	7	Date Display Format	date_display_format	select	Y-m-d	Y-m-d	Choose how dates are displayed throughout the system (YYYY-MM-DD, DD/MM/YYYY, etc.)	t
15	\N	6	KDS Auto Refresh	kds_auto_refresh	boolean	1	1	Enable automatic refresh for KDS screens	t
16	\N	6	KDS Sound Notifications	kds_sound_notifications	boolean	1	1	Enable sound notifications for new orders	t
20	\N	10	KDS Record Retention Days	kds_record_retention_days	number	7	7	Number of days to keep KDS records before automatic cleanup (1-90 days)	t
21	\N	10	Enable KDS Auto Cleanup	kds_auto_cleanup_enabled	boolean	1	1	Enable automatic cleanup of old KDS records	t
22	\N	10	KDS Last Cleanup Date	kds_last_cleanup_date	text			Timestamp of last KDS cleanup operation (system managed)	f
23	\N	1	Print Customer Number	print_cus_number	boolean	1	1	Print Customer Phone Number on Print	t
24	\N	1	Print Customer Address	print_cus_address	boolean	1	1	Print Customer Address on Print	t
25	\N	1	Dealer Branding	dealer_branding	text	www.itresources.com.pk	www.itresources.com.pk	Dealer company name and contact info for receipt footer	t
26	\N	1	Print Date and Time	print_datetime	boolean	1	1	Display date and time on printed receipts	t
27	\N	1	Print Remarks	print_remarks	boolean	1	1	Display remarks/notes on printed receipts	t
29	\N	1	Global Print Mode	global_print_mode	select	ask	ask	Global print behavior: Ask (prompt user), Auto (direct print), No (no print)	t
30	\N	7	Default Language	default_language	select	en	en	Default system language	t
31	\N	7	Language Switcher	language_switcher_enabled	boolean	1	1	Enable language switcher in header	t
32	\N	7	RTL Support	rtl_support_enabled	boolean	1	1	Enable RTL (Right-to-Left) support	t
33	\N	11	Enable Expense Approval	expense_approval_enabled	boolean	0	0	When enabled, all new expenses will require approval before being processed	t
34	\N	9	Discount Tax Sequence	discount_tax_sequence	select	after_tax	before_tax	Choose whether discounts apply before GST (reduce taxable base) or after GST (on tax-inclusive total).	t
36	\N	1	Print Complete Shift Summary Report	print_complete_shift_summary	boolean	0	0	When enabled, prints the complete detailed shift summary report. When disabled (default), prints a short condensed summary.	t
37	\N	1	Print Customer Previous Balance	print_cus_previous_balance	boolean	0	0	When enabled, the receipt will display the customer's outstanding balance/dues before the current transaction	t
38	\N	7	System Currency	system_currency	select	Rs	Rs	Select the default currency symbol to be used throughout the system	t
39	\N	1	KOT Font Size	kot_font_size	number	10	10	Font size for Kitchen Order Tickets (KOT) when printing to LAN printers	t
40	\N	6	Subcategory Font Size	pos_subcategory_font_size	number	16	16	Font size for subcategory text displayed in POS (in pixels, recommended: 14-20)	t
41	\N	4	Catering	catering	boolean	0	1	Enable Catering orders	t
43	\N	6	Display Order Taker Selection	pos_display_order_taker	boolean	1	0	Enable to show order taker selection dropdown on POS (appears next to customer selection)	t
44	\N	7	Login Authentication Method	login_authentication_method	select	username_password	username_password	Choose the authentication method for user login: Username/Password or PIN	t
45	\N	6	List Item Order	pos_list_item_order	select	descending	descending	Select the order in which items appear in the POS list: Descending (newest at top) or Ascending (newest at bottom)	t
46	\N	4	Display Number of Guests (Dine-In)	dine_in_show_number_of_guests	boolean	0	1	When enabled, selecting a dine-in table will ask for number of guests and display it. When disabled, the prompt and guest count are hidden.	t
48	\N	6	Reset invoice number on new shift	pos_reset_invoice_on_shift_start	boolean	0	0	When enabled, invoice count starts from 1 (e.g. INV-000001) each time a new shift is opened. When disabled, invoice numbers continue in sequence across shifts.	t
18	\N	9	Show Payment Method Tax Rates	show_payment_method_tax_rates	boolean	0	1	Display tax rates for different payment methods on POS interface	t
19	\N	9	Enable Tax Preview on Payment Selection	enable_tax_preview_on_payment	boolean	0	1	Show updated tax amount when payment method is selected (for payment method tax mode)	t
17	\N	9	Tax Calculation Method	tax_calculation_method	select	item_wise	item_wise	Choose how taxes are calculated: item-wise (per item) or payment method based (uniform rate per payment type)	t
35	\N	1	Receipt Print Format	receipt_print_format	select	thermal	thermal	Choose receipt print format: Thermal (80mm), A4 (Letter Size), or A4 Half	t
3	\N	4	Dine In	dine_in	boolean	0	1	Enable Dine In for table Orders	t
4	\N	4	Take Away	take_away	boolean	0	1	Enable Take Away orders	t
5	\N	4	Delivery	delivery	boolean	1	1	Delivery Orders	t
50	\N	1	Invoice Footer Note	invoice_footer_note	text	Food Items Cant be Returnedor Replaced Terms & Conditions Apply		Optional note shown at the bottom of invoices and receipts (thermal, A4, POS preview, LAN/USB). Use multiple lines if needed.	t
49	\N	11	Enable Financials (GL)	financials_enabled	boolean	1	1	When enabled, the system creates and posts journal entries (double-entry) for sales, purchases, expenses, payments, transfers, and adjustments. When disabled, day-to-day operations continue without writing to the general ledger.	t
7	\N	1	Receipt Logo Width	receipt_logo_width	number	120	100	Width of the branch logo on printed receipts (in pixels)	t
52	\N	13	Send sales invoice via WhatsApp	pos_whatsapp_invoice_enabled	boolean	1	0	When enabled, the WhatsApp invoice button appears on the POS after payment so staff can send the invoice text to the customer.	t
53	\N	13	Customer ledger on WhatsApp	whatsapp_customer_ledger_enabled	boolean	1	0	When enabled, staff can send the customer account ledger as a WhatsApp message from the Customer Ledger screen.	t
54	\N	12	ZATCA Mode	zatca_mode	select	phase2	phase1	ZATCA integration mode: phase1 or phase2	t
55	\N	12	Enable ZATCA Phase 2	zatca_phase2_enabled	boolean	0	0	Enable Phase 2 (clearance/reporting)	t
56	\N	12	ZATCA Phase 2 Environment	zatca_phase2_environment	select	sandbox	sandbox	sandbox or production environment	t
57	\N	12	Enable ZATCA Phase 2 Worker	zatca_phase2_worker_enabled	boolean	1	1	Enable background worker for retries/reporting	t
58	\N	12	ZATCA Retry Delay Seconds	zatca_phase2_retry_delay_seconds	number	120	120	Base retry delay in seconds	t
59	\N	12	ZATCA Max Retries	zatca_phase2_max_retries	number	8	8	Maximum retries for failed submissions	t
60	\N	12	ZATCA Reporting SLA Hours	zatca_phase2_reporting_sla_hours	number	24	24	Simplified invoice reporting deadline in hours	t
61	\N	12	ZATCA Phase 2 API Base URL	zatca_phase2_api_base_url	text	https://sandbox.fatoora.zatca.gov.sa	https://sandbox.fatoora.zatca.gov.sa	Base URL for ZATCA Phase 2 APIs	t
62	\N	12	ZATCA Phase 2 API Token	zatca_phase2_api_token	text			Authorization token/credential for ZATCA APIs	t
63	\N	12	ZATCA Clearance Endpoint	zatca_phase2_clearance_endpoint	text	/api/v1/invoices/clearance/single	/api/v1/invoices/clearance/single	Endpoint path for standard invoice clearance	t
64	\N	12	ZATCA Reporting Endpoint	zatca_phase2_reporting_endpoint	text	/api/v1/invoices/reporting/single	/api/v1/invoices/reporting/single	Endpoint path for simplified invoice reporting	t
65	\N	12	ZATCA Device Identifier	zatca_phase2_device_identifier	text			Optional fixed EGS device identifier for hash chain	t
67	\N	6	Display shift summary before shift close	pos_display_shift_summary_before_close	boolean	0	1	When enabled, the cashier reviews expected cash and discrepancy before confirming shift close. When disabled, the shift closes after entering closing cash and the full summary is shown afterward.	t
42	\N	6	POS Screen Type	pos_screen_type	select	desktop	touch_screen	Select POS interface type: Touch Screen (restaurant) shows categories/subcategories, Desktop shows search bar	t
14	\N	6	Enable Kitchen Display System	enable_kds	boolean	0	0	Enable Kitchen Display System for order management	t
68	\N	6	Show Cost Price in Edit Modal	pos_show_cost_in_edit_modal	boolean	0	0	When enabled, the Qty/Rate edit modal (row click or F7) shows item cost price under the Rate column.	t
8	\N	5	Barcode Logo Width	barcode_logo_width	number	80	80	Width of the business print logo on barcode labels (pixels). Upload the logo under Settings → Print Settings.	t
9	\N	5	Display Barcode Logo	barcode_logo_display	boolean	0	1	Show or hide the business print logo on barcode labels. Upload the logo under Settings → Print Settings.	t
66	\N	1	Print Logo	print_logo	boolean	1	1	When enabled, receipts and supported documents print the business logo. Upload or change the image under Settings → Print Settings.	t
70	\N	1	Print Logo File Path	print_logo_path	text	assets/img/branch_logo.png	assets/img/branch_logo.png	Relative path to the business print logo (PNG). Managed by Print Settings upload; used on receipts, quotations, vouchers, and ledgers. Do not edit unless relocating the file manually.	t
73	\N	6	Scale barcode — qty decimals	pos_scale_barcode_qty_decimals	number	3	3	Decimal places within qty digits (default 3, e.g. 001500 = 1.500).	t
74	\N	6	Scale barcode — prefix	pos_scale_barcode_prefix	text			Optional leading digits to skip before item code and weight (e.g. 3, 2, or 21). Leave empty if no prefix.	t
75	\N	6	Default Table Shape	pos_table_default_shape	select	square	square	Default visual shape when adding a new dine-in table (square or round)	t
76	\N	6	Default Table Layout Width (%)	pos_table_default_layout_w	number	8	8	Default width (percent of floor canvas) when placing a new table on the floor plan	t
77	\N	6	Default Table Layout Height (%)	pos_table_default_layout_h	number	8	8	Default height (percent of floor canvas) when placing a new table on the floor plan	t
72	\N	6	Scale barcode — qty digits	pos_scale_barcode_qty_digits	number	5	6	Number of digits in scale barcode used for weight/qty (default 6).	t
69	\N	4	Require Order Mode Selection	pos_require_order_mode_when_enabled	boolean	0	1	When enabled, POS requires selecting an order mode (Dine In / Take Away / Delivery / Catering) before starting a sale whenever at least one order mode is enabled. When disabled, POS will allow sales without choosing an order mode.	t
47	\N	1	Next Invoice Number	next_invoice_number	number	3282	1	Internal: next sequential invoice number (do not edit manually)	f
71	\N	6	Scale barcode — code digits	pos_scale_barcode_code_digits	number	7	5	Number of digits in scale barcode for item/PLU code (matches 5-digit item codes, e.g. 10010).	t
28	\N	1	Print Method	print_method	select	direct	popup	Choose print method: Popup (browser dialog) or Direct (use configured devices)	t
\.


--
-- Data for Name: shift_logs; Type: TABLE DATA; Schema: public; Owner: itresources
--

COPY public.shift_logs (id, store_id, shift_id, action_type, amount, note, created_at) FROM stdin;
\.


--
-- Data for Name: shifts; Type: TABLE DATA; Schema: public; Owner: itresources
--

COPY public.shifts (id, store_id, branch_id, user_id, start_time, end_time, opening_cash, closing_cash, expected_cash, actual_cash, discrepancy, status, open_journal_entry_id, close_journal_entry_id) FROM stdin;
2	4	2	2	2026-07-09 08:27:25.622748	2026-07-09 16:18:45.180131	0.00	29610.00	29601.46	29610.00	8.54	closed	\N	85
1	4	2	1	2026-07-08 14:26:27.312228	2026-07-09 10:24:23.469188	0.00	0.00	54051.18	0.00	-54051.18	closed	\N	7
3	4	2	5	2026-07-09 16:02:40.017433	2026-07-10 02:39:07.16068	0.00	104070.00	104729.94	104070.00	-659.94	closed	\N	379
4	4	2	2	2026-07-09 17:26:13.89924	2026-07-10 16:26:21.284514	0.00	1.00	0.00	1.00	1.00	closed	\N	505
5	4	2	5	2026-07-10 07:55:01.885496	2026-07-11 00:48:32.004951	0.00	105670.00	105944.55	105670.00	-274.55	closed	\N	789
6	4	2	2	2026-07-10 16:26:41.489731	2026-07-11 01:59:55.554131	0.00	76310.00	74282.57	76310.00	2027.43	closed	\N	812
7	4	2	2	2026-07-11 08:29:59.217953	\N	0.00	0.00	0.00	0.00	0.00	open	\N	\N
8	4	2	5	2026-07-11 18:10:58.712776	\N	0.00	0.00	0.00	0.00	0.00	open	\N	\N
\.


--
-- Data for Name: site_installation; Type: TABLE DATA; Schema: public; Owner: itresources
--

COPY public.site_installation (id, installation_role, license_key, machine_id, last_verified_at, license_cache, license_type, setup_completed_at, created_at, updated_at) FROM stdin;
1	branch_server	ITR-03E9-7EFE-C626	cf59906807085075da9d3378061ad43a	2026-07-11 23:27:01.889453	{"success":true,"message":"License verified successfully.","type":"real","branch_name":"Amus Bakery","branch_address":"Bahria Town Phase IV Civic Center, Rawalpindi","support_end_date":"2027-04-10","cloud_branch_id":275,"cloud_customer_id":229,"installation_type":"store","pos_max_users":15}	store	\N	2026-07-08 12:41:47.224926	2026-07-11 23:27:01.889453
\.


--
-- Data for Name: stock_adjustment_items; Type: TABLE DATA; Schema: public; Owner: itresources
--

COPY public.stock_adjustment_items (id, adjustment_id, item_id, item_name, current_quantity, adjustment_quantity, new_quantity, cost_price, current_stock_value, adjustment_value, new_stock_value) FROM stdin;
\.


--
-- Data for Name: stock_adjustments; Type: TABLE DATA; Schema: public; Owner: itresources
--

COPY public.stock_adjustments (id, adjustment_number, store_id, adjustment_date, total_items, total_adjustment_value, total_current_stock_value, total_new_stock_value, remarks, created_by, journal_entry_id, created_at) FROM stdin;
\.


--
-- Data for Name: stock_transfer_items; Type: TABLE DATA; Schema: public; Owner: itresources
--

COPY public.stock_transfer_items (id, to_store_id, from_store_id, transfer_id, item_id, item_name, quantity, cost_price, remarks) FROM stdin;
\.


--
-- Data for Name: stock_transfers; Type: TABLE DATA; Schema: public; Owner: itresources
--

COPY public.stock_transfers (id, transfer_number, from_store_id, to_store_id, transfer_date, status, total_items, total_quantity, notes, requested_by, approved_by, received_by, created_at, updated_at) FROM stdin;
\.


--
-- Data for Name: store_inventory; Type: TABLE DATA; Schema: public; Owner: itresources
--

COPY public.store_inventory (id, store_id, item_id, quantity, last_updated) FROM stdin;
1	4	186026	2.000000	2026-07-09 11:06:46.26857
2	4	186027	1.000000	2026-07-09 11:06:46.26857
3	4	186028	1.000000	2026-07-09 11:06:46.26857
4	4	186029	1.000000	2026-07-09 11:06:46.26857
5	4	186030	1.000000	2026-07-09 11:06:46.26857
6	4	186031	1.000000	2026-07-09 11:06:46.26857
7	4	186032	1.000000	2026-07-09 11:06:46.26857
8	4	186033	1.000000	2026-07-09 11:06:46.26857
9	4	186034	1.000000	2026-07-09 11:06:46.26857
10	4	186035	2.000000	2026-07-09 11:06:46.26857
11	4	186036	1.000000	2026-07-09 11:06:46.26857
12	4	186037	1.000000	2026-07-09 11:06:46.26857
13	4	186038	1.000000	2026-07-09 11:06:46.26857
14	4	186039	2.000000	2026-07-09 11:06:46.26857
15	4	186040	1.000000	2026-07-09 11:06:46.26857
16	4	186041	1.000000	2026-07-09 11:06:46.26857
17	4	186042	2.000000	2026-07-09 11:06:46.26857
18	4	186043	2.000000	2026-07-09 11:06:46.26857
19	4	186044	1.000000	2026-07-09 11:06:46.26857
20	4	186045	1.000000	2026-07-09 11:06:46.26857
21	4	186046	2.000000	2026-07-09 11:06:46.26857
22	4	186047	2.000000	2026-07-09 11:06:46.26857
23	4	186048	1.000000	2026-07-09 11:06:46.26857
24	4	186049	1.000000	2026-07-09 11:06:46.26857
25	4	186050	1.000000	2026-07-09 11:06:46.26857
26	4	186051	2.000000	2026-07-09 11:06:46.26857
27	4	186052	2.000000	2026-07-09 11:06:46.26857
28	4	186053	2.000000	2026-07-09 11:06:46.26857
29	4	186054	2.000000	2026-07-09 11:06:46.26857
30	4	186055	2.000000	2026-07-09 11:06:46.26857
31	4	186056	1.000000	2026-07-09 11:06:46.26857
32	4	186057	1.000000	2026-07-09 11:06:46.26857
33	4	186058	1.000000	2026-07-09 11:06:46.26857
34	4	186059	1.000000	2026-07-09 11:06:46.26857
35	4	186060	1.000000	2026-07-09 11:06:46.26857
36	4	186061	1.000000	2026-07-09 11:06:46.26857
37	4	186062	2.000000	2026-07-09 11:06:46.26857
38	4	186063	2.000000	2026-07-09 11:06:46.26857
39	4	186064	1.000000	2026-07-09 11:06:46.26857
40	4	186065	1.000000	2026-07-09 11:06:46.26857
41	4	186066	1.000000	2026-07-09 11:06:46.26857
42	4	186067	3.000000	2026-07-09 11:06:46.26857
43	4	186068	3.000000	2026-07-09 11:06:46.26857
44	4	186069	1.000000	2026-07-09 11:06:46.26857
45	4	186070	1.000000	2026-07-09 11:06:46.26857
46	4	186071	1.000000	2026-07-09 11:06:46.26857
47	4	186072	2.000000	2026-07-09 11:06:46.26857
48	4	186073	1.000000	2026-07-09 11:06:46.26857
49	4	186074	1.000000	2026-07-09 11:06:46.26857
50	4	186075	1.000000	2026-07-09 11:06:46.26857
51	4	186076	1.000000	2026-07-09 11:06:46.26857
52	4	186077	1.000000	2026-07-09 11:06:46.26857
53	4	186078	1.000000	2026-07-09 11:06:46.26857
54	4	186079	1.000000	2026-07-09 11:06:46.26857
55	4	186080	1.000000	2026-07-09 11:06:46.26857
56	4	186081	2.000000	2026-07-09 11:06:46.26857
57	4	186082	2.000000	2026-07-09 11:06:46.26857
58	4	186083	2.000000	2026-07-09 11:06:46.26857
59	4	186084	1.000000	2026-07-09 11:06:46.26857
\.


--
-- Data for Name: stores; Type: TABLE DATA; Schema: public; Owner: itresources
--

COPY public.stores (id, branch_id, store_name, store_code, address, phone, email, manager_name, is_active, is_default, created_at) FROM stdin;
6	1	 Warehouse Gulraiz	st3					t	f	2026-07-09 23:32:31.447502
5	2	 Warehouse Behria	st2					t	f	2026-07-09 23:32:00.710144
4	2	Amus Bakery	st1					t	t	2026-07-09 23:22:47.663612
\.


--
-- Data for Name: sub_categories; Type: TABLE DATA; Schema: public; Owner: itresources
--

COPY public.sub_categories (id, category_id, name, display_color, is_active) FROM stdin;
1	1	Amus Biscuit	\N	t
2	1	Amus Bread	\N	t
3	1	Amus Cross	\N	t
4	1	Amus Sweets	\N	t
5	1	Amus Nimco	\N	t
6	2	Amus Vendor	\N	t
7	3	Raw	\N	t
8	4	Amus Pizza	\N	t
9	4	Amus Sandwiches	\N	t
10	4	Amus Burgers	\N	t
11	4	Amus Snacks	\N	t
12	4	Amus Fresh Cream Cakes	\N	t
13	4	Amus Chinese Food	\N	t
14	4	Amus Salad Bar	\N	t
15	4	Amus Pastry	\N	t
16	4	Amus Juices	\N	t
17	4	Amus Deals	\N	t
18	4	Amus Cross	\N	t
19	4	Amus Biscuit	\N	t
20	5	Deal	\N	t
21	4	Amus Dry Cake	\N	t
\.


--
-- Data for Name: subscription_plans; Type: TABLE DATA; Schema: public; Owner: itresources
--

COPY public.subscription_plans (id, store_id, name, billing_interval, is_active, created_at, updated_at) FROM stdin;
\.


--
-- Data for Name: sup_outstanding; Type: TABLE DATA; Schema: public; Owner: itresources
--

COPY public.sup_outstanding (id, purchase_id, vendor_id, amount, status, created_at) FROM stdin;
1	1	12	6612.00	unpaid	2026-07-09 12:59:45.933305
2	2	1	1197.60	unpaid	2026-07-09 13:17:02.173285
3	3	1	900.00	unpaid	2026-07-09 13:39:08.426007
4	\N	1	-1304.38	paid	2026-07-09 13:44:07.138184
5	4	1	32297.06	unpaid	2026-07-09 14:23:43.105601
6	5	1	1211.03	unpaid	2026-07-09 15:34:42.283375
7	6	1	1056.60	unpaid	2026-07-09 17:06:53.150007
8	7	1	931.00	unpaid	2026-07-09 17:26:46.281005
9	8	1	623.10	unpaid	2026-07-10 09:23:02.510918
10	9	1	10930.02	unpaid	2026-07-10 11:16:52.29481
11	10	1	660.00	unpaid	2026-07-10 11:19:24.131528
12	11	1	32617.42	unpaid	2026-07-10 16:42:08.378061
14	13	1	1925.00	unpaid	2026-07-10 17:48:48.617914
15	14	1	3472.50	unpaid	2026-07-11 10:28:11.533018
16	15	15	52058.80	unpaid	2026-07-11 10:54:24.878324
17	16	1	725.00	unpaid	2026-07-11 11:22:51.989448
18	17	12	10278.90	unpaid	2026-07-11 11:56:38.339637
19	18	1	28173.48	unpaid	2026-07-11 12:24:04.287438
20	19	1	17783.58	unpaid	2026-07-11 14:27:09.494203
21	20	14	40710.00	unpaid	2026-07-11 14:28:46.271162
22	21	1	660.00	unpaid	2026-07-11 18:23:14.497136
23	22	1	688.75	unpaid	2026-07-11 18:41:09.311845
\.


--
-- Data for Name: sup_payments; Type: TABLE DATA; Schema: public; Owner: itresources
--

COPY public.sup_payments (id, store_id, vendor_id, purchase_id, balance_entry_id, amount_paid, discount_amount, withholding_rate, withholding_amount, gross_settlement_amount, net_cash_paid, payment_date, remarks) FROM stdin;
\.


--
-- Data for Name: supplier_balance_entries; Type: TABLE DATA; Schema: public; Owner: itresources
--

COPY public.supplier_balance_entries (id, entry_number, vendor_id, store_id, entry_type, amount, remaining_amount, reference_no, remarks, map_account_id, journal_entry_id, status, created_by, created_at, updated_at) FROM stdin;
\.


--
-- Data for Name: sync_conflicts; Type: TABLE DATA; Schema: public; Owner: itresources
--

COPY public.sync_conflicts (id, table_name, pk_value, direction, branch_code, conflict_type, local_snapshot, remote_snapshot, detected_at, resolved, resolved_by, resolved_at, resolution_note) FROM stdin;
\.


--
-- Data for Name: sync_dead_letter; Type: TABLE DATA; Schema: public; Owner: itresources
--

COPY public.sync_dead_letter (id, job_table_id, table_name, direction, pk_value, payload, error_message, error_code, first_seen_at, last_seen_at, attempt_count, status) FROM stdin;
\.


--
-- Data for Name: sync_entity_policies; Type: TABLE DATA; Schema: public; Owner: itresources
--

COPY public.sync_entity_policies (entity_name, direction_policy, source_of_truth, conflict_strategy, delete_strategy, notes, is_active, updated_at) FROM stdin;
stores	pull_only	cloud	upsert_on_store_code	none	Cloud master; never push from branch	t	2026-07-09 22:23:10.771967+05
items	pull_only	cloud	upsert_on_item_code	none	Cloud master; always pulled	t	2026-07-09 22:23:10.771967+05
bank_accounts	pull_only	cloud	upsert_on_id	none	Cloud master	t	2026-07-09 22:23:10.771967+05
account_types	pull_only	cloud	upsert_on_id	none	Cloud master	t	2026-07-09 22:23:10.771967+05
discounts	pull_only	cloud	upsert_on_id	none	Cloud master	t	2026-07-09 22:23:10.771967+05
discount_categories	pull_only	cloud	upsert_on_id	none	Cloud master	t	2026-07-09 22:23:10.771967+05
void_reasons	pull_only	cloud	upsert_on_id	none	Cloud master	t	2026-07-09 22:23:10.771967+05
bom_master	pull_only	cloud	upsert_on_id	none	Cloud master; item_id remapped	t	2026-07-09 22:23:10.771967+05
bom_components	pull_only	cloud	upsert_on_id	none	Cloud master; item_id remapped	t	2026-07-09 22:23:10.771967+05
card_types	pull_only	cloud	upsert_on_id	none	Cloud master	t	2026-07-09 22:23:10.771967+05
expense_categories	pull_only	cloud	upsert_on_id	none	Cloud master	t	2026-07-09 22:23:10.771967+05
expense_subcategories	pull_only	cloud	upsert_on_id	none	Cloud master	t	2026-07-09 22:23:10.771967+05
expense_accounts	pull_only	cloud	upsert_on_id	none	Cloud master	t	2026-07-09 22:23:10.771967+05
fiscal_period_setup	pull_only	cloud	upsert_on_id	none	Cloud master	t	2026-07-09 22:23:10.771967+05
fiscal_periods	pull_only	cloud	upsert_on_id	none	Cloud master	t	2026-07-09 22:23:10.771967+05
rights	pull_only	cloud	upsert_on_id	none	Cloud master	t	2026-07-09 22:23:10.771967+05
roles	pull_only	cloud	upsert_on_id	none	Cloud master	t	2026-07-09 22:23:10.771967+05
role_rights	pull_only	cloud	upsert_on_id	none	Cloud master	t	2026-07-09 22:23:10.771967+05
users	pull_only	cloud	upsert_on_id	none	Cloud master	t	2026-07-09 22:23:10.771967+05
branch_access	pull_only	cloud	upsert_on_composite	none	Pulled and branch_id remapped by branch_code	t	2026-07-09 22:23:10.771967+05
bank_access	pull_only	cloud	upsert_on_composite	none	Pulled after bank_accounts/users	t	2026-07-09 22:23:10.771967+05
quotations	pull_only	cloud	upsert_on_quotation_number	none	Created at HO for branch stores	t	2026-07-09 22:23:10.771967+05
quotation_items	pull_only	cloud	upsert_on_id	none	Pulled with quotation mapping	t	2026-07-09 22:23:10.771967+05
quotation_drafts	disabled	none	none	none	Local session drafts; never sync	t	2026-07-09 22:23:10.771967+05
site_installation	disabled	none	none	none	Per-install license/machine metadata; never sync	t	2026-07-09 22:23:10.771967+05
branch_info	bi_directional	mixed	upsert_on_branch_code_pull_on_id	none	Push only this branch_code row to HO; pull full for local alignment	t	2026-07-09 22:23:10.771967+05
sales	push_only	branch	upsert_on_id	none	Primary branch transaction flow	t	2026-07-09 22:23:10.771967+05
sale_items	push_only	branch	upsert_on_id	none	Pushed with sales	t	2026-07-09 22:23:10.771967+05
sale_item_modifiers	push_only	branch	upsert_on_id	none	Pushed with sale_items	t	2026-07-09 22:23:10.771967+05
sale_returns	push_only	branch	upsert_on_id	none	Branch transactional	t	2026-07-09 22:23:10.771967+05
sale_return_items	push_only	branch	upsert_on_id	none	Branch transactional	t	2026-07-09 22:23:10.771967+05
purchases	push_only	branch	upsert_on_purchase_number	none	Branch is source of truth	t	2026-07-09 22:23:10.771967+05
purchase_items	push_only	branch	upsert_on_id	none	Branch transactional	t	2026-07-09 22:23:10.771967+05
purchase_returns	push_only	branch	upsert_on_id	none	Branch transactional	t	2026-07-09 22:23:10.771967+05
purchase_return_items	push_only	branch	upsert_on_id	none	Branch transactional	t	2026-07-09 22:23:10.771967+05
account_transactions	push_only	branch	upsert_on_id	none	Branch financial events	t	2026-07-09 22:23:10.771967+05
inventory_movements	push_only	branch	upsert_on_id	none	Branch->HO only; item_id remap by item_code	t	2026-07-09 22:23:10.771967+05
store_inventory	push_only	branch	upsert_on_store_item_unique	none	Branch stock state	t	2026-07-09 22:23:10.771967+05
stock_adjustments	push_only	branch	upsert_on_id	none	Branch stock ops	t	2026-07-09 22:23:10.771967+05
stock_adjustment_items	push_only	branch	upsert_on_id	none	Branch stock ops	t	2026-07-09 22:23:10.771967+05
stock_transfers	push_only	branch	upsert_on_id	none	Branch stock ops	t	2026-07-09 22:23:10.771967+05
stock_transfer_items	push_only	branch	upsert_on_id	none	Branch stock ops	t	2026-07-09 22:23:10.771967+05
shifts	push_only	branch	upsert_on_id	none	Incremental by start/end/open status	t	2026-07-09 22:23:10.771967+05
shift_logs	push_only	branch	upsert_on_id	none	Branch shift logs	t	2026-07-09 22:23:10.771967+05
expenses	push_only	branch	upsert_on_id	none	Branch expenses	t	2026-07-09 22:23:10.771967+05
customers	push_only	branch	upsert_on_id	none	Currently pushed from branch	t	2026-07-09 22:23:10.771967+05
customer_categories	push_only	branch	upsert_on_id	none	Currently pushed from branch	t	2026-07-09 22:23:10.771967+05
fbr_invoices	push_only	branch	upsert_on_id	none	Branch compliance data	t	2026-07-09 22:23:10.771967+05
void_orders	push_only	branch	upsert_on_id	none	Branch operational data	t	2026-07-09 22:23:10.771967+05
void_items	push_only	branch	upsert_on_id	none	Branch operational data	t	2026-07-09 22:23:10.771967+05
uoms	push_only	branch	upsert_on_id	none	Currently in push additional list	t	2026-07-09 22:23:10.771967+05
price_history	push_only	branch	upsert_on_id	none	Currently in push additional list	t	2026-07-09 22:23:10.771967+05
item_modifiers	push_only	branch	upsert_on_id	none	Currently in push additional list	t	2026-07-09 22:23:10.771967+05
item_modifier_groups	push_only	branch	upsert_on_id	none	Currently in push additional list	t	2026-07-09 22:23:10.771967+05
item_modifier_group_assignments	push_only	branch	upsert_on_id	none	Currently in push additional list	t	2026-07-09 22:23:10.771967+05
modifier_templates	push_only	branch	upsert_on_id	none	Currently in push additional list	t	2026-07-09 22:23:10.771967+05
modifier_template_options	push_only	branch	upsert_on_id	none	Currently in push additional list	t	2026-07-09 22:23:10.771967+05
modifier_group_assignments	push_only	branch	upsert_on_id	none	Currently in push additional list	t	2026-07-09 22:23:10.771967+05
production_orders	push_only	branch	upsert_on_id	none	Currently in push additional list	t	2026-07-09 22:23:10.771967+05
production_items	push_only	branch	upsert_on_id	none	Currently in push additional list	t	2026-07-09 22:23:10.771967+05
production_materials	push_only	branch	upsert_on_id	none	Currently in push additional list	t	2026-07-09 22:23:10.771967+05
deals	push_only	branch	upsert_on_id	none	Currently in push additional list	t	2026-07-09 22:23:10.771967+05
deal_items	push_only	branch	upsert_on_id	none	Currently in push additional list	t	2026-07-09 22:23:10.771967+05
delivery_orders	push_only	branch	upsert_on_id	none	Currently in push additional list	t	2026-07-09 22:23:10.771967+05
delivery_riders	push_only	branch	upsert_on_id	none	Currently in push additional list	t	2026-07-09 22:23:10.771967+05
dinein_floors	push_only	branch	upsert_on_id	none	Currently in push additional list	t	2026-07-09 22:23:10.771967+05
dinein_tables	push_only	branch	upsert_on_id	none	Currently in push additional list	t	2026-07-09 22:23:10.771967+05
hold_orders	push_only	branch	upsert_on_id	none	Currently in push additional list	t	2026-07-09 22:23:10.771967+05
hold_items	push_only	branch	upsert_on_id	none	Currently in push additional list	t	2026-07-09 22:23:10.771967+05
customer_balance_entries	push_only	branch	upsert_on_id	none	Currently in push additional list	t	2026-07-09 22:23:10.771967+05
cus_outstanding	push_only	branch	upsert_on_id	none	Currently in push additional list	t	2026-07-09 22:23:10.771967+05
cus_payments	push_only	branch	upsert_on_id	none	Currently in push additional list	t	2026-07-09 22:23:10.771967+05
supplier_balance_entries	push_only	branch	upsert_on_id	none	Currently in push additional list	t	2026-07-09 22:23:10.771967+05
sup_outstanding	push_only	branch	upsert_on_id	none	Currently in push additional list	t	2026-07-09 22:23:10.771967+05
sup_payments	push_only	branch	upsert_on_id	none	Currently in push additional list	t	2026-07-09 22:23:10.771967+05
fbr_digital	push_only	branch	upsert_on_id	none	Currently in push additional list	t	2026-07-09 22:23:10.771967+05
fbr_logs	push_only	branch	upsert_on_id	none	Currently in push additional list	t	2026-07-09 22:23:10.771967+05
kpra_invoices	push_only	branch	upsert_on_id	none	Currently in push additional list	t	2026-07-09 22:23:10.771967+05
kpra_logs	push_only	branch	upsert_on_id	none	Currently in push additional list	t	2026-07-09 22:23:10.771967+05
order_takers	push_only	branch	upsert_on_id	none	Currently in push additional list	t	2026-07-09 22:23:10.771967+05
table_transfer_logs	push_only	branch	upsert_on_id	none	Currently in push additional list	t	2026-07-09 22:23:10.771967+05
warranties	push_only	branch	upsert_on_id	none	Currently in push additional list	t	2026-07-09 22:23:10.771967+05
item_serials	push_only	branch	upsert_on_id	none	Currently in push additional list	t	2026-07-09 22:23:10.771967+05
item_serial_transactions	push_only	branch	upsert_on_id	none	Currently in push additional list	t	2026-07-09 22:23:10.771967+05
vendors	pull_only	cloud	upsert_on_id	none	HO owned and pulled to branch	t	2026-07-09 22:23:10.771967+05
categories	pull_only	cloud	upsert_on_id	none	Pulled from HO	t	2026-07-09 22:23:10.771967+05
sub_categories	pull_only	cloud	upsert_on_id	none	Pulled from HO	t	2026-07-09 22:23:10.771967+05
account_mappings	pull_only	cloud	upsert_on_mapping_code	none	Pulled from HO	t	2026-07-09 22:23:10.771967+05
chart_of_accounts	pull_only	cloud	upsert_on_account_code	none	Pulled from HO	t	2026-07-09 22:23:10.771967+05
journal_entries	push_only	branch	upsert_on_branch_code_entry_number	none	Branch GL headers; HO id assigned on insert; upsert on (branch_code, entry_number)	t	2026-07-09 22:23:10.771967+05
journal_entry_lines	push_only	branch	upsert_on_branch_code_source_line_id	none	Branch GL lines; HO id assigned on insert; upsert on (branch_code, source_line_id); parent/header remapped	t	2026-07-09 22:23:10.771967+05
\.


--
-- Data for Name: sync_job_tables; Type: TABLE DATA; Schema: public; Owner: itresources
--

COPY public.sync_job_tables (id, job_id, table_name, direction, started_at, finished_at, rows_read, rows_upserted, rows_skipped, rows_failed, status, last_error) FROM stdin;
1	1	sales	push	2026-07-09 22:50:39.976214+05	2026-07-09 22:50:39.976214+05	237	237	0	0	success	\N
2	1	sale_items	push	2026-07-09 22:50:39.988189+05	2026-07-09 22:50:39.988189+05	477	477	0	0	success	\N
3	1	sale_item_modifiers	push	2026-07-09 22:50:39.99219+05	2026-07-09 22:50:39.99219+05	0	0	0	0	success	\N
4	1	purchases	push	2026-07-09 22:50:39.994184+05	2026-07-09 22:50:39.994184+05	7	7	0	0	success	\N
5	1	purchase_items	push	2026-07-09 22:50:39.996188+05	2026-07-09 22:50:39.996188+05	26	26	0	0	success	\N
6	1	purchase_returns	push	2026-07-09 22:50:39.998209+05	2026-07-09 22:50:39.998209+05	1	1	0	0	success	\N
7	1	purchase_return_items	push	2026-07-09 22:50:39.999178+05	2026-07-09 22:50:39.999178+05	0	0	0	0	success	\N
8	1	account_transactions	push	2026-07-09 22:50:40.002175+05	2026-07-09 22:50:40.002175+05	242	242	0	0	success	\N
9	1	sale_returns	push	2026-07-09 22:50:40.004173+05	2026-07-09 22:50:40.004173+05	1	1	0	0	success	\N
10	1	sale_return_items	push	2026-07-09 22:50:40.007186+05	2026-07-09 22:50:40.007186+05	0	0	0	0	success	\N
11	1	inventory_movements	push	2026-07-09 22:50:40.00817+05	2026-07-09 22:50:40.00817+05	353	353	0	0	success	\N
12	1	store_inventory	push	2026-07-09 22:50:40.010166+05	2026-07-09 22:50:40.010166+05	0	0	0	0	success	\N
13	1	stock_adjustments	push	2026-07-09 22:50:40.011167+05	2026-07-09 22:50:40.011167+05	0	0	0	0	success	\N
14	1	stock_adjustment_items	push	2026-07-09 22:50:40.013164+05	2026-07-09 22:50:40.013164+05	0	0	0	0	success	\N
15	1	stock_transfers	push	2026-07-09 22:50:40.015163+05	2026-07-09 22:50:40.015163+05	0	0	0	0	success	\N
16	1	stock_transfer_items	push	2026-07-09 22:50:40.016162+05	2026-07-09 22:50:40.016162+05	0	0	0	0	success	\N
17	1	shifts	push	2026-07-09 22:50:40.01916+05	2026-07-09 22:50:40.01916+05	4	4	0	0	success	\N
18	1	shift_logs	push	2026-07-09 22:50:40.023155+05	2026-07-09 22:50:40.023155+05	0	0	0	0	success	\N
19	1	journal_entries	push	2026-07-09 22:50:40.025153+05	2026-07-09 22:50:40.025153+05	250	250	0	0	success	\N
20	1	journal_entry_lines	push	2026-07-09 22:50:40.026152+05	2026-07-09 22:50:40.026152+05	787	787	0	0	partial	Synced 787 records with 4 errors
21	1	expenses	push	2026-07-09 22:50:40.027155+05	2026-07-09 22:50:40.027155+05	0	0	0	0	success	\N
22	1	customers	push	2026-07-09 22:50:40.02915+05	2026-07-09 22:50:40.02915+05	17	17	0	0	success	\N
23	1	customer_categories	push	2026-07-09 22:50:40.03015+05	2026-07-09 22:50:40.03015+05	0	0	0	0	success	\N
24	1	items	push	2026-07-09 22:50:40.03215+05	2026-07-09 22:50:40.03215+05	0	0	0	0	skipped	Skipped by sync_entity_policies (direction_policy=pull_only)
25	1	fbr_invoices	push	2026-07-09 22:50:40.033145+05	2026-07-09 22:50:40.033145+05	0	0	0	0	success	\N
26	1	void_orders	push	2026-07-09 22:50:40.037142+05	2026-07-09 22:50:40.037142+05	0	0	0	0	success	\N
27	1	void_items	push	2026-07-09 22:50:40.03914+05	2026-07-09 22:50:40.03914+05	0	0	0	0	success	\N
28	1	uoms	push	2026-07-09 22:50:40.04115+05	2026-07-09 22:50:40.04115+05	0	0	0	0	success	\N
29	1	price_history	push	2026-07-09 22:50:40.042138+05	2026-07-09 22:50:40.042138+05	0	0	0	0	success	\N
30	1	item_modifiers	push	2026-07-09 22:50:40.044136+05	2026-07-09 22:50:40.044136+05	0	0	0	0	success	\N
31	1	item_modifier_groups	push	2026-07-09 22:50:40.045134+05	2026-07-09 22:50:40.045134+05	0	0	0	0	success	\N
32	1	item_modifier_group_assignments	push	2026-07-09 22:50:40.047133+05	2026-07-09 22:50:40.047133+05	0	0	0	0	success	\N
33	1	modifier_templates	push	2026-07-09 22:50:40.048132+05	2026-07-09 22:50:40.048132+05	0	0	0	0	success	\N
34	1	modifier_template_options	push	2026-07-09 22:50:40.050129+05	2026-07-09 22:50:40.050129+05	0	0	0	0	success	\N
35	1	modifier_group_assignments	push	2026-07-09 22:50:40.053128+05	2026-07-09 22:50:40.053128+05	0	0	0	0	success	\N
36	1	production_orders	push	2026-07-09 22:50:40.057125+05	2026-07-09 22:50:40.057125+05	0	0	0	0	success	\N
37	1	production_items	push	2026-07-09 22:50:40.060119+05	2026-07-09 22:50:40.060119+05	0	0	0	0	success	\N
38	1	production_materials	push	2026-07-09 22:50:40.062122+05	2026-07-09 22:50:40.062122+05	0	0	0	0	success	\N
39	1	deals	push	2026-07-09 22:50:40.063121+05	2026-07-09 22:50:40.063121+05	0	0	0	0	success	\N
40	1	deal_items	push	2026-07-09 22:50:40.06512+05	2026-07-09 22:50:40.06512+05	0	0	0	0	success	\N
41	1	delivery_orders	push	2026-07-09 22:50:40.066123+05	2026-07-09 22:50:40.066123+05	2	2	0	0	success	\N
42	1	delivery_riders	push	2026-07-09 22:50:40.068111+05	2026-07-09 22:50:40.068111+05	2	2	0	0	success	\N
43	1	dinein_floors	push	2026-07-09 22:50:40.070111+05	2026-07-09 22:50:40.070111+05	0	0	0	0	success	\N
44	1	dinein_tables	push	2026-07-09 22:50:40.072108+05	2026-07-09 22:50:40.072108+05	0	0	0	0	success	\N
45	1	hold_orders	push	2026-07-09 22:50:40.074109+05	2026-07-09 22:50:40.074109+05	0	0	0	0	success	\N
46	1	hold_items	push	2026-07-09 22:50:40.075106+05	2026-07-09 22:50:40.075106+05	0	0	0	0	success	\N
47	1	customer_balance_entries	push	2026-07-09 22:50:40.076108+05	2026-07-09 22:50:40.076108+05	0	0	0	0	success	\N
48	1	cus_outstanding	push	2026-07-09 22:50:40.078103+05	2026-07-09 22:50:40.078103+05	0	0	0	0	success	\N
49	1	cus_payments	push	2026-07-09 22:50:40.079107+05	2026-07-09 22:50:40.079107+05	0	0	0	0	success	\N
50	1	supplier_balance_entries	push	2026-07-09 22:50:40.0811+05	2026-07-09 22:50:40.0811+05	0	0	0	0	success	\N
51	1	sup_outstanding	push	2026-07-09 22:50:40.083101+05	2026-07-09 22:50:40.083101+05	8	8	0	0	success	\N
52	1	sup_payments	push	2026-07-09 22:50:40.085096+05	2026-07-09 22:50:40.085096+05	0	0	0	0	success	\N
53	1	fbr_digital	push	2026-07-09 22:50:40.088097+05	2026-07-09 22:50:40.089092+05	0	0	0	0	success	\N
54	1	fbr_logs	push	2026-07-09 22:50:40.09109+05	2026-07-09 22:50:40.09109+05	0	0	0	0	success	\N
55	1	kpra_invoices	push	2026-07-09 22:50:40.097085+05	2026-07-09 22:50:40.097085+05	0	0	0	0	success	\N
56	1	kpra_logs	push	2026-07-09 22:50:40.100083+05	2026-07-09 22:50:40.100083+05	0	0	0	0	success	\N
57	1	order_takers	push	2026-07-09 22:50:40.105079+05	2026-07-09 22:50:40.105079+05	0	0	0	0	success	\N
58	1	table_transfer_logs	push	2026-07-09 22:50:40.108076+05	2026-07-09 22:50:40.108076+05	0	0	0	0	success	\N
59	1	warranties	push	2026-07-09 22:50:40.112073+05	2026-07-09 22:50:40.112073+05	0	0	0	0	success	\N
60	1	item_serials	push	2026-07-09 22:50:40.115068+05	2026-07-09 22:50:40.115068+05	0	0	0	0	success	\N
61	1	item_serial_transactions	push	2026-07-09 22:50:40.117065+05	2026-07-09 22:50:40.117065+05	0	0	0	0	success	\N
62	1	branch_info	pull	2026-07-09 22:50:40.120063+05	2026-07-09 22:50:40.120063+05	0	0	0	0	success	\N
63	1	stores	pull	2026-07-09 22:50:40.125062+05	2026-07-09 22:50:40.125062+05	0	0	0	0	success	\N
64	1	items	pull	2026-07-09 22:50:40.128058+05	2026-07-09 22:50:40.128058+05	1153	1153	0	0	success	\N
65	1	bom_master	pull	2026-07-09 22:50:40.130053+05	2026-07-09 22:50:40.130053+05	90	90	0	0	success	\N
66	1	bom_components	pull	2026-07-09 22:50:40.131052+05	2026-07-09 22:50:40.131052+05	809	809	0	0	success	\N
67	1	expense_categories	pull	2026-07-09 22:50:40.13305+05	2026-07-09 22:50:40.13305+05	1	1	0	0	success	\N
68	1	expense_subcategories	pull	2026-07-09 22:50:40.136048+05	2026-07-09 22:50:40.136048+05	2	2	0	0	success	\N
69	1	expense_accounts	pull	2026-07-09 22:50:40.139044+05	2026-07-09 22:50:40.139044+05	2	2	0	0	success	\N
70	1	categories	pull	2026-07-09 22:50:40.141043+05	2026-07-09 22:50:40.141043+05	5	5	0	0	success	\N
71	1	sub_categories	pull	2026-07-09 22:50:40.143042+05	2026-07-09 22:50:40.143042+05	21	21	0	0	success	\N
72	1	account_mappings	pull	2026-07-09 22:50:40.14504+05	2026-07-09 22:50:40.14504+05	45	45	0	0	success	\N
73	1	chart_of_accounts	pull	2026-07-09 22:50:40.146038+05	2026-07-09 22:50:40.146038+05	56	56	0	0	success	\N
74	1	fiscal_period_setup	pull	2026-07-09 22:50:40.148039+05	2026-07-09 22:50:40.148039+05	1	1	0	0	success	\N
75	1	fiscal_periods	pull	2026-07-09 22:50:40.149035+05	2026-07-09 22:50:40.149035+05	12	12	0	0	success	\N
76	1	vendors	pull	2026-07-09 22:50:40.151033+05	2026-07-09 22:50:40.151033+05	0	0	0	0	success	\N
77	1	bank_accounts	pull	2026-07-09 22:50:40.15403+05	2026-07-09 22:50:40.15403+05	2	2	0	0	success	\N
78	1	account_types	pull	2026-07-09 22:50:40.159027+05	2026-07-09 22:50:40.159027+05	5	5	0	0	success	\N
79	1	discounts	pull	2026-07-09 22:50:40.163023+05	2026-07-09 22:50:40.163023+05	0	0	0	0	success	\N
80	1	discount_categories	pull	2026-07-09 22:50:40.165025+05	2026-07-09 22:50:40.165025+05	0	0	0	0	success	\N
81	1	void_reasons	pull	2026-07-09 22:50:40.167018+05	2026-07-09 22:50:40.167018+05	1	1	0	0	success	\N
82	1	card_types	pull	2026-07-09 22:50:40.170017+05	2026-07-09 22:50:40.170017+05	3	3	0	0	success	\N
83	1	rights	pull	2026-07-09 22:50:40.172015+05	2026-07-09 22:50:40.172015+05	118	118	0	0	success	\N
84	1	roles	pull	2026-07-09 22:50:40.174011+05	2026-07-09 22:50:40.174011+05	5	5	0	0	success	\N
85	1	role_rights	pull	2026-07-09 22:50:40.17601+05	2026-07-09 22:50:40.17601+05	150	150	0	0	success	\N
86	1	users	pull	2026-07-09 22:50:40.177009+05	2026-07-09 22:50:40.177009+05	0	0	0	0	success	\N
87	1	branch_access	pull	2026-07-09 22:50:40.180008+05	2026-07-09 22:50:40.180008+05	11	11	0	0	success	\N
88	1	bank_access	pull	2026-07-09 22:50:40.183002+05	2026-07-09 22:50:40.183002+05	0	0	0	0	success	\N
89	1	quotations	pull	2026-07-09 22:50:40.184002+05	2026-07-09 22:50:40.184002+05	0	0	0	0	success	\N
90	1	quotation_items	pull	2026-07-09 22:50:40.188998+05	2026-07-09 22:50:40.188998+05	0	0	0	0	success	\N
91	2	sales	push	2026-07-09 23:38:57.679874+05	2026-07-09 23:38:57.679874+05	261	261	0	0	success	\N
92	2	sale_items	push	2026-07-09 23:38:57.693867+05	2026-07-09 23:38:57.693867+05	523	523	0	0	success	\N
93	2	sale_item_modifiers	push	2026-07-09 23:38:57.697856+05	2026-07-09 23:38:57.697856+05	0	0	0	0	success	\N
94	2	purchases	push	2026-07-09 23:38:57.700853+05	2026-07-09 23:38:57.700853+05	7	7	0	0	success	\N
95	2	purchase_items	push	2026-07-09 23:38:57.703851+05	2026-07-09 23:38:57.703851+05	26	26	0	0	success	\N
96	2	purchase_returns	push	2026-07-09 23:38:57.70685+05	2026-07-09 23:38:57.70685+05	1	1	0	0	success	\N
97	2	purchase_return_items	push	2026-07-09 23:38:57.710844+05	2026-07-09 23:38:57.710844+05	0	0	0	0	success	\N
98	2	account_transactions	push	2026-07-09 23:38:57.711845+05	2026-07-09 23:38:57.711845+05	264	264	0	0	success	\N
99	2	sale_returns	push	2026-07-09 23:38:57.71384+05	2026-07-09 23:38:57.71384+05	1	1	0	0	success	\N
100	2	sale_return_items	push	2026-07-09 23:38:57.715838+05	2026-07-09 23:38:57.715838+05	0	0	0	0	success	\N
101	2	inventory_movements	push	2026-07-09 23:38:57.716837+05	2026-07-09 23:38:57.716837+05	378	378	0	0	success	\N
102	2	store_inventory	push	2026-07-09 23:38:57.717837+05	2026-07-09 23:38:57.717837+05	0	0	0	0	success	\N
103	2	stock_adjustments	push	2026-07-09 23:38:57.719875+05	2026-07-09 23:38:57.719875+05	0	0	0	0	success	\N
104	2	stock_adjustment_items	push	2026-07-09 23:38:57.721838+05	2026-07-09 23:38:57.721838+05	0	0	0	0	success	\N
105	2	stock_transfers	push	2026-07-09 23:38:57.722833+05	2026-07-09 23:38:57.722833+05	0	0	0	0	success	\N
106	2	stock_transfer_items	push	2026-07-09 23:38:57.724832+05	2026-07-09 23:38:57.724832+05	0	0	0	0	success	\N
107	2	shifts	push	2026-07-09 23:38:57.726831+05	2026-07-09 23:38:57.726831+05	4	4	0	0	success	\N
108	2	shift_logs	push	2026-07-09 23:38:57.728828+05	2026-07-09 23:38:57.728828+05	0	0	0	0	success	\N
109	2	journal_entries	push	2026-07-09 23:38:57.730824+05	2026-07-09 23:38:57.730824+05	273	273	0	0	success	\N
110	2	journal_entry_lines	push	2026-07-09 23:38:57.732826+05	2026-07-09 23:38:57.732826+05	860	860	0	0	success	\N
111	2	expenses	push	2026-07-09 23:38:57.733822+05	2026-07-09 23:38:57.733822+05	0	0	0	0	success	\N
112	2	customers	push	2026-07-09 23:38:57.73482+05	2026-07-09 23:38:57.73482+05	17	17	0	0	success	\N
113	2	customer_categories	push	2026-07-09 23:38:57.73682+05	2026-07-09 23:38:57.73682+05	0	0	0	0	success	\N
114	2	items	push	2026-07-09 23:38:57.737819+05	2026-07-09 23:38:57.737819+05	0	0	0	0	skipped	Skipped by sync_entity_policies (direction_policy=pull_only)
115	2	fbr_invoices	push	2026-07-09 23:38:57.738816+05	2026-07-09 23:38:57.738816+05	0	0	0	0	success	\N
116	2	void_orders	push	2026-07-09 23:38:57.739816+05	2026-07-09 23:38:57.739816+05	0	0	0	0	success	\N
117	2	void_items	push	2026-07-09 23:38:57.741815+05	2026-07-09 23:38:57.741815+05	0	0	0	0	success	\N
118	2	uoms	push	2026-07-09 23:38:57.742815+05	2026-07-09 23:38:57.742815+05	0	0	0	0	success	\N
119	2	price_history	push	2026-07-09 23:38:57.744812+05	2026-07-09 23:38:57.744812+05	0	0	0	0	success	\N
120	2	item_modifiers	push	2026-07-09 23:38:57.74581+05	2026-07-09 23:38:57.74581+05	0	0	0	0	success	\N
121	2	item_modifier_groups	push	2026-07-09 23:38:57.747811+05	2026-07-09 23:38:57.747811+05	0	0	0	0	success	\N
122	2	item_modifier_group_assignments	push	2026-07-09 23:38:57.748806+05	2026-07-09 23:38:57.748806+05	0	0	0	0	success	\N
123	2	modifier_templates	push	2026-07-09 23:38:57.749806+05	2026-07-09 23:38:57.749806+05	0	0	0	0	success	\N
124	2	modifier_template_options	push	2026-07-09 23:38:57.751805+05	2026-07-09 23:38:57.751805+05	0	0	0	0	success	\N
125	2	modifier_group_assignments	push	2026-07-09 23:38:57.753806+05	2026-07-09 23:38:57.753806+05	0	0	0	0	success	\N
126	2	production_orders	push	2026-07-09 23:38:57.754802+05	2026-07-09 23:38:57.754802+05	0	0	0	0	success	\N
127	2	production_items	push	2026-07-09 23:38:57.7558+05	2026-07-09 23:38:57.7558+05	0	0	0	0	success	\N
128	2	production_materials	push	2026-07-09 23:38:57.756801+05	2026-07-09 23:38:57.756801+05	0	0	0	0	success	\N
129	2	deals	push	2026-07-09 23:38:57.758799+05	2026-07-09 23:38:57.758799+05	0	0	0	0	success	\N
130	2	deal_items	push	2026-07-09 23:38:57.760796+05	2026-07-09 23:38:57.760796+05	0	0	0	0	success	\N
131	2	delivery_orders	push	2026-07-09 23:38:57.761794+05	2026-07-09 23:38:57.761794+05	2	2	0	0	success	\N
132	2	delivery_riders	push	2026-07-09 23:38:57.763793+05	2026-07-09 23:38:57.763793+05	2	2	0	0	success	\N
133	2	dinein_floors	push	2026-07-09 23:38:57.764795+05	2026-07-09 23:38:57.764795+05	0	0	0	0	success	\N
134	2	dinein_tables	push	2026-07-09 23:38:57.765791+05	2026-07-09 23:38:57.765791+05	0	0	0	0	success	\N
135	2	hold_orders	push	2026-07-09 23:38:57.767791+05	2026-07-09 23:38:57.767791+05	1	1	0	0	success	\N
136	2	hold_items	push	2026-07-09 23:38:57.768788+05	2026-07-09 23:38:57.768788+05	0	0	0	0	success	\N
137	2	customer_balance_entries	push	2026-07-09 23:38:57.769786+05	2026-07-09 23:38:57.769786+05	0	0	0	0	success	\N
138	2	cus_outstanding	push	2026-07-09 23:38:57.77079+05	2026-07-09 23:38:57.77079+05	0	0	0	0	success	\N
139	2	cus_payments	push	2026-07-09 23:38:57.771785+05	2026-07-09 23:38:57.771785+05	0	0	0	0	success	\N
140	2	supplier_balance_entries	push	2026-07-09 23:38:57.773786+05	2026-07-09 23:38:57.773786+05	0	0	0	0	success	\N
141	2	sup_outstanding	push	2026-07-09 23:38:57.774782+05	2026-07-09 23:38:57.774782+05	8	8	0	0	success	\N
142	2	sup_payments	push	2026-07-09 23:38:57.776781+05	2026-07-09 23:38:57.776781+05	0	0	0	0	success	\N
143	2	fbr_digital	push	2026-07-09 23:38:57.77778+05	2026-07-09 23:38:57.77778+05	0	0	0	0	success	\N
144	2	fbr_logs	push	2026-07-09 23:38:57.779778+05	2026-07-09 23:38:57.779778+05	0	0	0	0	success	\N
145	2	kpra_invoices	push	2026-07-09 23:38:57.780777+05	2026-07-09 23:38:57.780777+05	0	0	0	0	success	\N
146	2	kpra_logs	push	2026-07-09 23:38:57.782775+05	2026-07-09 23:38:57.782775+05	0	0	0	0	success	\N
147	2	order_takers	push	2026-07-09 23:38:57.783774+05	2026-07-09 23:38:57.783774+05	0	0	0	0	success	\N
148	2	table_transfer_logs	push	2026-07-09 23:38:57.784775+05	2026-07-09 23:38:57.784775+05	0	0	0	0	success	\N
149	2	warranties	push	2026-07-09 23:38:57.785772+05	2026-07-09 23:38:57.785772+05	0	0	0	0	success	\N
150	2	item_serials	push	2026-07-09 23:38:57.78777+05	2026-07-09 23:38:57.78777+05	0	0	0	0	success	\N
151	2	item_serial_transactions	push	2026-07-09 23:38:57.788769+05	2026-07-09 23:38:57.788769+05	0	0	0	0	success	\N
152	2	branch_info	pull	2026-07-09 23:38:57.789767+05	2026-07-09 23:38:57.789767+05	0	0	0	0	success	\N
153	2	stores	pull	2026-07-09 23:38:57.790767+05	2026-07-09 23:38:57.790767+05	3	3	0	0	success	\N
154	2	items	pull	2026-07-09 23:38:57.792766+05	2026-07-09 23:38:57.792766+05	1153	1153	0	0	success	\N
155	2	bom_master	pull	2026-07-09 23:38:57.793766+05	2026-07-09 23:38:57.793766+05	90	90	0	0	success	\N
156	2	bom_components	pull	2026-07-09 23:38:57.795763+05	2026-07-09 23:38:57.795763+05	809	809	0	0	success	\N
157	2	expense_categories	pull	2026-07-09 23:38:57.797763+05	2026-07-09 23:38:57.797763+05	1	1	0	0	success	\N
158	2	expense_subcategories	pull	2026-07-09 23:38:57.798759+05	2026-07-09 23:38:57.798759+05	2	2	0	0	success	\N
159	2	expense_accounts	pull	2026-07-09 23:38:57.799759+05	2026-07-09 23:38:57.799759+05	2	2	0	0	success	\N
160	2	categories	pull	2026-07-09 23:38:57.80076+05	2026-07-09 23:38:57.80076+05	5	5	0	0	success	\N
161	2	sub_categories	pull	2026-07-09 23:38:57.802755+05	2026-07-09 23:38:57.802755+05	21	21	0	0	success	\N
162	2	account_mappings	pull	2026-07-09 23:38:57.803755+05	2026-07-09 23:38:57.803755+05	45	45	0	0	success	\N
163	2	chart_of_accounts	pull	2026-07-09 23:38:57.804754+05	2026-07-09 23:38:57.804754+05	56	56	0	0	success	\N
164	2	fiscal_period_setup	pull	2026-07-09 23:38:57.805752+05	2026-07-09 23:38:57.805752+05	1	1	0	0	success	\N
165	2	fiscal_periods	pull	2026-07-09 23:38:57.806752+05	2026-07-09 23:38:57.806752+05	12	12	0	0	success	\N
166	2	vendors	pull	2026-07-09 23:38:57.807751+05	2026-07-09 23:38:57.807751+05	0	0	0	0	success	\N
167	2	bank_accounts	pull	2026-07-09 23:38:57.80975+05	2026-07-09 23:38:57.80975+05	2	2	0	0	success	\N
168	2	account_types	pull	2026-07-09 23:38:57.811748+05	2026-07-09 23:38:57.811748+05	5	5	0	0	success	\N
169	2	discounts	pull	2026-07-09 23:38:57.812747+05	2026-07-09 23:38:57.812747+05	0	0	0	0	success	\N
170	2	discount_categories	pull	2026-07-09 23:38:57.814747+05	2026-07-09 23:38:57.814747+05	0	0	0	0	success	\N
171	2	void_reasons	pull	2026-07-09 23:38:57.815743+05	2026-07-09 23:38:57.815743+05	1	1	0	0	success	\N
172	2	card_types	pull	2026-07-09 23:38:57.816743+05	2026-07-09 23:38:57.816743+05	3	3	0	0	success	\N
173	2	rights	pull	2026-07-09 23:38:57.817744+05	2026-07-09 23:38:57.817744+05	118	118	0	0	success	\N
174	2	roles	pull	2026-07-09 23:38:57.818741+05	2026-07-09 23:38:57.818741+05	5	5	0	0	success	\N
175	2	role_rights	pull	2026-07-09 23:38:57.820742+05	2026-07-09 23:38:57.820742+05	150	150	0	0	success	\N
176	2	users	pull	2026-07-09 23:38:57.821738+05	2026-07-09 23:38:57.821738+05	0	0	0	0	success	\N
177	2	branch_access	pull	2026-07-09 23:38:57.822736+05	2026-07-09 23:38:57.822736+05	11	11	0	0	success	\N
178	2	bank_access	pull	2026-07-09 23:38:57.823736+05	2026-07-09 23:38:57.823736+05	0	0	0	0	success	\N
179	2	quotations	pull	2026-07-09 23:38:57.824735+05	2026-07-09 23:38:57.824735+05	0	0	0	0	success	\N
180	2	quotation_items	pull	2026-07-09 23:38:57.826733+05	2026-07-09 23:38:57.826733+05	0	0	0	0	success	\N
181	3	sales	push	2026-07-10 00:13:29.7582+05	2026-07-10 00:13:29.7582+05	0	0	0	0	success	\N
182	3	sale_items	push	2026-07-10 00:13:29.795232+05	2026-07-10 00:13:29.795232+05	0	0	0	0	success	\N
183	3	sale_item_modifiers	push	2026-07-10 00:13:29.798164+05	2026-07-10 00:13:29.798164+05	0	0	0	0	success	\N
184	3	purchases	push	2026-07-10 00:13:29.801204+05	2026-07-10 00:13:29.801204+05	0	0	0	0	success	\N
185	3	purchase_items	push	2026-07-10 00:13:29.80316+05	2026-07-10 00:13:29.80316+05	0	0	0	0	success	\N
186	3	purchase_returns	push	2026-07-10 00:13:29.806154+05	2026-07-10 00:13:29.806154+05	0	0	0	0	success	\N
187	3	purchase_return_items	push	2026-07-10 00:13:29.808178+05	2026-07-10 00:13:29.808178+05	0	0	0	0	success	\N
188	3	account_transactions	push	2026-07-10 00:13:29.810163+05	2026-07-10 00:13:29.810163+05	1	1	0	0	partial	Synced 1 records with 275 errors
189	3	sale_returns	push	2026-07-10 00:13:29.812152+05	2026-07-10 00:13:29.812152+05	0	0	0	0	partial	Synced 0 records with 1 errors
190	3	sale_return_items	push	2026-07-10 00:13:29.813146+05	2026-07-10 00:13:29.813146+05	0	0	0	0	success	\N
191	3	inventory_movements	push	2026-07-10 00:13:29.815173+05	2026-07-10 00:13:29.815173+05	0	0	0	0	partial	Synced 0 records with 387 errors
192	3	store_inventory	push	2026-07-10 00:13:29.816143+05	2026-07-10 00:13:29.816143+05	0	0	0	0	success	\N
193	3	stock_adjustments	push	2026-07-10 00:13:29.818143+05	2026-07-10 00:13:29.818143+05	0	0	0	0	success	\N
194	3	stock_adjustment_items	push	2026-07-10 00:13:29.82014+05	2026-07-10 00:13:29.82014+05	0	0	0	0	success	\N
195	3	stock_transfers	push	2026-07-10 00:13:29.821139+05	2026-07-10 00:13:29.821139+05	0	0	0	0	success	\N
196	3	stock_transfer_items	push	2026-07-10 00:13:29.824137+05	2026-07-10 00:13:29.824137+05	0	0	0	0	success	\N
197	3	shifts	push	2026-07-10 00:13:29.825134+05	2026-07-10 00:13:29.825134+05	0	0	0	0	partial	Synced 0 records with 4 errors
198	3	shift_logs	push	2026-07-10 00:13:29.827134+05	2026-07-10 00:13:29.827134+05	0	0	0	0	success	\N
199	3	journal_entries	push	2026-07-10 00:13:29.828133+05	2026-07-10 00:13:29.828133+05	0	0	0	0	partial	Synced 0 records with 284 errors
200	3	journal_entry_lines	push	2026-07-10 00:13:29.829132+05	2026-07-10 00:13:29.829132+05	860	860	0	0	partial	Synced 860 records with 38 errors
201	3	expenses	push	2026-07-10 00:13:29.83113+05	2026-07-10 00:13:29.83113+05	0	0	0	0	success	\N
202	3	customers	push	2026-07-10 00:13:29.832128+05	2026-07-10 00:13:29.832128+05	19	19	0	0	success	\N
203	3	customer_categories	push	2026-07-10 00:13:29.834127+05	2026-07-10 00:13:29.834127+05	0	0	0	0	success	\N
204	3	items	push	2026-07-10 00:13:29.836124+05	2026-07-10 00:13:29.836124+05	0	0	0	0	skipped	Skipped by sync_entity_policies (direction_policy=pull_only)
205	3	fbr_invoices	push	2026-07-10 00:13:29.837126+05	2026-07-10 00:13:29.837126+05	0	0	0	0	success	\N
206	3	void_orders	push	2026-07-10 00:13:29.838122+05	2026-07-10 00:13:29.838122+05	0	0	0	0	success	\N
207	3	void_items	push	2026-07-10 00:13:29.840123+05	2026-07-10 00:13:29.840123+05	0	0	0	0	success	\N
208	3	uoms	push	2026-07-10 00:13:29.842122+05	2026-07-10 00:13:29.842122+05	0	0	0	0	success	\N
209	3	price_history	push	2026-07-10 00:13:29.843118+05	2026-07-10 00:13:29.843118+05	0	0	0	0	success	\N
210	3	item_modifiers	push	2026-07-10 00:13:29.844116+05	2026-07-10 00:13:29.844116+05	0	0	0	0	success	\N
211	3	item_modifier_groups	push	2026-07-10 00:13:29.845117+05	2026-07-10 00:13:29.845117+05	0	0	0	0	success	\N
212	3	item_modifier_group_assignments	push	2026-07-10 00:13:29.846115+05	2026-07-10 00:13:29.846115+05	0	0	0	0	success	\N
213	3	modifier_templates	push	2026-07-10 00:13:29.848116+05	2026-07-10 00:13:29.848116+05	0	0	0	0	success	\N
214	3	modifier_template_options	push	2026-07-10 00:13:29.849112+05	2026-07-10 00:13:29.849112+05	0	0	0	0	success	\N
215	3	modifier_group_assignments	push	2026-07-10 00:13:29.850111+05	2026-07-10 00:13:29.850111+05	0	0	0	0	success	\N
216	3	production_orders	push	2026-07-10 00:13:29.85111+05	2026-07-10 00:13:29.85111+05	0	0	0	0	success	\N
217	3	production_items	push	2026-07-10 00:13:29.855107+05	2026-07-10 00:13:29.855107+05	0	0	0	0	success	\N
218	3	production_materials	push	2026-07-10 00:13:29.857124+05	2026-07-10 00:13:29.857124+05	0	0	0	0	success	\N
219	3	deals	push	2026-07-10 00:13:29.859105+05	2026-07-10 00:13:29.859105+05	0	0	0	0	success	\N
220	3	deal_items	push	2026-07-10 00:13:29.861101+05	2026-07-10 00:13:29.861101+05	0	0	0	0	success	\N
221	3	delivery_orders	push	2026-07-10 00:13:29.863102+05	2026-07-10 00:13:29.863102+05	2	2	0	0	success	\N
222	3	delivery_riders	push	2026-07-10 00:13:29.864098+05	2026-07-10 00:13:29.864098+05	2	2	0	0	success	\N
223	3	dinein_floors	push	2026-07-10 00:13:29.866102+05	2026-07-10 00:13:29.866102+05	0	0	0	0	success	\N
224	3	dinein_tables	push	2026-07-10 00:13:29.867131+05	2026-07-10 00:13:29.867131+05	0	0	0	0	success	\N
225	3	hold_orders	push	2026-07-10 00:13:29.868095+05	2026-07-10 00:13:29.868095+05	0	0	0	0	partial	Synced 0 records with 5 errors
226	3	hold_items	push	2026-07-10 00:13:29.870094+05	2026-07-10 00:13:29.870094+05	0	0	0	0	success	\N
227	3	customer_balance_entries	push	2026-07-10 00:13:29.872092+05	2026-07-10 00:13:29.872092+05	0	0	0	0	success	\N
228	3	cus_outstanding	push	2026-07-10 00:13:29.874087+05	2026-07-10 00:13:29.874087+05	0	0	0	0	success	\N
229	3	cus_payments	push	2026-07-10 00:13:29.875087+05	2026-07-10 00:13:29.875087+05	0	0	0	0	success	\N
230	3	supplier_balance_entries	push	2026-07-10 00:13:29.876087+05	2026-07-10 00:13:29.876087+05	0	0	0	0	success	\N
231	3	sup_outstanding	push	2026-07-10 00:13:29.878088+05	2026-07-10 00:13:29.878088+05	8	8	0	0	success	\N
232	3	sup_payments	push	2026-07-10 00:13:29.879084+05	2026-07-10 00:13:29.879084+05	0	0	0	0	success	\N
233	3	fbr_digital	push	2026-07-10 00:13:29.880082+05	2026-07-10 00:13:29.880082+05	0	0	0	0	success	\N
234	3	fbr_logs	push	2026-07-10 00:13:29.881082+05	2026-07-10 00:13:29.881082+05	0	0	0	0	success	\N
235	3	kpra_invoices	push	2026-07-10 00:13:29.882081+05	2026-07-10 00:13:29.882081+05	0	0	0	0	success	\N
236	3	kpra_logs	push	2026-07-10 00:13:29.884082+05	2026-07-10 00:13:29.884082+05	0	0	0	0	success	\N
237	3	order_takers	push	2026-07-10 00:13:29.885079+05	2026-07-10 00:13:29.885079+05	0	0	0	0	success	\N
238	3	table_transfer_logs	push	2026-07-10 00:13:29.886077+05	2026-07-10 00:13:29.886077+05	0	0	0	0	success	\N
239	3	warranties	push	2026-07-10 00:13:29.888075+05	2026-07-10 00:13:29.888075+05	0	0	0	0	success	\N
240	3	item_serials	push	2026-07-10 00:13:29.890073+05	2026-07-10 00:13:29.890073+05	0	0	0	0	success	\N
241	3	item_serial_transactions	push	2026-07-10 00:13:29.891074+05	2026-07-10 00:13:29.891074+05	0	0	0	0	success	\N
242	3	branch_info	pull	2026-07-10 00:13:29.892071+05	2026-07-10 00:13:29.892071+05	0	0	0	0	success	\N
243	3	stores	pull	2026-07-10 00:13:29.894069+05	2026-07-10 00:13:29.894069+05	0	0	0	0	success	\N
244	3	items	pull	2026-07-10 00:13:29.895068+05	2026-07-10 00:13:29.895068+05	1153	1153	0	0	success	\N
245	3	bom_master	pull	2026-07-10 00:13:29.896072+05	2026-07-10 00:13:29.896072+05	90	90	0	0	success	\N
246	3	bom_components	pull	2026-07-10 00:13:29.897066+05	2026-07-10 00:13:29.897066+05	809	809	0	0	success	\N
247	3	expense_categories	pull	2026-07-10 00:13:29.899064+05	2026-07-10 00:13:29.899064+05	1	1	0	0	success	\N
248	3	expense_subcategories	pull	2026-07-10 00:13:29.900063+05	2026-07-10 00:13:29.900063+05	2	2	0	0	success	\N
249	3	expense_accounts	pull	2026-07-10 00:13:29.901063+05	2026-07-10 00:13:29.901063+05	2	2	0	0	success	\N
250	3	categories	pull	2026-07-10 00:13:29.902061+05	2026-07-10 00:13:29.902061+05	5	5	0	0	success	\N
251	3	sub_categories	pull	2026-07-10 00:13:29.90406+05	2026-07-10 00:13:29.90406+05	21	21	0	0	success	\N
252	3	account_mappings	pull	2026-07-10 00:13:29.905062+05	2026-07-10 00:13:29.905062+05	45	45	0	0	success	\N
253	3	chart_of_accounts	pull	2026-07-10 00:13:29.907057+05	2026-07-10 00:13:29.907057+05	56	56	0	0	success	\N
254	3	fiscal_period_setup	pull	2026-07-10 00:13:29.909054+05	2026-07-10 00:13:29.909054+05	1	1	0	0	success	\N
255	3	fiscal_periods	pull	2026-07-10 00:13:29.910054+05	2026-07-10 00:13:29.910054+05	12	12	0	0	success	\N
256	3	vendors	pull	2026-07-10 00:13:29.911053+05	2026-07-10 00:13:29.911053+05	0	0	0	0	success	\N
257	3	bank_accounts	pull	2026-07-10 00:13:29.912054+05	2026-07-10 00:13:29.912054+05	2	2	0	0	success	\N
258	3	account_types	pull	2026-07-10 00:13:29.91305+05	2026-07-10 00:13:29.91305+05	5	5	0	0	success	\N
259	3	discounts	pull	2026-07-10 00:13:29.915049+05	2026-07-10 00:13:29.915049+05	0	0	0	0	success	\N
260	3	discount_categories	pull	2026-07-10 00:13:29.916048+05	2026-07-10 00:13:29.916048+05	0	0	0	0	success	\N
261	3	void_reasons	pull	2026-07-10 00:13:29.917046+05	2026-07-10 00:13:29.917046+05	1	1	0	0	success	\N
262	3	card_types	pull	2026-07-10 00:13:29.918046+05	2026-07-10 00:13:29.918046+05	3	3	0	0	success	\N
263	3	rights	pull	2026-07-10 00:13:29.920046+05	2026-07-10 00:13:29.920046+05	118	118	0	0	success	\N
264	3	roles	pull	2026-07-10 00:13:29.921044+05	2026-07-10 00:13:29.921044+05	5	5	0	0	success	\N
265	3	role_rights	pull	2026-07-10 00:13:29.923042+05	2026-07-10 00:13:29.923042+05	150	150	0	0	success	\N
266	3	users	pull	2026-07-10 00:13:29.92504+05	2026-07-10 00:13:29.92504+05	0	0	0	0	success	\N
267	3	branch_access	pull	2026-07-10 00:13:29.926039+05	2026-07-10 00:13:29.926039+05	11	11	0	0	success	\N
268	3	bank_access	pull	2026-07-10 00:13:29.927037+05	2026-07-10 00:13:29.927037+05	0	0	0	0	success	\N
269	3	quotations	pull	2026-07-10 00:13:29.92804+05	2026-07-10 00:13:29.92804+05	0	0	0	0	success	\N
270	3	quotation_items	pull	2026-07-10 00:13:29.929036+05	2026-07-10 00:13:29.929036+05	0	0	0	0	success	\N
271	4	sales	push	2026-07-10 00:26:14.563187+05	2026-07-10 00:26:14.563187+05	0	0	0	0	success	\N
272	4	sale_items	push	2026-07-10 00:26:14.595203+05	2026-07-10 00:26:14.595203+05	0	0	0	0	success	\N
273	4	sale_item_modifiers	push	2026-07-10 00:26:14.597153+05	2026-07-10 00:26:14.597153+05	0	0	0	0	success	\N
274	4	purchases	push	2026-07-10 00:26:14.600149+05	2026-07-10 00:26:14.600149+05	0	0	0	0	success	\N
275	4	purchase_items	push	2026-07-10 00:26:14.602151+05	2026-07-10 00:26:14.602151+05	0	0	0	0	success	\N
276	4	purchase_returns	push	2026-07-10 00:26:14.604166+05	2026-07-10 00:26:14.604166+05	0	0	0	0	success	\N
277	4	purchase_return_items	push	2026-07-10 00:26:14.605149+05	2026-07-10 00:26:14.605149+05	0	0	0	0	success	\N
278	4	account_transactions	push	2026-07-10 00:26:14.607145+05	2026-07-10 00:26:14.607145+05	1	1	0	0	partial	Synced 1 records with 282 errors
279	4	sale_returns	push	2026-07-10 00:26:14.609142+05	2026-07-10 00:26:14.609142+05	0	0	0	0	partial	Synced 0 records with 1 errors
280	4	sale_return_items	push	2026-07-10 00:26:14.610153+05	2026-07-10 00:26:14.610153+05	0	0	0	0	success	\N
281	4	inventory_movements	push	2026-07-10 00:26:14.612139+05	2026-07-10 00:26:14.612139+05	0	0	0	0	partial	Synced 0 records with 399 errors
282	4	store_inventory	push	2026-07-10 00:26:14.613137+05	2026-07-10 00:26:14.613137+05	0	0	0	0	success	\N
283	4	stock_adjustments	push	2026-07-10 00:26:14.615136+05	2026-07-10 00:26:14.615136+05	0	0	0	0	success	\N
284	4	stock_adjustment_items	push	2026-07-10 00:26:14.616134+05	2026-07-10 00:26:14.616134+05	0	0	0	0	success	\N
285	4	stock_transfers	push	2026-07-10 00:26:14.618136+05	2026-07-10 00:26:14.618136+05	0	0	0	0	success	\N
286	4	stock_transfer_items	push	2026-07-10 00:26:14.61913+05	2026-07-10 00:26:14.61913+05	0	0	0	0	success	\N
287	4	shifts	push	2026-07-10 00:26:14.62013+05	2026-07-10 00:26:14.62013+05	0	0	0	0	partial	Synced 0 records with 4 errors
288	4	shift_logs	push	2026-07-10 00:26:14.622129+05	2026-07-10 00:26:14.622129+05	0	0	0	0	success	\N
289	4	journal_entries	push	2026-07-10 00:26:14.623128+05	2026-07-10 00:26:14.623128+05	0	0	0	0	partial	Synced 0 records with 294 errors
290	4	journal_entry_lines	push	2026-07-10 00:26:14.624129+05	2026-07-10 00:26:14.624129+05	860	860	0	0	partial	Synced 860 records with 68 errors
291	4	expenses	push	2026-07-10 00:26:14.625125+05	2026-07-10 00:26:14.625125+05	0	0	0	0	success	\N
292	4	customers	push	2026-07-10 00:26:14.627126+05	2026-07-10 00:26:14.627126+05	19	19	0	0	success	\N
293	4	customer_categories	push	2026-07-10 00:26:14.628123+05	2026-07-10 00:26:14.628123+05	0	0	0	0	success	\N
294	4	items	push	2026-07-10 00:26:14.629122+05	2026-07-10 00:26:14.629122+05	0	0	0	0	skipped	Skipped by sync_entity_policies (direction_policy=pull_only)
295	4	fbr_invoices	push	2026-07-10 00:26:14.630123+05	2026-07-10 00:26:14.630123+05	0	0	0	0	success	\N
296	4	void_orders	push	2026-07-10 00:26:14.631119+05	2026-07-10 00:26:14.631119+05	0	0	0	0	success	\N
297	4	void_items	push	2026-07-10 00:26:14.632119+05	2026-07-10 00:26:14.632119+05	0	0	0	0	success	\N
298	4	uoms	push	2026-07-10 00:26:14.633117+05	2026-07-10 00:26:14.633117+05	0	0	0	0	success	\N
299	4	price_history	push	2026-07-10 00:26:14.63512+05	2026-07-10 00:26:14.63512+05	0	0	0	0	success	\N
300	4	item_modifiers	push	2026-07-10 00:26:14.636115+05	2026-07-10 00:26:14.636115+05	0	0	0	0	success	\N
301	4	item_modifier_groups	push	2026-07-10 00:26:14.637113+05	2026-07-10 00:26:14.637113+05	0	0	0	0	success	\N
302	4	item_modifier_group_assignments	push	2026-07-10 00:26:14.638117+05	2026-07-10 00:26:14.638117+05	0	0	0	0	success	\N
303	4	modifier_templates	push	2026-07-10 00:26:14.639112+05	2026-07-10 00:26:14.639112+05	0	0	0	0	success	\N
304	4	modifier_template_options	push	2026-07-10 00:26:14.641113+05	2026-07-10 00:26:14.641113+05	0	0	0	0	success	\N
305	4	modifier_group_assignments	push	2026-07-10 00:26:14.642112+05	2026-07-10 00:26:14.642112+05	0	0	0	0	success	\N
306	4	production_orders	push	2026-07-10 00:26:14.643109+05	2026-07-10 00:26:14.643109+05	0	0	0	0	success	\N
307	4	production_items	push	2026-07-10 00:26:14.644108+05	2026-07-10 00:26:14.644108+05	0	0	0	0	success	\N
308	4	production_materials	push	2026-07-10 00:26:14.646109+05	2026-07-10 00:26:14.646109+05	0	0	0	0	success	\N
309	4	deals	push	2026-07-10 00:26:14.647105+05	2026-07-10 00:26:14.647105+05	0	0	0	0	success	\N
310	4	deal_items	push	2026-07-10 00:26:14.648103+05	2026-07-10 00:26:14.648103+05	0	0	0	0	success	\N
311	4	delivery_orders	push	2026-07-10 00:26:14.649107+05	2026-07-10 00:26:14.649107+05	2	2	0	0	success	\N
312	4	delivery_riders	push	2026-07-10 00:26:14.651101+05	2026-07-10 00:26:14.651101+05	2	2	0	0	success	\N
313	4	dinein_floors	push	2026-07-10 00:26:14.6521+05	2026-07-10 00:26:14.6521+05	0	0	0	0	success	\N
314	4	dinein_tables	push	2026-07-10 00:26:14.653099+05	2026-07-10 00:26:14.653099+05	0	0	0	0	success	\N
315	4	hold_orders	push	2026-07-10 00:26:14.654101+05	2026-07-10 00:26:14.654101+05	0	0	0	0	partial	Synced 0 records with 5 errors
316	4	hold_items	push	2026-07-10 00:26:14.655098+05	2026-07-10 00:26:14.655098+05	0	0	0	0	success	\N
317	4	customer_balance_entries	push	2026-07-10 00:26:14.657095+05	2026-07-10 00:26:14.657095+05	0	0	0	0	success	\N
318	4	cus_outstanding	push	2026-07-10 00:26:14.658094+05	2026-07-10 00:26:14.658094+05	0	0	0	0	success	\N
319	4	cus_payments	push	2026-07-10 00:26:14.659093+05	2026-07-10 00:26:14.659093+05	0	0	0	0	success	\N
320	4	supplier_balance_entries	push	2026-07-10 00:26:14.660092+05	2026-07-10 00:26:14.660092+05	0	0	0	0	success	\N
321	4	sup_outstanding	push	2026-07-10 00:26:14.661091+05	2026-07-10 00:26:14.661091+05	8	8	0	0	success	\N
322	4	sup_payments	push	2026-07-10 00:26:14.663093+05	2026-07-10 00:26:14.663093+05	0	0	0	0	success	\N
323	4	fbr_digital	push	2026-07-10 00:26:14.664087+05	2026-07-10 00:26:14.664087+05	0	0	0	0	success	\N
324	4	fbr_logs	push	2026-07-10 00:26:14.665088+05	2026-07-10 00:26:14.665088+05	0	0	0	0	success	\N
325	4	kpra_invoices	push	2026-07-10 00:26:14.666086+05	2026-07-10 00:26:14.666086+05	0	0	0	0	success	\N
326	4	kpra_logs	push	2026-07-10 00:26:14.668085+05	2026-07-10 00:26:14.668085+05	0	0	0	0	success	\N
327	4	order_takers	push	2026-07-10 00:26:14.669084+05	2026-07-10 00:26:14.669084+05	0	0	0	0	success	\N
328	4	table_transfer_logs	push	2026-07-10 00:26:14.670083+05	2026-07-10 00:26:14.670083+05	0	0	0	0	success	\N
329	4	warranties	push	2026-07-10 00:26:14.671083+05	2026-07-10 00:26:14.671083+05	0	0	0	0	success	\N
330	4	item_serials	push	2026-07-10 00:26:14.672081+05	2026-07-10 00:26:14.672081+05	0	0	0	0	success	\N
331	4	item_serial_transactions	push	2026-07-10 00:26:14.67408+05	2026-07-10 00:26:14.67408+05	0	0	0	0	success	\N
332	4	branch_info	pull	2026-07-10 00:26:14.675078+05	2026-07-10 00:26:14.675078+05	0	0	0	0	success	\N
333	4	stores	pull	2026-07-10 00:26:14.676076+05	2026-07-10 00:26:14.676076+05	0	0	0	0	success	\N
334	4	items	pull	2026-07-10 00:26:14.678075+05	2026-07-10 00:26:14.678075+05	1153	1153	0	0	success	\N
335	4	bom_master	pull	2026-07-10 00:26:14.679074+05	2026-07-10 00:26:14.679074+05	90	90	0	0	success	\N
336	4	bom_components	pull	2026-07-10 00:26:14.680073+05	2026-07-10 00:26:14.680073+05	809	809	0	0	success	\N
337	4	expense_categories	pull	2026-07-10 00:26:14.682071+05	2026-07-10 00:26:14.682071+05	1	1	0	0	success	\N
338	4	expense_subcategories	pull	2026-07-10 00:26:14.68307+05	2026-07-10 00:26:14.68307+05	2	2	0	0	success	\N
339	4	expense_accounts	pull	2026-07-10 00:26:14.68407+05	2026-07-10 00:26:14.68407+05	2	2	0	0	success	\N
340	4	categories	pull	2026-07-10 00:26:14.686068+05	2026-07-10 00:26:14.686068+05	5	5	0	0	success	\N
341	4	sub_categories	pull	2026-07-10 00:26:14.687067+05	2026-07-10 00:26:14.687067+05	21	21	0	0	success	\N
342	4	account_mappings	pull	2026-07-10 00:26:14.688065+05	2026-07-10 00:26:14.688065+05	45	45	0	0	success	\N
343	4	chart_of_accounts	pull	2026-07-10 00:26:14.690063+05	2026-07-10 00:26:14.690063+05	56	56	0	0	success	\N
344	4	fiscal_period_setup	pull	2026-07-10 00:26:14.691062+05	2026-07-10 00:26:14.691062+05	1	1	0	0	success	\N
345	4	fiscal_periods	pull	2026-07-10 00:26:14.692061+05	2026-07-10 00:26:14.692061+05	12	12	0	0	success	\N
346	4	vendors	pull	2026-07-10 00:26:14.694059+05	2026-07-10 00:26:14.694059+05	0	0	0	0	success	\N
347	4	bank_accounts	pull	2026-07-10 00:26:14.695058+05	2026-07-10 00:26:14.695058+05	2	2	0	0	success	\N
348	4	account_types	pull	2026-07-10 00:26:14.696057+05	2026-07-10 00:26:14.696057+05	5	5	0	0	success	\N
349	4	discounts	pull	2026-07-10 00:26:14.697057+05	2026-07-10 00:26:14.697057+05	0	0	0	0	success	\N
350	4	discount_categories	pull	2026-07-10 00:26:14.699055+05	2026-07-10 00:26:14.699055+05	0	0	0	0	success	\N
351	4	void_reasons	pull	2026-07-10 00:26:14.700054+05	2026-07-10 00:26:14.700054+05	1	1	0	0	success	\N
352	4	card_types	pull	2026-07-10 00:26:14.702053+05	2026-07-10 00:26:14.702053+05	3	3	0	0	success	\N
353	4	rights	pull	2026-07-10 00:26:14.704051+05	2026-07-10 00:26:14.704051+05	118	118	0	0	success	\N
354	4	roles	pull	2026-07-10 00:26:14.70605+05	2026-07-10 00:26:14.70605+05	5	5	0	0	success	\N
355	4	role_rights	pull	2026-07-10 00:26:14.707048+05	2026-07-10 00:26:14.707048+05	150	150	0	0	success	\N
356	4	users	pull	2026-07-10 00:26:14.709046+05	2026-07-10 00:26:14.709046+05	0	0	0	0	success	\N
357	4	branch_access	pull	2026-07-10 00:26:14.710045+05	2026-07-10 00:26:14.710045+05	11	11	0	0	success	\N
358	4	bank_access	pull	2026-07-10 00:26:14.712043+05	2026-07-10 00:26:14.712043+05	0	0	0	0	success	\N
359	4	quotations	pull	2026-07-10 00:26:14.714044+05	2026-07-10 00:26:14.714044+05	0	0	0	0	success	\N
360	4	quotation_items	pull	2026-07-10 00:26:14.716041+05	2026-07-10 00:26:14.716041+05	0	0	0	0	success	\N
361	6	sales	push	2026-07-10 01:29:58.851604+05	2026-07-10 01:29:58.851604+05	303	303	0	0	success	\N
362	6	sale_items	push	2026-07-10 01:29:58.88291+05	2026-07-10 01:29:58.88291+05	624	624	0	0	success	\N
363	6	sale_item_modifiers	push	2026-07-10 01:29:58.88291+05	2026-07-10 01:29:58.88291+05	0	0	0	0	success	\N
364	6	purchases	push	2026-07-10 01:29:58.88291+05	2026-07-10 01:29:58.88291+05	7	7	0	0	success	\N
365	6	purchase_items	push	2026-07-10 01:29:58.898534+05	2026-07-10 01:29:58.898534+05	26	26	0	0	success	\N
366	6	purchase_returns	push	2026-07-10 01:29:58.898534+05	2026-07-10 01:29:58.898534+05	0	0	0	0	success	\N
367	6	purchase_return_items	push	2026-07-10 01:29:58.898534+05	2026-07-10 01:29:58.898534+05	0	0	0	0	success	\N
368	6	account_transactions	push	2026-07-10 01:29:58.898534+05	2026-07-10 01:29:58.898534+05	305	305	0	0	partial	Synced 305 records with 1 errors
369	6	sale_returns	push	2026-07-10 01:29:58.898534+05	2026-07-10 01:29:58.898534+05	0	0	0	0	partial	Synced 0 records with 1 errors
370	6	sale_return_items	push	2026-07-10 01:29:58.898534+05	2026-07-10 01:29:58.898534+05	0	0	0	0	success	\N
371	6	inventory_movements	push	2026-07-10 01:29:58.898534+05	2026-07-10 01:29:58.898534+05	428	428	0	0	partial	Synced 428 records with 1 errors
372	6	store_inventory	push	2026-07-10 01:29:58.914101+05	2026-07-10 01:29:58.914101+05	0	0	0	0	success	\N
373	6	stock_adjustments	push	2026-07-10 01:29:58.914101+05	2026-07-10 01:29:58.914101+05	0	0	0	0	success	\N
374	6	stock_adjustment_items	push	2026-07-10 01:29:58.914101+05	2026-07-10 01:29:58.914101+05	0	0	0	0	success	\N
375	6	stock_transfers	push	2026-07-10 01:29:58.914101+05	2026-07-10 01:29:58.914101+05	0	0	0	0	success	\N
376	6	stock_transfer_items	push	2026-07-10 01:29:58.914101+05	2026-07-10 01:29:58.914101+05	0	0	0	0	success	\N
377	6	shifts	push	2026-07-10 01:29:58.914101+05	2026-07-10 01:29:58.914101+05	4	4	0	0	success	\N
378	6	shift_logs	push	2026-07-10 01:29:58.914101+05	2026-07-10 01:29:58.914101+05	0	0	0	0	success	\N
379	6	journal_entries	push	2026-07-10 01:29:58.914101+05	2026-07-10 01:29:58.914101+05	308	308	0	0	partial	Synced 308 records with 4 errors
380	6	journal_entry_lines	push	2026-07-10 01:29:58.929761+05	2026-07-10 01:29:58.929761+05	965	965	0	0	partial	Synced 965 records with 28 errors
381	6	expenses	push	2026-07-10 01:29:58.929761+05	2026-07-10 01:29:58.929761+05	0	0	0	0	success	\N
382	6	customers	push	2026-07-10 01:29:58.929761+05	2026-07-10 01:29:58.929761+05	19	19	0	0	success	\N
383	6	customer_categories	push	2026-07-10 01:29:58.929761+05	2026-07-10 01:29:58.929761+05	0	0	0	0	success	\N
384	6	items	push	2026-07-10 01:29:58.929761+05	2026-07-10 01:29:58.929761+05	0	0	0	0	skipped	Skipped by sync_entity_policies (direction_policy=pull_only)
385	6	fbr_invoices	push	2026-07-10 01:29:58.929761+05	2026-07-10 01:29:58.929761+05	0	0	0	0	success	\N
386	6	void_orders	push	2026-07-10 01:29:58.929761+05	2026-07-10 01:29:58.929761+05	0	0	0	0	success	\N
387	6	void_items	push	2026-07-10 01:29:58.929761+05	2026-07-10 01:29:58.929761+05	0	0	0	0	success	\N
388	6	uoms	push	2026-07-10 01:29:58.929761+05	2026-07-10 01:29:58.929761+05	0	0	0	0	success	\N
389	6	price_history	push	2026-07-10 01:29:58.929761+05	2026-07-10 01:29:58.929761+05	0	0	0	0	success	\N
390	6	item_modifiers	push	2026-07-10 01:29:58.929761+05	2026-07-10 01:29:58.929761+05	0	0	0	0	success	\N
391	6	item_modifier_groups	push	2026-07-10 01:29:58.945378+05	2026-07-10 01:29:58.945378+05	0	0	0	0	success	\N
392	6	item_modifier_group_assignments	push	2026-07-10 01:29:58.945378+05	2026-07-10 01:29:58.945378+05	0	0	0	0	success	\N
393	6	modifier_templates	push	2026-07-10 01:29:58.945378+05	2026-07-10 01:29:58.945378+05	0	0	0	0	success	\N
394	6	modifier_template_options	push	2026-07-10 01:29:58.945378+05	2026-07-10 01:29:58.945378+05	0	0	0	0	success	\N
395	6	modifier_group_assignments	push	2026-07-10 01:29:58.945378+05	2026-07-10 01:29:58.945378+05	0	0	0	0	success	\N
396	6	production_orders	push	2026-07-10 01:29:58.945378+05	2026-07-10 01:29:58.945378+05	0	0	0	0	success	\N
397	6	production_items	push	2026-07-10 01:29:58.945378+05	2026-07-10 01:29:58.945378+05	0	0	0	0	success	\N
398	6	production_materials	push	2026-07-10 01:29:58.945378+05	2026-07-10 01:29:58.945378+05	0	0	0	0	success	\N
399	6	deals	push	2026-07-10 01:29:58.945378+05	2026-07-10 01:29:58.945378+05	0	0	0	0	success	\N
400	6	deal_items	push	2026-07-10 01:29:58.945378+05	2026-07-10 01:29:58.945378+05	0	0	0	0	success	\N
401	6	delivery_orders	push	2026-07-10 01:29:58.96098+05	2026-07-10 01:29:58.96098+05	2	2	0	0	success	\N
402	6	delivery_riders	push	2026-07-10 01:29:58.96098+05	2026-07-10 01:29:58.96098+05	2	2	0	0	success	\N
403	6	dinein_floors	push	2026-07-10 01:29:58.96098+05	2026-07-10 01:29:58.96098+05	0	0	0	0	success	\N
404	6	dinein_tables	push	2026-07-10 01:29:58.96098+05	2026-07-10 01:29:58.96098+05	0	0	0	0	success	\N
405	6	hold_orders	push	2026-07-10 01:29:58.96098+05	2026-07-10 01:29:58.96098+05	0	0	0	0	partial	Synced 0 records with 1 errors
406	6	hold_items	push	2026-07-10 01:29:58.96098+05	2026-07-10 01:29:58.96098+05	0	0	0	0	success	\N
407	6	customer_balance_entries	push	2026-07-10 01:29:58.96098+05	2026-07-10 01:29:58.96098+05	0	0	0	0	success	\N
408	6	cus_outstanding	push	2026-07-10 01:29:58.96098+05	2026-07-10 01:29:58.96098+05	0	0	0	0	success	\N
409	6	cus_payments	push	2026-07-10 01:29:58.96098+05	2026-07-10 01:29:58.96098+05	0	0	0	0	success	\N
410	6	supplier_balance_entries	push	2026-07-10 01:29:58.96098+05	2026-07-10 01:29:58.96098+05	0	0	0	0	success	\N
411	6	sup_outstanding	push	2026-07-10 01:29:58.96098+05	2026-07-10 01:29:58.96098+05	8	8	0	0	success	\N
412	6	sup_payments	push	2026-07-10 01:29:58.96098+05	2026-07-10 01:29:58.96098+05	0	0	0	0	success	\N
413	6	fbr_digital	push	2026-07-10 01:29:58.97661+05	2026-07-10 01:29:58.97661+05	0	0	0	0	success	\N
414	6	fbr_logs	push	2026-07-10 01:29:58.97661+05	2026-07-10 01:29:58.97661+05	0	0	0	0	success	\N
415	6	kpra_invoices	push	2026-07-10 01:29:58.97661+05	2026-07-10 01:29:58.97661+05	0	0	0	0	success	\N
416	6	kpra_logs	push	2026-07-10 01:29:58.97661+05	2026-07-10 01:29:58.97661+05	0	0	0	0	success	\N
417	6	order_takers	push	2026-07-10 01:29:58.97661+05	2026-07-10 01:29:58.97661+05	0	0	0	0	success	\N
418	6	table_transfer_logs	push	2026-07-10 01:29:58.97661+05	2026-07-10 01:29:58.97661+05	0	0	0	0	success	\N
419	6	warranties	push	2026-07-10 01:29:58.97661+05	2026-07-10 01:29:58.97661+05	0	0	0	0	success	\N
420	6	item_serials	push	2026-07-10 01:29:58.97661+05	2026-07-10 01:29:58.97661+05	0	0	0	0	success	\N
421	6	item_serial_transactions	push	2026-07-10 01:29:58.97661+05	2026-07-10 01:29:58.97661+05	0	0	0	0	success	\N
422	6	branch_info	pull	2026-07-10 01:29:58.97661+05	2026-07-10 01:29:58.97661+05	1	1	0	0	success	\N
423	6	stores	pull	2026-07-10 01:29:58.97661+05	2026-07-10 01:29:58.97661+05	3	3	0	0	success	\N
424	6	items	pull	2026-07-10 01:29:58.97661+05	2026-07-10 01:29:58.97661+05	1153	1153	0	0	success	\N
425	6	bom_master	pull	2026-07-10 01:29:58.97661+05	2026-07-10 01:29:58.97661+05	90	90	0	0	success	\N
426	6	bom_components	pull	2026-07-10 01:29:58.992229+05	2026-07-10 01:29:58.992229+05	809	809	0	0	success	\N
427	6	expense_categories	pull	2026-07-10 01:29:58.992229+05	2026-07-10 01:29:58.992229+05	1	1	0	0	success	\N
428	6	expense_subcategories	pull	2026-07-10 01:29:58.992229+05	2026-07-10 01:29:58.992229+05	2	2	0	0	success	\N
429	6	expense_accounts	pull	2026-07-10 01:29:58.992229+05	2026-07-10 01:29:58.992229+05	2	2	0	0	success	\N
430	6	categories	pull	2026-07-10 01:29:58.992229+05	2026-07-10 01:29:58.992229+05	5	5	0	0	success	\N
431	6	sub_categories	pull	2026-07-10 01:29:58.992229+05	2026-07-10 01:29:58.992229+05	21	21	0	0	success	\N
432	6	account_mappings	pull	2026-07-10 01:29:58.992229+05	2026-07-10 01:29:58.992229+05	45	45	0	0	success	\N
433	6	chart_of_accounts	pull	2026-07-10 01:29:58.992229+05	2026-07-10 01:29:58.992229+05	56	56	0	0	success	\N
434	6	fiscal_period_setup	pull	2026-07-10 01:29:58.992229+05	2026-07-10 01:29:58.992229+05	1	1	0	0	success	\N
435	6	fiscal_periods	pull	2026-07-10 01:29:58.992229+05	2026-07-10 01:29:58.992229+05	12	12	0	0	success	\N
436	6	vendors	pull	2026-07-10 01:29:58.992229+05	2026-07-10 01:29:58.992229+05	0	0	0	0	success	\N
437	6	bank_accounts	pull	2026-07-10 01:29:58.992229+05	2026-07-10 01:29:58.992229+05	2	2	0	0	success	\N
438	6	account_types	pull	2026-07-10 01:29:58.992229+05	2026-07-10 01:29:58.992229+05	5	5	0	0	success	\N
439	6	discounts	pull	2026-07-10 01:29:59.00785+05	2026-07-10 01:29:59.00785+05	0	0	0	0	success	\N
440	6	discount_categories	pull	2026-07-10 01:29:59.00785+05	2026-07-10 01:29:59.00785+05	0	0	0	0	success	\N
441	6	void_reasons	pull	2026-07-10 01:29:59.00785+05	2026-07-10 01:29:59.00785+05	1	1	0	0	success	\N
442	6	card_types	pull	2026-07-10 01:29:59.00785+05	2026-07-10 01:29:59.00785+05	3	3	0	0	success	\N
443	6	rights	pull	2026-07-10 01:29:59.00785+05	2026-07-10 01:29:59.00785+05	118	118	0	0	success	\N
444	6	roles	pull	2026-07-10 01:29:59.00785+05	2026-07-10 01:29:59.00785+05	5	5	0	0	success	\N
445	6	role_rights	pull	2026-07-10 01:29:59.00785+05	2026-07-10 01:29:59.00785+05	150	150	0	0	success	\N
446	6	users	pull	2026-07-10 01:29:59.00785+05	2026-07-10 01:29:59.00785+05	6	6	0	0	success	\N
447	6	branch_access	pull	2026-07-10 01:29:59.00785+05	2026-07-10 01:29:59.00785+05	11	11	0	0	success	\N
448	6	bank_access	pull	2026-07-10 01:29:59.00785+05	2026-07-10 01:29:59.00785+05	0	0	0	0	success	\N
449	6	quotations	pull	2026-07-10 01:29:59.00785+05	2026-07-10 01:29:59.00785+05	0	0	0	0	success	\N
450	6	quotation_items	pull	2026-07-10 01:29:59.00785+05	2026-07-10 01:29:59.00785+05	0	0	0	0	success	\N
451	7	sales	push	2026-07-10 01:59:41.873122+05	2026-07-10 01:59:41.873122+05	299	299	0	0	success	\N
452	7	sale_items	push	2026-07-10 01:59:41.888784+05	2026-07-10 01:59:41.888784+05	613	613	0	0	success	\N
453	7	sale_item_modifiers	push	2026-07-10 01:59:41.888784+05	2026-07-10 01:59:41.888784+05	0	0	0	0	success	\N
454	7	purchases	push	2026-07-10 01:59:41.888784+05	2026-07-10 01:59:41.888784+05	7	7	0	0	success	\N
455	7	purchase_items	push	2026-07-10 01:59:41.888784+05	2026-07-10 01:59:41.888784+05	26	26	0	0	success	\N
456	7	purchase_returns	push	2026-07-10 01:59:41.888784+05	2026-07-10 01:59:41.888784+05	0	0	0	0	success	\N
457	7	purchase_return_items	push	2026-07-10 01:59:41.904365+05	2026-07-10 01:59:41.904365+05	0	0	0	0	success	\N
458	7	account_transactions	push	2026-07-10 01:59:41.904365+05	2026-07-10 01:59:41.904365+05	298	298	0	0	partial	Synced 298 records with 13 errors
459	7	sale_returns	push	2026-07-10 01:59:41.904365+05	2026-07-10 01:59:41.904365+05	0	0	0	0	partial	Synced 0 records with 1 errors
460	7	sale_return_items	push	2026-07-10 01:59:41.904365+05	2026-07-10 01:59:41.904365+05	0	0	0	0	success	\N
461	7	inventory_movements	push	2026-07-10 01:59:41.904365+05	2026-07-10 01:59:41.904365+05	415	415	0	0	partial	Synced 415 records with 8 errors
462	7	store_inventory	push	2026-07-10 01:59:41.904365+05	2026-07-10 01:59:41.904365+05	0	0	0	0	success	\N
463	7	stock_adjustments	push	2026-07-10 01:59:41.919989+05	2026-07-10 01:59:41.919989+05	0	0	0	0	success	\N
464	7	stock_adjustment_items	push	2026-07-10 01:59:41.919989+05	2026-07-10 01:59:41.919989+05	0	0	0	0	success	\N
465	7	stock_transfers	push	2026-07-10 01:59:41.919989+05	2026-07-10 01:59:41.919989+05	0	0	0	0	success	\N
466	7	stock_transfer_items	push	2026-07-10 01:59:41.919989+05	2026-07-10 01:59:41.919989+05	0	0	0	0	success	\N
467	7	shifts	push	2026-07-10 01:59:41.919989+05	2026-07-10 01:59:41.919989+05	4	4	0	0	success	\N
468	7	shift_logs	push	2026-07-10 01:59:41.919989+05	2026-07-10 01:59:41.919989+05	0	0	0	0	success	\N
469	7	journal_entries	push	2026-07-10 01:59:41.919989+05	2026-07-10 01:59:41.919989+05	308	308	0	0	partial	Synced 308 records with 14 errors
470	7	journal_entry_lines	push	2026-07-10 01:59:41.919989+05	2026-07-10 01:59:41.919989+05	965	965	0	0	partial	Synced 965 records with 54 errors
471	7	expenses	push	2026-07-10 01:59:41.935612+05	2026-07-10 01:59:41.935612+05	0	0	0	0	success	\N
472	7	customers	push	2026-07-10 01:59:41.935612+05	2026-07-10 01:59:41.935612+05	19	19	0	0	success	\N
473	7	customer_categories	push	2026-07-10 01:59:41.935612+05	2026-07-10 01:59:41.935612+05	0	0	0	0	success	\N
474	7	items	push	2026-07-10 01:59:41.935612+05	2026-07-10 01:59:41.935612+05	0	0	0	0	skipped	Skipped by sync_entity_policies (direction_policy=pull_only)
475	7	fbr_invoices	push	2026-07-10 01:59:41.935612+05	2026-07-10 01:59:41.935612+05	0	0	0	0	success	\N
476	7	void_orders	push	2026-07-10 01:59:41.935612+05	2026-07-10 01:59:41.935612+05	0	0	0	0	success	\N
477	7	void_items	push	2026-07-10 01:59:41.935612+05	2026-07-10 01:59:41.935612+05	0	0	0	0	success	\N
478	7	uoms	push	2026-07-10 01:59:41.935612+05	2026-07-10 01:59:41.935612+05	0	0	0	0	success	\N
479	7	price_history	push	2026-07-10 01:59:41.935612+05	2026-07-10 01:59:41.935612+05	0	0	0	0	success	\N
480	7	item_modifiers	push	2026-07-10 01:59:41.951236+05	2026-07-10 01:59:41.951236+05	0	0	0	0	success	\N
481	7	item_modifier_groups	push	2026-07-10 01:59:41.951236+05	2026-07-10 01:59:41.951236+05	0	0	0	0	success	\N
482	7	item_modifier_group_assignments	push	2026-07-10 01:59:41.951236+05	2026-07-10 01:59:41.951236+05	0	0	0	0	success	\N
483	7	modifier_templates	push	2026-07-10 01:59:41.951236+05	2026-07-10 01:59:41.951236+05	0	0	0	0	success	\N
484	7	modifier_template_options	push	2026-07-10 01:59:41.951236+05	2026-07-10 01:59:41.951236+05	0	0	0	0	success	\N
485	7	modifier_group_assignments	push	2026-07-10 01:59:41.951236+05	2026-07-10 01:59:41.951236+05	0	0	0	0	success	\N
486	7	production_orders	push	2026-07-10 01:59:41.951236+05	2026-07-10 01:59:41.951236+05	0	0	0	0	success	\N
487	7	production_items	push	2026-07-10 01:59:41.951236+05	2026-07-10 01:59:41.951236+05	0	0	0	0	success	\N
488	7	production_materials	push	2026-07-10 01:59:41.951236+05	2026-07-10 01:59:41.951236+05	0	0	0	0	success	\N
489	7	deals	push	2026-07-10 01:59:41.951236+05	2026-07-10 01:59:41.951236+05	0	0	0	0	success	\N
490	7	deal_items	push	2026-07-10 01:59:41.966862+05	2026-07-10 01:59:41.966862+05	0	0	0	0	success	\N
491	7	delivery_orders	push	2026-07-10 01:59:41.966862+05	2026-07-10 01:59:41.966862+05	2	2	0	0	success	\N
492	7	delivery_riders	push	2026-07-10 01:59:41.966862+05	2026-07-10 01:59:41.966862+05	2	2	0	0	success	\N
493	7	dinein_floors	push	2026-07-10 01:59:41.966862+05	2026-07-10 01:59:41.966862+05	0	0	0	0	success	\N
494	7	dinein_tables	push	2026-07-10 01:59:41.966862+05	2026-07-10 01:59:41.966862+05	0	0	0	0	success	\N
495	7	hold_orders	push	2026-07-10 01:59:41.966862+05	2026-07-10 01:59:41.966862+05	0	0	0	0	partial	Synced 0 records with 1 errors
496	7	hold_items	push	2026-07-10 01:59:41.966862+05	2026-07-10 01:59:41.966862+05	0	0	0	0	success	\N
497	7	customer_balance_entries	push	2026-07-10 01:59:41.966862+05	2026-07-10 01:59:41.966862+05	0	0	0	0	success	\N
498	7	cus_outstanding	push	2026-07-10 01:59:41.966862+05	2026-07-10 01:59:41.966862+05	0	0	0	0	success	\N
499	7	cus_payments	push	2026-07-10 01:59:41.966862+05	2026-07-10 01:59:41.966862+05	0	0	0	0	success	\N
500	7	supplier_balance_entries	push	2026-07-10 01:59:41.966862+05	2026-07-10 01:59:41.966862+05	0	0	0	0	success	\N
501	7	sup_outstanding	push	2026-07-10 01:59:41.982488+05	2026-07-10 01:59:41.982488+05	8	8	0	0	success	\N
502	7	sup_payments	push	2026-07-10 01:59:41.982488+05	2026-07-10 01:59:41.982488+05	0	0	0	0	success	\N
503	7	fbr_digital	push	2026-07-10 01:59:41.982488+05	2026-07-10 01:59:41.982488+05	0	0	0	0	success	\N
504	7	fbr_logs	push	2026-07-10 01:59:41.982488+05	2026-07-10 01:59:41.982488+05	0	0	0	0	success	\N
505	7	kpra_invoices	push	2026-07-10 01:59:41.982488+05	2026-07-10 01:59:41.982488+05	0	0	0	0	success	\N
506	7	kpra_logs	push	2026-07-10 01:59:41.982488+05	2026-07-10 01:59:41.982488+05	0	0	0	0	success	\N
507	7	order_takers	push	2026-07-10 01:59:41.982488+05	2026-07-10 01:59:41.982488+05	0	0	0	0	success	\N
508	7	table_transfer_logs	push	2026-07-10 01:59:41.982488+05	2026-07-10 01:59:41.982488+05	0	0	0	0	success	\N
509	7	warranties	push	2026-07-10 01:59:41.982488+05	2026-07-10 01:59:41.982488+05	0	0	0	0	success	\N
510	7	item_serials	push	2026-07-10 01:59:41.982488+05	2026-07-10 01:59:41.982488+05	0	0	0	0	success	\N
511	7	item_serial_transactions	push	2026-07-10 01:59:41.998109+05	2026-07-10 01:59:41.998109+05	0	0	0	0	success	\N
512	7	branch_info	pull	2026-07-10 01:59:41.998109+05	2026-07-10 01:59:41.998109+05	0	0	0	0	success	\N
513	7	stores	pull	2026-07-10 01:59:41.998109+05	2026-07-10 01:59:41.998109+05	0	0	0	0	success	\N
514	7	items	pull	2026-07-10 01:59:41.998109+05	2026-07-10 01:59:41.998109+05	1153	1153	0	0	success	\N
515	7	bom_master	pull	2026-07-10 01:59:41.998109+05	2026-07-10 01:59:41.998109+05	90	90	0	0	success	\N
516	7	bom_components	pull	2026-07-10 01:59:41.998109+05	2026-07-10 01:59:41.998109+05	809	809	0	0	success	\N
517	7	expense_categories	pull	2026-07-10 01:59:41.998109+05	2026-07-10 01:59:41.998109+05	1	1	0	0	success	\N
518	7	expense_subcategories	pull	2026-07-10 01:59:41.998109+05	2026-07-10 01:59:41.998109+05	2	2	0	0	success	\N
519	7	expense_accounts	pull	2026-07-10 01:59:41.998109+05	2026-07-10 01:59:41.998109+05	2	2	0	0	success	\N
520	7	categories	pull	2026-07-10 01:59:41.998109+05	2026-07-10 01:59:41.998109+05	5	5	0	0	success	\N
521	7	sub_categories	pull	2026-07-10 01:59:41.998109+05	2026-07-10 01:59:41.998109+05	21	21	0	0	success	\N
522	7	account_mappings	pull	2026-07-10 01:59:42.013763+05	2026-07-10 01:59:42.013763+05	45	45	0	0	success	\N
523	7	chart_of_accounts	pull	2026-07-10 01:59:42.013763+05	2026-07-10 01:59:42.013763+05	56	56	0	0	success	\N
524	7	fiscal_period_setup	pull	2026-07-10 01:59:42.013763+05	2026-07-10 01:59:42.013763+05	1	1	0	0	success	\N
525	7	fiscal_periods	pull	2026-07-10 01:59:42.013763+05	2026-07-10 01:59:42.013763+05	12	12	0	0	success	\N
526	7	vendors	pull	2026-07-10 01:59:42.013763+05	2026-07-10 01:59:42.013763+05	0	0	0	0	success	\N
527	7	bank_accounts	pull	2026-07-10 01:59:42.013763+05	2026-07-10 01:59:42.013763+05	2	2	0	0	success	\N
528	7	account_types	pull	2026-07-10 01:59:42.013763+05	2026-07-10 01:59:42.013763+05	5	5	0	0	success	\N
529	7	discounts	pull	2026-07-10 01:59:42.013763+05	2026-07-10 01:59:42.013763+05	0	0	0	0	success	\N
530	7	discount_categories	pull	2026-07-10 01:59:42.013763+05	2026-07-10 01:59:42.013763+05	0	0	0	0	success	\N
531	7	void_reasons	pull	2026-07-10 01:59:42.013763+05	2026-07-10 01:59:42.013763+05	1	1	0	0	success	\N
532	7	card_types	pull	2026-07-10 01:59:42.029359+05	2026-07-10 01:59:42.029359+05	3	3	0	0	success	\N
533	7	rights	pull	2026-07-10 01:59:42.029359+05	2026-07-10 01:59:42.029359+05	118	118	0	0	success	\N
534	7	roles	pull	2026-07-10 01:59:42.029359+05	2026-07-10 01:59:42.029359+05	5	5	0	0	success	\N
535	7	role_rights	pull	2026-07-10 01:59:42.029359+05	2026-07-10 01:59:42.029359+05	150	150	0	0	success	\N
536	7	users	pull	2026-07-10 01:59:42.029359+05	2026-07-10 01:59:42.029359+05	0	0	0	0	success	\N
537	7	branch_access	pull	2026-07-10 01:59:42.029359+05	2026-07-10 01:59:42.029359+05	11	11	0	0	success	\N
538	7	bank_access	pull	2026-07-10 01:59:42.029359+05	2026-07-10 01:59:42.029359+05	0	0	0	0	success	\N
539	7	quotations	pull	2026-07-10 01:59:42.029359+05	2026-07-10 01:59:42.029359+05	0	0	0	0	success	\N
540	7	quotation_items	pull	2026-07-10 01:59:42.029359+05	2026-07-10 01:59:42.029359+05	0	0	0	0	success	\N
541	8	sales	push	2026-07-10 02:04:54.431214+05	2026-07-10 02:04:54.431214+05	299	299	0	0	success	\N
542	8	sale_items	push	2026-07-10 02:04:54.462416+05	2026-07-10 02:04:54.462416+05	613	613	0	0	success	\N
543	8	sale_item_modifiers	push	2026-07-10 02:04:54.478038+05	2026-07-10 02:04:54.478038+05	0	0	0	0	success	\N
544	8	purchases	push	2026-07-10 02:04:54.478038+05	2026-07-10 02:04:54.478038+05	7	7	0	0	success	\N
545	8	purchase_items	push	2026-07-10 02:04:54.478038+05	2026-07-10 02:04:54.478038+05	26	26	0	0	success	\N
546	8	purchase_returns	push	2026-07-10 02:04:54.478038+05	2026-07-10 02:04:54.478038+05	0	0	0	0	success	\N
547	8	purchase_return_items	push	2026-07-10 02:04:54.478038+05	2026-07-10 02:04:54.478038+05	0	0	0	0	success	\N
548	8	account_transactions	push	2026-07-10 02:04:54.478038+05	2026-07-10 02:04:54.478038+05	298	298	0	0	partial	Synced 298 records with 13 errors
549	8	sale_returns	push	2026-07-10 02:04:54.478038+05	2026-07-10 02:04:54.478038+05	0	0	0	0	partial	Synced 0 records with 1 errors
550	8	sale_return_items	push	2026-07-10 02:04:54.478038+05	2026-07-10 02:04:54.478038+05	0	0	0	0	success	\N
551	8	inventory_movements	push	2026-07-10 02:04:54.478038+05	2026-07-10 02:04:54.478038+05	415	415	0	0	partial	Synced 415 records with 8 errors
552	8	store_inventory	push	2026-07-10 02:04:54.493668+05	2026-07-10 02:04:54.493668+05	0	0	0	0	success	\N
553	8	stock_adjustments	push	2026-07-10 02:04:54.493668+05	2026-07-10 02:04:54.493668+05	0	0	0	0	success	\N
554	8	stock_adjustment_items	push	2026-07-10 02:04:54.493668+05	2026-07-10 02:04:54.493668+05	0	0	0	0	success	\N
555	8	stock_transfers	push	2026-07-10 02:04:54.493668+05	2026-07-10 02:04:54.493668+05	0	0	0	0	success	\N
556	8	stock_transfer_items	push	2026-07-10 02:04:54.493668+05	2026-07-10 02:04:54.493668+05	0	0	0	0	success	\N
557	8	shifts	push	2026-07-10 02:04:54.493668+05	2026-07-10 02:04:54.493668+05	4	4	0	0	success	\N
558	8	shift_logs	push	2026-07-10 02:04:54.493668+05	2026-07-10 02:04:54.493668+05	0	0	0	0	success	\N
559	8	journal_entries	push	2026-07-10 02:04:54.493668+05	2026-07-10 02:04:54.493668+05	308	308	0	0	partial	Synced 308 records with 16 errors
560	8	journal_entry_lines	push	2026-07-10 02:04:54.493668+05	2026-07-10 02:04:54.493668+05	965	965	0	0	partial	Synced 965 records with 60 errors
561	8	expenses	push	2026-07-10 02:04:54.493668+05	2026-07-10 02:04:54.493668+05	0	0	0	0	success	\N
562	8	customers	push	2026-07-10 02:04:54.493668+05	2026-07-10 02:04:54.493668+05	19	19	0	0	success	\N
563	8	customer_categories	push	2026-07-10 02:04:54.509314+05	2026-07-10 02:04:54.509314+05	0	0	0	0	success	\N
564	8	items	push	2026-07-10 02:04:54.509314+05	2026-07-10 02:04:54.509314+05	0	0	0	0	skipped	Skipped by sync_entity_policies (direction_policy=pull_only)
565	8	fbr_invoices	push	2026-07-10 02:04:54.509314+05	2026-07-10 02:04:54.509314+05	0	0	0	0	success	\N
566	8	void_orders	push	2026-07-10 02:04:54.509314+05	2026-07-10 02:04:54.509314+05	0	0	0	0	success	\N
567	8	void_items	push	2026-07-10 02:04:54.509314+05	2026-07-10 02:04:54.509314+05	0	0	0	0	success	\N
568	8	uoms	push	2026-07-10 02:04:54.509314+05	2026-07-10 02:04:54.509314+05	0	0	0	0	success	\N
569	8	price_history	push	2026-07-10 02:04:54.509314+05	2026-07-10 02:04:54.509314+05	0	0	0	0	success	\N
570	8	item_modifiers	push	2026-07-10 02:04:54.509314+05	2026-07-10 02:04:54.509314+05	0	0	0	0	success	\N
571	8	item_modifier_groups	push	2026-07-10 02:04:54.509314+05	2026-07-10 02:04:54.509314+05	0	0	0	0	success	\N
572	8	item_modifier_group_assignments	push	2026-07-10 02:04:54.509314+05	2026-07-10 02:04:54.509314+05	0	0	0	0	success	\N
573	8	modifier_templates	push	2026-07-10 02:04:54.509314+05	2026-07-10 02:04:54.509314+05	0	0	0	0	success	\N
574	8	modifier_template_options	push	2026-07-10 02:04:54.509314+05	2026-07-10 02:04:54.509314+05	0	0	0	0	success	\N
575	8	modifier_group_assignments	push	2026-07-10 02:04:54.524916+05	2026-07-10 02:04:54.524916+05	0	0	0	0	success	\N
576	8	production_orders	push	2026-07-10 02:04:54.524916+05	2026-07-10 02:04:54.524916+05	0	0	0	0	success	\N
577	8	production_items	push	2026-07-10 02:04:54.524916+05	2026-07-10 02:04:54.524916+05	0	0	0	0	success	\N
578	8	production_materials	push	2026-07-10 02:04:54.524916+05	2026-07-10 02:04:54.524916+05	0	0	0	0	success	\N
579	8	deals	push	2026-07-10 02:04:54.524916+05	2026-07-10 02:04:54.524916+05	0	0	0	0	success	\N
580	8	deal_items	push	2026-07-10 02:04:54.524916+05	2026-07-10 02:04:54.524916+05	0	0	0	0	success	\N
581	8	delivery_orders	push	2026-07-10 02:04:54.524916+05	2026-07-10 02:04:54.524916+05	2	2	0	0	success	\N
582	8	delivery_riders	push	2026-07-10 02:04:54.524916+05	2026-07-10 02:04:54.524916+05	2	2	0	0	success	\N
583	8	dinein_floors	push	2026-07-10 02:04:54.524916+05	2026-07-10 02:04:54.524916+05	0	0	0	0	success	\N
584	8	dinein_tables	push	2026-07-10 02:04:54.524916+05	2026-07-10 02:04:54.524916+05	0	0	0	0	success	\N
585	8	hold_orders	push	2026-07-10 02:04:54.524916+05	2026-07-10 02:04:54.524916+05	0	0	0	0	partial	Synced 0 records with 1 errors
586	8	hold_items	push	2026-07-10 02:04:54.524916+05	2026-07-10 02:04:54.524916+05	0	0	0	0	success	\N
587	8	customer_balance_entries	push	2026-07-10 02:04:54.524916+05	2026-07-10 02:04:54.524916+05	0	0	0	0	success	\N
588	8	cus_outstanding	push	2026-07-10 02:04:54.540541+05	2026-07-10 02:04:54.540541+05	0	0	0	0	success	\N
589	8	cus_payments	push	2026-07-10 02:04:54.540541+05	2026-07-10 02:04:54.540541+05	0	0	0	0	success	\N
590	8	supplier_balance_entries	push	2026-07-10 02:04:54.540541+05	2026-07-10 02:04:54.540541+05	0	0	0	0	success	\N
591	8	sup_outstanding	push	2026-07-10 02:04:54.540541+05	2026-07-10 02:04:54.540541+05	8	8	0	0	success	\N
592	8	sup_payments	push	2026-07-10 02:04:54.540541+05	2026-07-10 02:04:54.540541+05	0	0	0	0	success	\N
593	8	fbr_digital	push	2026-07-10 02:04:54.540541+05	2026-07-10 02:04:54.540541+05	0	0	0	0	success	\N
594	8	fbr_logs	push	2026-07-10 02:04:54.540541+05	2026-07-10 02:04:54.540541+05	0	0	0	0	success	\N
595	8	kpra_invoices	push	2026-07-10 02:04:54.540541+05	2026-07-10 02:04:54.540541+05	0	0	0	0	success	\N
596	8	kpra_logs	push	2026-07-10 02:04:54.540541+05	2026-07-10 02:04:54.540541+05	0	0	0	0	success	\N
597	8	order_takers	push	2026-07-10 02:04:54.540541+05	2026-07-10 02:04:54.540541+05	0	0	0	0	success	\N
598	8	table_transfer_logs	push	2026-07-10 02:04:54.540541+05	2026-07-10 02:04:54.540541+05	0	0	0	0	success	\N
599	8	warranties	push	2026-07-10 02:04:54.540541+05	2026-07-10 02:04:54.540541+05	0	0	0	0	success	\N
600	8	item_serials	push	2026-07-10 02:04:54.540541+05	2026-07-10 02:04:54.540541+05	0	0	0	0	success	\N
601	8	item_serial_transactions	push	2026-07-10 02:04:54.556162+05	2026-07-10 02:04:54.556162+05	0	0	0	0	success	\N
602	8	branch_info	pull	2026-07-10 02:04:54.556162+05	2026-07-10 02:04:54.556162+05	0	0	0	0	success	\N
603	8	stores	pull	2026-07-10 02:04:54.556162+05	2026-07-10 02:04:54.556162+05	0	0	0	0	success	\N
604	8	items	pull	2026-07-10 02:04:54.556162+05	2026-07-10 02:04:54.556162+05	1153	1153	0	0	success	\N
605	8	bom_master	pull	2026-07-10 02:04:54.556162+05	2026-07-10 02:04:54.556162+05	90	90	0	0	success	\N
606	8	bom_components	pull	2026-07-10 02:04:54.556162+05	2026-07-10 02:04:54.556162+05	809	809	0	0	success	\N
607	8	expense_categories	pull	2026-07-10 02:04:54.556162+05	2026-07-10 02:04:54.556162+05	1	1	0	0	success	\N
608	8	expense_subcategories	pull	2026-07-10 02:04:54.556162+05	2026-07-10 02:04:54.556162+05	2	2	0	0	success	\N
609	8	expense_accounts	pull	2026-07-10 02:04:54.556162+05	2026-07-10 02:04:54.556162+05	2	2	0	0	success	\N
610	8	categories	pull	2026-07-10 02:04:54.556162+05	2026-07-10 02:04:54.556162+05	5	5	0	0	success	\N
611	8	sub_categories	pull	2026-07-10 02:04:54.556162+05	2026-07-10 02:04:54.556162+05	21	21	0	0	success	\N
612	8	account_mappings	pull	2026-07-10 02:04:54.556162+05	2026-07-10 02:04:54.556162+05	45	45	0	0	success	\N
613	8	chart_of_accounts	pull	2026-07-10 02:04:54.556162+05	2026-07-10 02:04:54.556162+05	56	56	0	0	success	\N
614	8	fiscal_period_setup	pull	2026-07-10 02:04:54.571786+05	2026-07-10 02:04:54.571786+05	1	1	0	0	success	\N
615	8	fiscal_periods	pull	2026-07-10 02:04:54.571786+05	2026-07-10 02:04:54.571786+05	12	12	0	0	success	\N
616	8	vendors	pull	2026-07-10 02:04:54.571786+05	2026-07-10 02:04:54.571786+05	0	0	0	0	success	\N
617	8	bank_accounts	pull	2026-07-10 02:04:54.571786+05	2026-07-10 02:04:54.571786+05	2	2	0	0	success	\N
618	8	account_types	pull	2026-07-10 02:04:54.571786+05	2026-07-10 02:04:54.571786+05	5	5	0	0	success	\N
619	8	discounts	pull	2026-07-10 02:04:54.571786+05	2026-07-10 02:04:54.571786+05	0	0	0	0	success	\N
620	8	discount_categories	pull	2026-07-10 02:04:54.571786+05	2026-07-10 02:04:54.571786+05	0	0	0	0	success	\N
621	8	void_reasons	pull	2026-07-10 02:04:54.571786+05	2026-07-10 02:04:54.571786+05	1	1	0	0	success	\N
622	8	card_types	pull	2026-07-10 02:04:54.571786+05	2026-07-10 02:04:54.571786+05	3	3	0	0	success	\N
623	8	rights	pull	2026-07-10 02:04:54.571786+05	2026-07-10 02:04:54.571786+05	118	118	0	0	success	\N
624	8	roles	pull	2026-07-10 02:04:54.571786+05	2026-07-10 02:04:54.571786+05	5	5	0	0	success	\N
625	8	role_rights	pull	2026-07-10 02:04:54.571786+05	2026-07-10 02:04:54.571786+05	150	150	0	0	success	\N
626	8	users	pull	2026-07-10 02:04:54.571786+05	2026-07-10 02:04:54.571786+05	0	0	0	0	success	\N
627	8	branch_access	pull	2026-07-10 02:04:54.587411+05	2026-07-10 02:04:54.587411+05	11	11	0	0	success	\N
628	8	bank_access	pull	2026-07-10 02:04:54.587411+05	2026-07-10 02:04:54.587411+05	0	0	0	0	success	\N
629	8	quotations	pull	2026-07-10 02:04:54.587411+05	2026-07-10 02:04:54.587411+05	0	0	0	0	success	\N
630	8	quotation_items	pull	2026-07-10 02:04:54.587411+05	2026-07-10 02:04:54.587411+05	0	0	0	0	success	\N
631	9	sales	push	2026-07-10 02:10:22.379675+05	2026-07-10 02:10:22.379675+05	299	299	0	0	success	\N
632	9	sale_items	push	2026-07-10 02:10:22.41088+05	2026-07-10 02:10:22.41088+05	613	613	0	0	success	\N
633	9	sale_item_modifiers	push	2026-07-10 02:10:22.41088+05	2026-07-10 02:10:22.41088+05	0	0	0	0	success	\N
634	9	purchases	push	2026-07-10 02:10:22.41088+05	2026-07-10 02:10:22.41088+05	7	7	0	0	success	\N
635	9	purchase_items	push	2026-07-10 02:10:22.426498+05	2026-07-10 02:10:22.426498+05	26	26	0	0	success	\N
636	9	purchase_returns	push	2026-07-10 02:10:22.426498+05	2026-07-10 02:10:22.426498+05	0	0	0	0	success	\N
637	9	purchase_return_items	push	2026-07-10 02:10:22.426498+05	2026-07-10 02:10:22.426498+05	0	0	0	0	success	\N
638	9	account_transactions	push	2026-07-10 02:10:22.426498+05	2026-07-10 02:10:22.426498+05	298	298	0	0	partial	Synced 298 records with 14 errors
639	9	sale_returns	push	2026-07-10 02:10:22.426498+05	2026-07-10 02:10:22.426498+05	0	0	0	0	partial	Synced 0 records with 1 errors
640	9	sale_return_items	push	2026-07-10 02:10:22.426498+05	2026-07-10 02:10:22.426498+05	0	0	0	0	success	\N
641	9	inventory_movements	push	2026-07-10 02:10:22.426498+05	2026-07-10 02:10:22.426498+05	415	415	0	0	partial	Synced 415 records with 8 errors
642	9	store_inventory	push	2026-07-10 02:10:22.426498+05	2026-07-10 02:10:22.426498+05	0	0	0	0	success	\N
643	9	stock_adjustments	push	2026-07-10 02:10:22.426498+05	2026-07-10 02:10:22.426498+05	0	0	0	0	success	\N
644	9	stock_adjustment_items	push	2026-07-10 02:10:22.426498+05	2026-07-10 02:10:22.426498+05	0	0	0	0	success	\N
645	9	stock_transfers	push	2026-07-10 02:10:22.442122+05	2026-07-10 02:10:22.442122+05	0	0	0	0	success	\N
646	9	stock_transfer_items	push	2026-07-10 02:10:22.442122+05	2026-07-10 02:10:22.442122+05	0	0	0	0	success	\N
647	9	shifts	push	2026-07-10 02:10:22.442122+05	2026-07-10 02:10:22.442122+05	4	4	0	0	success	\N
648	9	shift_logs	push	2026-07-10 02:10:22.442122+05	2026-07-10 02:10:22.442122+05	0	0	0	0	success	\N
649	9	journal_entries	push	2026-07-10 02:10:22.442122+05	2026-07-10 02:10:22.442122+05	308	308	0	0	partial	Synced 308 records with 19 errors
650	9	journal_entry_lines	push	2026-07-10 02:10:22.442122+05	2026-07-10 02:10:22.442122+05	965	965	0	0	partial	Synced 965 records with 70 errors
651	9	expenses	push	2026-07-10 02:10:22.442122+05	2026-07-10 02:10:22.442122+05	0	0	0	0	success	\N
652	9	customers	push	2026-07-10 02:10:22.442122+05	2026-07-10 02:10:22.442122+05	19	19	0	0	success	\N
653	9	customer_categories	push	2026-07-10 02:10:22.442122+05	2026-07-10 02:10:22.442122+05	0	0	0	0	success	\N
654	9	items	push	2026-07-10 02:10:22.442122+05	2026-07-10 02:10:22.442122+05	0	0	0	0	skipped	Skipped by sync_entity_policies (direction_policy=pull_only)
655	9	fbr_invoices	push	2026-07-10 02:10:22.442122+05	2026-07-10 02:10:22.442122+05	0	0	0	0	success	\N
656	9	void_orders	push	2026-07-10 02:10:22.457748+05	2026-07-10 02:10:22.457748+05	0	0	0	0	success	\N
657	9	void_items	push	2026-07-10 02:10:22.457748+05	2026-07-10 02:10:22.457748+05	0	0	0	0	success	\N
658	9	uoms	push	2026-07-10 02:10:22.457748+05	2026-07-10 02:10:22.457748+05	0	0	0	0	success	\N
659	9	price_history	push	2026-07-10 02:10:22.457748+05	2026-07-10 02:10:22.457748+05	0	0	0	0	success	\N
660	9	item_modifiers	push	2026-07-10 02:10:22.457748+05	2026-07-10 02:10:22.457748+05	0	0	0	0	success	\N
661	9	item_modifier_groups	push	2026-07-10 02:10:22.457748+05	2026-07-10 02:10:22.457748+05	0	0	0	0	success	\N
662	9	item_modifier_group_assignments	push	2026-07-10 02:10:22.457748+05	2026-07-10 02:10:22.457748+05	0	0	0	0	success	\N
663	9	modifier_templates	push	2026-07-10 02:10:22.457748+05	2026-07-10 02:10:22.457748+05	0	0	0	0	success	\N
664	9	modifier_template_options	push	2026-07-10 02:10:22.457748+05	2026-07-10 02:10:22.457748+05	0	0	0	0	success	\N
665	9	modifier_group_assignments	push	2026-07-10 02:10:22.457748+05	2026-07-10 02:10:22.457748+05	0	0	0	0	success	\N
666	9	production_orders	push	2026-07-10 02:10:22.457748+05	2026-07-10 02:10:22.457748+05	0	0	0	0	success	\N
667	9	production_items	push	2026-07-10 02:10:22.473373+05	2026-07-10 02:10:22.473373+05	0	0	0	0	success	\N
668	9	production_materials	push	2026-07-10 02:10:22.473373+05	2026-07-10 02:10:22.473373+05	0	0	0	0	success	\N
669	9	deals	push	2026-07-10 02:10:22.473373+05	2026-07-10 02:10:22.473373+05	0	0	0	0	success	\N
670	9	deal_items	push	2026-07-10 02:10:22.473373+05	2026-07-10 02:10:22.473373+05	0	0	0	0	success	\N
671	9	delivery_orders	push	2026-07-10 02:10:22.473373+05	2026-07-10 02:10:22.473373+05	2	2	0	0	success	\N
672	9	delivery_riders	push	2026-07-10 02:10:22.473373+05	2026-07-10 02:10:22.473373+05	2	2	0	0	success	\N
673	9	dinein_floors	push	2026-07-10 02:10:22.473373+05	2026-07-10 02:10:22.473373+05	0	0	0	0	success	\N
674	9	dinein_tables	push	2026-07-10 02:10:22.473373+05	2026-07-10 02:10:22.473373+05	0	0	0	0	success	\N
675	9	hold_orders	push	2026-07-10 02:10:22.473373+05	2026-07-10 02:10:22.473373+05	0	0	0	0	partial	Synced 0 records with 1 errors
676	9	hold_items	push	2026-07-10 02:10:22.473373+05	2026-07-10 02:10:22.473373+05	0	0	0	0	success	\N
677	9	customer_balance_entries	push	2026-07-10 02:10:22.489022+05	2026-07-10 02:10:22.489022+05	0	0	0	0	success	\N
678	9	cus_outstanding	push	2026-07-10 02:10:22.489022+05	2026-07-10 02:10:22.489022+05	0	0	0	0	success	\N
679	9	cus_payments	push	2026-07-10 02:10:22.489022+05	2026-07-10 02:10:22.489022+05	0	0	0	0	success	\N
680	9	supplier_balance_entries	push	2026-07-10 02:10:22.489022+05	2026-07-10 02:10:22.489022+05	0	0	0	0	success	\N
681	9	sup_outstanding	push	2026-07-10 02:10:22.489022+05	2026-07-10 02:10:22.489022+05	8	8	0	0	success	\N
682	9	sup_payments	push	2026-07-10 02:10:22.489022+05	2026-07-10 02:10:22.489022+05	0	0	0	0	success	\N
683	9	fbr_digital	push	2026-07-10 02:10:22.489022+05	2026-07-10 02:10:22.489022+05	0	0	0	0	success	\N
684	9	fbr_logs	push	2026-07-10 02:10:22.489022+05	2026-07-10 02:10:22.489022+05	0	0	0	0	success	\N
685	9	kpra_invoices	push	2026-07-10 02:10:22.489022+05	2026-07-10 02:10:22.489022+05	0	0	0	0	success	\N
686	9	kpra_logs	push	2026-07-10 02:10:22.489022+05	2026-07-10 02:10:22.489022+05	0	0	0	0	success	\N
687	9	order_takers	push	2026-07-10 02:10:22.504649+05	2026-07-10 02:10:22.504649+05	0	0	0	0	success	\N
688	9	table_transfer_logs	push	2026-07-10 02:10:22.504649+05	2026-07-10 02:10:22.504649+05	0	0	0	0	success	\N
689	9	warranties	push	2026-07-10 02:10:22.504649+05	2026-07-10 02:10:22.504649+05	0	0	0	0	success	\N
690	9	item_serials	push	2026-07-10 02:10:22.504649+05	2026-07-10 02:10:22.504649+05	0	0	0	0	success	\N
691	9	item_serial_transactions	push	2026-07-10 02:10:22.504649+05	2026-07-10 02:10:22.504649+05	0	0	0	0	success	\N
692	9	branch_info	pull	2026-07-10 02:10:22.504649+05	2026-07-10 02:10:22.504649+05	0	0	0	0	success	\N
693	9	stores	pull	2026-07-10 02:10:22.504649+05	2026-07-10 02:10:22.504649+05	0	0	0	0	success	\N
694	9	items	pull	2026-07-10 02:10:22.504649+05	2026-07-10 02:10:22.504649+05	1153	1153	0	0	success	\N
695	9	bom_master	pull	2026-07-10 02:10:22.504649+05	2026-07-10 02:10:22.504649+05	90	90	0	0	success	\N
696	9	bom_components	pull	2026-07-10 02:10:22.504649+05	2026-07-10 02:10:22.504649+05	809	809	0	0	success	\N
697	9	expense_categories	pull	2026-07-10 02:10:22.504649+05	2026-07-10 02:10:22.504649+05	1	1	0	0	success	\N
698	9	expense_subcategories	pull	2026-07-10 02:10:22.520246+05	2026-07-10 02:10:22.520246+05	2	2	0	0	success	\N
699	9	expense_accounts	pull	2026-07-10 02:10:22.520246+05	2026-07-10 02:10:22.520246+05	2	2	0	0	success	\N
700	9	categories	pull	2026-07-10 02:10:22.520246+05	2026-07-10 02:10:22.520246+05	5	5	0	0	success	\N
701	9	sub_categories	pull	2026-07-10 02:10:22.520246+05	2026-07-10 02:10:22.520246+05	21	21	0	0	success	\N
702	9	account_mappings	pull	2026-07-10 02:10:22.520246+05	2026-07-10 02:10:22.520246+05	45	45	0	0	success	\N
703	9	chart_of_accounts	pull	2026-07-10 02:10:22.520246+05	2026-07-10 02:10:22.520246+05	56	56	0	0	success	\N
704	9	fiscal_period_setup	pull	2026-07-10 02:10:22.520246+05	2026-07-10 02:10:22.520246+05	1	1	0	0	success	\N
705	9	fiscal_periods	pull	2026-07-10 02:10:22.520246+05	2026-07-10 02:10:22.520246+05	12	12	0	0	success	\N
706	9	vendors	pull	2026-07-10 02:10:22.520246+05	2026-07-10 02:10:22.520246+05	0	0	0	0	success	\N
707	9	bank_accounts	pull	2026-07-10 02:10:22.520246+05	2026-07-10 02:10:22.520246+05	2	2	0	0	success	\N
708	9	account_types	pull	2026-07-10 02:10:22.535901+05	2026-07-10 02:10:22.535901+05	5	5	0	0	success	\N
709	9	discounts	pull	2026-07-10 02:10:22.535901+05	2026-07-10 02:10:22.535901+05	0	0	0	0	success	\N
710	9	discount_categories	pull	2026-07-10 02:10:22.535901+05	2026-07-10 02:10:22.535901+05	0	0	0	0	success	\N
711	9	void_reasons	pull	2026-07-10 02:10:22.535901+05	2026-07-10 02:10:22.535901+05	1	1	0	0	success	\N
712	9	card_types	pull	2026-07-10 02:10:22.535901+05	2026-07-10 02:10:22.535901+05	3	3	0	0	success	\N
713	9	rights	pull	2026-07-10 02:10:22.535901+05	2026-07-10 02:10:22.535901+05	118	118	0	0	success	\N
714	9	roles	pull	2026-07-10 02:10:22.535901+05	2026-07-10 02:10:22.535901+05	5	5	0	0	success	\N
715	9	role_rights	pull	2026-07-10 02:10:22.535901+05	2026-07-10 02:10:22.535901+05	150	150	0	0	success	\N
716	9	users	pull	2026-07-10 02:10:22.535901+05	2026-07-10 02:10:22.535901+05	0	0	0	0	success	\N
717	9	branch_access	pull	2026-07-10 02:10:22.535901+05	2026-07-10 02:10:22.535901+05	11	11	0	0	success	\N
718	9	bank_access	pull	2026-07-10 02:10:22.535901+05	2026-07-10 02:10:22.535901+05	0	0	0	0	success	\N
719	9	quotations	pull	2026-07-10 02:10:22.551496+05	2026-07-10 02:10:22.551496+05	0	0	0	0	success	\N
720	9	quotation_items	pull	2026-07-10 02:10:22.551496+05	2026-07-10 02:10:22.551496+05	0	0	0	0	success	\N
721	10	sales	push	2026-07-10 02:15:52.749978+05	2026-07-10 02:15:52.749978+05	299	299	0	0	success	\N
722	10	sale_items	push	2026-07-10 02:15:52.781176+05	2026-07-10 02:15:52.781176+05	614	614	0	0	success	\N
723	10	sale_item_modifiers	push	2026-07-10 02:15:52.796801+05	2026-07-10 02:15:52.796801+05	0	0	0	0	success	\N
724	10	purchases	push	2026-07-10 02:15:52.796801+05	2026-07-10 02:15:52.796801+05	7	7	0	0	success	\N
725	10	purchase_items	push	2026-07-10 02:15:52.796801+05	2026-07-10 02:15:52.796801+05	26	26	0	0	success	\N
726	10	purchase_returns	push	2026-07-10 02:15:52.796801+05	2026-07-10 02:15:52.796801+05	0	0	0	0	success	\N
727	10	purchase_return_items	push	2026-07-10 02:15:52.796801+05	2026-07-10 02:15:52.796801+05	0	0	0	0	success	\N
728	10	account_transactions	push	2026-07-10 02:15:52.796801+05	2026-07-10 02:15:52.796801+05	298	298	0	0	partial	Synced 298 records with 16 errors
789	10	expense_accounts	pull	2026-07-10 02:15:52.874922+05	2026-07-10 02:15:52.874922+05	2	2	0	0	success	\N
729	10	sale_returns	push	2026-07-10 02:15:52.796801+05	2026-07-10 02:15:52.796801+05	0	0	0	0	partial	Synced 0 records with 1 errors
730	10	sale_return_items	push	2026-07-10 02:15:52.796801+05	2026-07-10 02:15:52.796801+05	0	0	0	0	success	\N
731	10	inventory_movements	push	2026-07-10 02:15:52.812423+05	2026-07-10 02:15:52.812423+05	415	415	0	0	partial	Synced 415 records with 11 errors
732	10	store_inventory	push	2026-07-10 02:15:52.812423+05	2026-07-10 02:15:52.812423+05	0	0	0	0	success	\N
733	10	stock_adjustments	push	2026-07-10 02:15:52.812423+05	2026-07-10 02:15:52.812423+05	0	0	0	0	success	\N
734	10	stock_adjustment_items	push	2026-07-10 02:15:52.812423+05	2026-07-10 02:15:52.812423+05	0	0	0	0	success	\N
735	10	stock_transfers	push	2026-07-10 02:15:52.812423+05	2026-07-10 02:15:52.812423+05	0	0	0	0	success	\N
736	10	stock_transfer_items	push	2026-07-10 02:15:52.812423+05	2026-07-10 02:15:52.812423+05	0	0	0	0	success	\N
737	10	shifts	push	2026-07-10 02:15:52.812423+05	2026-07-10 02:15:52.812423+05	4	4	0	0	success	\N
738	10	shift_logs	push	2026-07-10 02:15:52.812423+05	2026-07-10 02:15:52.812423+05	0	0	0	0	success	\N
739	10	journal_entries	push	2026-07-10 02:15:52.812423+05	2026-07-10 02:15:52.812423+05	308	308	0	0	partial	Synced 308 records with 23 errors
740	10	journal_entry_lines	push	2026-07-10 02:15:52.812423+05	2026-07-10 02:15:52.812423+05	965	965	0	0	partial	Synced 965 records with 80 errors
741	10	expenses	push	2026-07-10 02:15:52.828074+05	2026-07-10 02:15:52.828074+05	0	0	0	0	success	\N
742	10	customers	push	2026-07-10 02:15:52.828074+05	2026-07-10 02:15:52.828074+05	19	19	0	0	success	\N
743	10	customer_categories	push	2026-07-10 02:15:52.828074+05	2026-07-10 02:15:52.828074+05	0	0	0	0	success	\N
744	10	items	push	2026-07-10 02:15:52.828074+05	2026-07-10 02:15:52.828074+05	0	0	0	0	skipped	Skipped by sync_entity_policies (direction_policy=pull_only)
745	10	fbr_invoices	push	2026-07-10 02:15:52.828074+05	2026-07-10 02:15:52.828074+05	0	0	0	0	success	\N
746	10	void_orders	push	2026-07-10 02:15:52.828074+05	2026-07-10 02:15:52.828074+05	0	0	0	0	success	\N
747	10	void_items	push	2026-07-10 02:15:52.828074+05	2026-07-10 02:15:52.828074+05	0	0	0	0	success	\N
748	10	uoms	push	2026-07-10 02:15:52.828074+05	2026-07-10 02:15:52.828074+05	0	0	0	0	success	\N
749	10	price_history	push	2026-07-10 02:15:52.828074+05	2026-07-10 02:15:52.828074+05	0	0	0	0	success	\N
750	10	item_modifiers	push	2026-07-10 02:15:52.828074+05	2026-07-10 02:15:52.828074+05	0	0	0	0	success	\N
751	10	item_modifier_groups	push	2026-07-10 02:15:52.828074+05	2026-07-10 02:15:52.828074+05	0	0	0	0	success	\N
752	10	item_modifier_group_assignments	push	2026-07-10 02:15:52.828074+05	2026-07-10 02:15:52.828074+05	0	0	0	0	success	\N
753	10	modifier_templates	push	2026-07-10 02:15:52.828074+05	2026-07-10 02:15:52.828074+05	0	0	0	0	success	\N
754	10	modifier_template_options	push	2026-07-10 02:15:52.843672+05	2026-07-10 02:15:52.843672+05	0	0	0	0	success	\N
755	10	modifier_group_assignments	push	2026-07-10 02:15:52.843672+05	2026-07-10 02:15:52.843672+05	0	0	0	0	success	\N
756	10	production_orders	push	2026-07-10 02:15:52.843672+05	2026-07-10 02:15:52.843672+05	0	0	0	0	success	\N
757	10	production_items	push	2026-07-10 02:15:52.843672+05	2026-07-10 02:15:52.843672+05	0	0	0	0	success	\N
758	10	production_materials	push	2026-07-10 02:15:52.843672+05	2026-07-10 02:15:52.843672+05	0	0	0	0	success	\N
759	10	deals	push	2026-07-10 02:15:52.843672+05	2026-07-10 02:15:52.843672+05	0	0	0	0	success	\N
760	10	deal_items	push	2026-07-10 02:15:52.843672+05	2026-07-10 02:15:52.843672+05	0	0	0	0	success	\N
761	10	delivery_orders	push	2026-07-10 02:15:52.843672+05	2026-07-10 02:15:52.843672+05	2	2	0	0	success	\N
762	10	delivery_riders	push	2026-07-10 02:15:52.843672+05	2026-07-10 02:15:52.843672+05	2	2	0	0	success	\N
763	10	dinein_floors	push	2026-07-10 02:15:52.843672+05	2026-07-10 02:15:52.843672+05	0	0	0	0	success	\N
764	10	dinein_tables	push	2026-07-10 02:15:52.843672+05	2026-07-10 02:15:52.843672+05	0	0	0	0	success	\N
765	10	hold_orders	push	2026-07-10 02:15:52.843672+05	2026-07-10 02:15:52.843672+05	0	0	0	0	partial	Synced 0 records with 1 errors
766	10	hold_items	push	2026-07-10 02:15:52.859296+05	2026-07-10 02:15:52.859296+05	0	0	0	0	success	\N
767	10	customer_balance_entries	push	2026-07-10 02:15:52.859296+05	2026-07-10 02:15:52.859296+05	0	0	0	0	success	\N
768	10	cus_outstanding	push	2026-07-10 02:15:52.859296+05	2026-07-10 02:15:52.859296+05	0	0	0	0	success	\N
769	10	cus_payments	push	2026-07-10 02:15:52.859296+05	2026-07-10 02:15:52.859296+05	0	0	0	0	success	\N
770	10	supplier_balance_entries	push	2026-07-10 02:15:52.859296+05	2026-07-10 02:15:52.859296+05	0	0	0	0	success	\N
771	10	sup_outstanding	push	2026-07-10 02:15:52.859296+05	2026-07-10 02:15:52.859296+05	8	8	0	0	success	\N
772	10	sup_payments	push	2026-07-10 02:15:52.859296+05	2026-07-10 02:15:52.859296+05	0	0	0	0	success	\N
773	10	fbr_digital	push	2026-07-10 02:15:52.859296+05	2026-07-10 02:15:52.859296+05	0	0	0	0	success	\N
774	10	fbr_logs	push	2026-07-10 02:15:52.859296+05	2026-07-10 02:15:52.859296+05	0	0	0	0	success	\N
775	10	kpra_invoices	push	2026-07-10 02:15:52.859296+05	2026-07-10 02:15:52.859296+05	0	0	0	0	success	\N
776	10	kpra_logs	push	2026-07-10 02:15:52.859296+05	2026-07-10 02:15:52.859296+05	0	0	0	0	success	\N
777	10	order_takers	push	2026-07-10 02:15:52.859296+05	2026-07-10 02:15:52.859296+05	0	0	0	0	success	\N
778	10	table_transfer_logs	push	2026-07-10 02:15:52.874922+05	2026-07-10 02:15:52.874922+05	0	0	0	0	success	\N
779	10	warranties	push	2026-07-10 02:15:52.874922+05	2026-07-10 02:15:52.874922+05	0	0	0	0	success	\N
780	10	item_serials	push	2026-07-10 02:15:52.874922+05	2026-07-10 02:15:52.874922+05	0	0	0	0	success	\N
781	10	item_serial_transactions	push	2026-07-10 02:15:52.874922+05	2026-07-10 02:15:52.874922+05	0	0	0	0	success	\N
782	10	branch_info	pull	2026-07-10 02:15:52.874922+05	2026-07-10 02:15:52.874922+05	0	0	0	0	success	\N
783	10	stores	pull	2026-07-10 02:15:52.874922+05	2026-07-10 02:15:52.874922+05	0	0	0	0	success	\N
784	10	items	pull	2026-07-10 02:15:52.874922+05	2026-07-10 02:15:52.874922+05	1153	1153	0	0	success	\N
785	10	bom_master	pull	2026-07-10 02:15:52.874922+05	2026-07-10 02:15:52.874922+05	90	90	0	0	success	\N
786	10	bom_components	pull	2026-07-10 02:15:52.874922+05	2026-07-10 02:15:52.874922+05	809	809	0	0	success	\N
787	10	expense_categories	pull	2026-07-10 02:15:52.874922+05	2026-07-10 02:15:52.874922+05	1	1	0	0	success	\N
788	10	expense_subcategories	pull	2026-07-10 02:15:52.874922+05	2026-07-10 02:15:52.874922+05	2	2	0	0	success	\N
790	10	categories	pull	2026-07-10 02:15:52.874922+05	2026-07-10 02:15:52.874922+05	5	5	0	0	success	\N
791	10	sub_categories	pull	2026-07-10 02:15:52.890547+05	2026-07-10 02:15:52.890547+05	21	21	0	0	success	\N
792	10	account_mappings	pull	2026-07-10 02:15:52.890547+05	2026-07-10 02:15:52.890547+05	45	45	0	0	success	\N
793	10	chart_of_accounts	pull	2026-07-10 02:15:52.890547+05	2026-07-10 02:15:52.890547+05	56	56	0	0	success	\N
794	10	fiscal_period_setup	pull	2026-07-10 02:15:52.890547+05	2026-07-10 02:15:52.890547+05	1	1	0	0	success	\N
795	10	fiscal_periods	pull	2026-07-10 02:15:52.890547+05	2026-07-10 02:15:52.890547+05	12	12	0	0	success	\N
796	10	vendors	pull	2026-07-10 02:15:52.890547+05	2026-07-10 02:15:52.890547+05	0	0	0	0	success	\N
797	10	bank_accounts	pull	2026-07-10 02:15:52.890547+05	2026-07-10 02:15:52.890547+05	2	2	0	0	success	\N
798	10	account_types	pull	2026-07-10 02:15:52.890547+05	2026-07-10 02:15:52.890547+05	5	5	0	0	success	\N
799	10	discounts	pull	2026-07-10 02:15:52.890547+05	2026-07-10 02:15:52.890547+05	0	0	0	0	success	\N
800	10	discount_categories	pull	2026-07-10 02:15:52.890547+05	2026-07-10 02:15:52.890547+05	0	0	0	0	success	\N
801	10	void_reasons	pull	2026-07-10 02:15:52.890547+05	2026-07-10 02:15:52.890547+05	1	1	0	0	success	\N
802	10	card_types	pull	2026-07-10 02:15:52.890547+05	2026-07-10 02:15:52.890547+05	3	3	0	0	success	\N
803	10	rights	pull	2026-07-10 02:15:52.890547+05	2026-07-10 02:15:52.890547+05	118	118	0	0	success	\N
804	10	roles	pull	2026-07-10 02:15:52.906171+05	2026-07-10 02:15:52.906171+05	5	5	0	0	success	\N
805	10	role_rights	pull	2026-07-10 02:15:52.906171+05	2026-07-10 02:15:52.906171+05	150	150	0	0	success	\N
806	10	users	pull	2026-07-10 02:15:52.906171+05	2026-07-10 02:15:52.906171+05	0	0	0	0	success	\N
807	10	branch_access	pull	2026-07-10 02:15:52.906171+05	2026-07-10 02:15:52.906171+05	11	11	0	0	success	\N
808	10	bank_access	pull	2026-07-10 02:15:52.906171+05	2026-07-10 02:15:52.906171+05	0	0	0	0	success	\N
809	10	quotations	pull	2026-07-10 02:15:52.906171+05	2026-07-10 02:15:52.906171+05	0	0	0	0	success	\N
810	10	quotation_items	pull	2026-07-10 02:15:52.906171+05	2026-07-10 02:15:52.906171+05	0	0	0	0	success	\N
811	12	sales	push	2026-07-10 02:21:36.041969+05	2026-07-10 02:21:36.041969+05	299	299	0	0	success	\N
812	12	sale_items	push	2026-07-10 02:21:36.088795+05	2026-07-10 02:21:36.088795+05	619	619	0	0	success	\N
813	12	sale_item_modifiers	push	2026-07-10 02:21:36.088795+05	2026-07-10 02:21:36.088795+05	0	0	0	0	success	\N
814	12	purchases	push	2026-07-10 02:21:36.088795+05	2026-07-10 02:21:36.088795+05	7	7	0	0	success	\N
815	12	purchase_items	push	2026-07-10 02:21:36.088795+05	2026-07-10 02:21:36.088795+05	26	26	0	0	success	\N
816	12	purchase_returns	push	2026-07-10 02:21:36.088795+05	2026-07-10 02:21:36.088795+05	0	0	0	0	success	\N
817	12	purchase_return_items	push	2026-07-10 02:21:36.088795+05	2026-07-10 02:21:36.088795+05	0	0	0	0	success	\N
818	12	account_transactions	push	2026-07-10 02:21:36.088795+05	2026-07-10 02:21:36.088795+05	298	298	0	0	partial	Synced 298 records with 17 errors
819	12	sale_returns	push	2026-07-10 02:21:36.104416+05	2026-07-10 02:21:36.104416+05	0	0	0	0	partial	Synced 0 records with 1 errors
820	12	sale_return_items	push	2026-07-10 02:21:36.104416+05	2026-07-10 02:21:36.104416+05	0	0	0	0	success	\N
821	12	inventory_movements	push	2026-07-10 02:21:36.104416+05	2026-07-10 02:21:36.104416+05	415	415	0	0	partial	Synced 415 records with 12 errors
822	12	store_inventory	push	2026-07-10 02:21:36.104416+05	2026-07-10 02:21:36.104416+05	0	0	0	0	success	\N
823	12	stock_adjustments	push	2026-07-10 02:21:36.104416+05	2026-07-10 02:21:36.104416+05	0	0	0	0	success	\N
824	12	stock_adjustment_items	push	2026-07-10 02:21:36.104416+05	2026-07-10 02:21:36.104416+05	0	0	0	0	success	\N
825	12	stock_transfers	push	2026-07-10 02:21:36.104416+05	2026-07-10 02:21:36.104416+05	0	0	0	0	success	\N
826	12	stock_transfer_items	push	2026-07-10 02:21:36.104416+05	2026-07-10 02:21:36.104416+05	0	0	0	0	success	\N
827	12	shifts	push	2026-07-10 02:21:36.104416+05	2026-07-10 02:21:36.104416+05	4	4	0	0	success	\N
828	12	shift_logs	push	2026-07-10 02:21:36.104416+05	2026-07-10 02:21:36.104416+05	0	0	0	0	success	\N
829	12	journal_entries	push	2026-07-10 02:21:36.120042+05	2026-07-10 02:21:36.120042+05	308	308	0	0	partial	Synced 308 records with 27 errors
830	12	journal_entry_lines	push	2026-07-10 02:21:36.120042+05	2026-07-10 02:21:36.120042+05	965	965	0	0	partial	Synced 965 records with 114 errors
831	12	expenses	push	2026-07-10 02:21:36.120042+05	2026-07-10 02:21:36.120042+05	0	0	0	0	success	\N
832	12	customers	push	2026-07-10 02:21:36.120042+05	2026-07-10 02:21:36.120042+05	19	19	0	0	success	\N
833	12	customer_categories	push	2026-07-10 02:21:36.120042+05	2026-07-10 02:21:36.120042+05	0	0	0	0	success	\N
834	12	items	push	2026-07-10 02:21:36.120042+05	2026-07-10 02:21:36.120042+05	0	0	0	0	skipped	Skipped by sync_entity_policies (direction_policy=pull_only)
835	12	fbr_invoices	push	2026-07-10 02:21:36.120042+05	2026-07-10 02:21:36.120042+05	0	0	0	0	success	\N
836	12	void_orders	push	2026-07-10 02:21:36.120042+05	2026-07-10 02:21:36.120042+05	0	0	0	0	success	\N
837	12	void_items	push	2026-07-10 02:21:36.120042+05	2026-07-10 02:21:36.120042+05	0	0	0	0	success	\N
838	12	uoms	push	2026-07-10 02:21:36.120042+05	2026-07-10 02:21:36.120042+05	0	0	0	0	success	\N
839	12	price_history	push	2026-07-10 02:21:36.120042+05	2026-07-10 02:21:36.120042+05	0	0	0	0	success	\N
840	12	item_modifiers	push	2026-07-10 02:21:36.135674+05	2026-07-10 02:21:36.135674+05	0	0	0	0	success	\N
841	12	item_modifier_groups	push	2026-07-10 02:21:36.135674+05	2026-07-10 02:21:36.135674+05	0	0	0	0	success	\N
842	12	item_modifier_group_assignments	push	2026-07-10 02:21:36.135674+05	2026-07-10 02:21:36.135674+05	0	0	0	0	success	\N
843	12	modifier_templates	push	2026-07-10 02:21:36.135674+05	2026-07-10 02:21:36.135674+05	0	0	0	0	success	\N
844	12	modifier_template_options	push	2026-07-10 02:21:36.135674+05	2026-07-10 02:21:36.135674+05	0	0	0	0	success	\N
845	12	modifier_group_assignments	push	2026-07-10 02:21:36.135674+05	2026-07-10 02:21:36.135674+05	0	0	0	0	success	\N
846	12	production_orders	push	2026-07-10 02:21:36.135674+05	2026-07-10 02:21:36.135674+05	0	0	0	0	success	\N
847	12	production_items	push	2026-07-10 02:21:36.135674+05	2026-07-10 02:21:36.135674+05	0	0	0	0	success	\N
848	12	production_materials	push	2026-07-10 02:21:36.135674+05	2026-07-10 02:21:36.135674+05	0	0	0	0	success	\N
849	12	deals	push	2026-07-10 02:21:36.135674+05	2026-07-10 02:21:36.135674+05	0	0	0	0	success	\N
850	12	deal_items	push	2026-07-10 02:21:36.135674+05	2026-07-10 02:21:36.135674+05	0	0	0	0	success	\N
851	12	delivery_orders	push	2026-07-10 02:21:36.151289+05	2026-07-10 02:21:36.151289+05	2	2	0	0	success	\N
852	12	delivery_riders	push	2026-07-10 02:21:36.151289+05	2026-07-10 02:21:36.151289+05	2	2	0	0	success	\N
853	12	dinein_floors	push	2026-07-10 02:21:36.151289+05	2026-07-10 02:21:36.151289+05	0	0	0	0	success	\N
854	12	dinein_tables	push	2026-07-10 02:21:36.151289+05	2026-07-10 02:21:36.151289+05	0	0	0	0	success	\N
855	12	hold_orders	push	2026-07-10 02:21:36.151289+05	2026-07-10 02:21:36.151289+05	0	0	0	0	partial	Synced 0 records with 1 errors
856	12	hold_items	push	2026-07-10 02:21:36.151289+05	2026-07-10 02:21:36.151289+05	0	0	0	0	success	\N
857	12	customer_balance_entries	push	2026-07-10 02:21:36.151289+05	2026-07-10 02:21:36.151289+05	0	0	0	0	success	\N
858	12	cus_outstanding	push	2026-07-10 02:21:36.151289+05	2026-07-10 02:21:36.151289+05	0	0	0	0	success	\N
859	12	cus_payments	push	2026-07-10 02:21:36.151289+05	2026-07-10 02:21:36.151289+05	0	0	0	0	success	\N
860	12	supplier_balance_entries	push	2026-07-10 02:21:36.151289+05	2026-07-10 02:21:36.151289+05	0	0	0	0	success	\N
861	12	sup_outstanding	push	2026-07-10 02:21:36.151289+05	2026-07-10 02:21:36.151289+05	8	8	0	0	success	\N
862	12	sup_payments	push	2026-07-10 02:21:36.166912+05	2026-07-10 02:21:36.166912+05	0	0	0	0	success	\N
863	12	fbr_digital	push	2026-07-10 02:21:36.166912+05	2026-07-10 02:21:36.166912+05	0	0	0	0	success	\N
864	12	fbr_logs	push	2026-07-10 02:21:36.166912+05	2026-07-10 02:21:36.166912+05	0	0	0	0	success	\N
865	12	kpra_invoices	push	2026-07-10 02:21:36.166912+05	2026-07-10 02:21:36.166912+05	0	0	0	0	success	\N
866	12	kpra_logs	push	2026-07-10 02:21:36.166912+05	2026-07-10 02:21:36.166912+05	0	0	0	0	success	\N
867	12	order_takers	push	2026-07-10 02:21:36.166912+05	2026-07-10 02:21:36.166912+05	0	0	0	0	success	\N
868	12	table_transfer_logs	push	2026-07-10 02:21:36.166912+05	2026-07-10 02:21:36.166912+05	0	0	0	0	success	\N
869	12	warranties	push	2026-07-10 02:21:36.166912+05	2026-07-10 02:21:36.166912+05	0	0	0	0	success	\N
870	12	item_serials	push	2026-07-10 02:21:36.166912+05	2026-07-10 02:21:36.166912+05	0	0	0	0	success	\N
871	12	item_serial_transactions	push	2026-07-10 02:21:36.166912+05	2026-07-10 02:21:36.166912+05	0	0	0	0	success	\N
872	12	branch_info	pull	2026-07-10 02:21:36.182538+05	2026-07-10 02:21:36.182538+05	0	0	0	0	success	\N
873	12	stores	pull	2026-07-10 02:21:36.182538+05	2026-07-10 02:21:36.182538+05	0	0	0	0	success	\N
874	12	items	pull	2026-07-10 02:21:36.182538+05	2026-07-10 02:21:36.182538+05	1153	1153	0	0	success	\N
875	12	bom_master	pull	2026-07-10 02:21:36.182538+05	2026-07-10 02:21:36.182538+05	90	90	0	0	success	\N
876	12	bom_components	pull	2026-07-10 02:21:36.182538+05	2026-07-10 02:21:36.182538+05	809	809	0	0	success	\N
877	12	expense_categories	pull	2026-07-10 02:21:36.182538+05	2026-07-10 02:21:36.182538+05	1	1	0	0	success	\N
878	12	expense_subcategories	pull	2026-07-10 02:21:36.182538+05	2026-07-10 02:21:36.182538+05	2	2	0	0	success	\N
879	12	expense_accounts	pull	2026-07-10 02:21:36.182538+05	2026-07-10 02:21:36.182538+05	2	2	0	0	success	\N
880	12	categories	pull	2026-07-10 02:21:36.182538+05	2026-07-10 02:21:36.182538+05	5	5	0	0	success	\N
881	12	sub_categories	pull	2026-07-10 02:21:36.182538+05	2026-07-10 02:21:36.182538+05	21	21	0	0	success	\N
882	12	account_mappings	pull	2026-07-10 02:21:36.182538+05	2026-07-10 02:21:36.182538+05	45	45	0	0	success	\N
883	12	chart_of_accounts	pull	2026-07-10 02:21:36.198163+05	2026-07-10 02:21:36.198163+05	56	56	0	0	success	\N
884	12	fiscal_period_setup	pull	2026-07-10 02:21:36.198163+05	2026-07-10 02:21:36.198163+05	1	1	0	0	success	\N
885	12	fiscal_periods	pull	2026-07-10 02:21:36.198163+05	2026-07-10 02:21:36.198163+05	12	12	0	0	success	\N
886	12	vendors	pull	2026-07-10 02:21:36.198163+05	2026-07-10 02:21:36.198163+05	0	0	0	0	success	\N
887	12	bank_accounts	pull	2026-07-10 02:21:36.198163+05	2026-07-10 02:21:36.198163+05	2	2	0	0	success	\N
888	12	account_types	pull	2026-07-10 02:21:36.198163+05	2026-07-10 02:21:36.198163+05	5	5	0	0	success	\N
889	12	discounts	pull	2026-07-10 02:21:36.198163+05	2026-07-10 02:21:36.198163+05	0	0	0	0	success	\N
890	12	discount_categories	pull	2026-07-10 02:21:36.198163+05	2026-07-10 02:21:36.198163+05	0	0	0	0	success	\N
891	12	void_reasons	pull	2026-07-10 02:21:36.198163+05	2026-07-10 02:21:36.198163+05	1	1	0	0	success	\N
892	12	card_types	pull	2026-07-10 02:21:36.198163+05	2026-07-10 02:21:36.198163+05	3	3	0	0	success	\N
893	12	rights	pull	2026-07-10 02:21:36.213788+05	2026-07-10 02:21:36.213788+05	118	118	0	0	success	\N
894	12	roles	pull	2026-07-10 02:21:36.213788+05	2026-07-10 02:21:36.213788+05	5	5	0	0	success	\N
895	12	role_rights	pull	2026-07-10 02:21:36.213788+05	2026-07-10 02:21:36.213788+05	150	150	0	0	success	\N
896	12	users	pull	2026-07-10 02:21:36.213788+05	2026-07-10 02:21:36.213788+05	0	0	0	0	success	\N
897	12	branch_access	pull	2026-07-10 02:21:36.213788+05	2026-07-10 02:21:36.213788+05	11	11	0	0	success	\N
898	12	bank_access	pull	2026-07-10 02:21:36.213788+05	2026-07-10 02:21:36.213788+05	0	0	0	0	success	\N
899	12	quotations	pull	2026-07-10 02:21:36.213788+05	2026-07-10 02:21:36.213788+05	0	0	0	0	success	\N
900	12	quotation_items	pull	2026-07-10 02:21:36.213788+05	2026-07-10 02:21:36.213788+05	0	0	0	0	success	\N
901	11	sales	push	2026-07-10 02:26:58.209209+05	2026-07-10 02:26:58.209209+05	299	299	0	0	success	\N
902	11	sale_items	push	2026-07-10 02:26:58.240521+05	2026-07-10 02:26:58.240521+05	622	622	0	0	success	\N
903	11	sale_item_modifiers	push	2026-07-10 02:26:58.240521+05	2026-07-10 02:26:58.240521+05	0	0	0	0	success	\N
904	11	purchases	push	2026-07-10 02:26:58.240521+05	2026-07-10 02:26:58.240521+05	7	7	0	0	success	\N
905	11	purchase_items	push	2026-07-10 02:26:58.240521+05	2026-07-10 02:26:58.240521+05	26	26	0	0	success	\N
906	11	purchase_returns	push	2026-07-10 02:26:58.240521+05	2026-07-10 02:26:58.240521+05	0	0	0	0	success	\N
907	11	purchase_return_items	push	2026-07-10 02:26:58.240521+05	2026-07-10 02:26:58.240521+05	0	0	0	0	success	\N
908	11	account_transactions	push	2026-07-10 02:26:58.240521+05	2026-07-10 02:26:58.240521+05	298	298	0	0	partial	Synced 298 records with 19 errors
909	11	sale_returns	push	2026-07-10 02:26:58.240521+05	2026-07-10 02:26:58.240521+05	0	0	0	0	partial	Synced 0 records with 1 errors
910	11	sale_return_items	push	2026-07-10 02:26:58.256083+05	2026-07-10 02:26:58.256083+05	0	0	0	0	success	\N
911	11	inventory_movements	push	2026-07-10 02:26:58.256083+05	2026-07-10 02:26:58.256083+05	415	415	0	0	partial	Synced 415 records with 13 errors
912	11	store_inventory	push	2026-07-10 02:26:58.256083+05	2026-07-10 02:26:58.256083+05	0	0	0	0	success	\N
913	11	stock_adjustments	push	2026-07-10 02:26:58.256083+05	2026-07-10 02:26:58.256083+05	0	0	0	0	success	\N
914	11	stock_adjustment_items	push	2026-07-10 02:26:58.256083+05	2026-07-10 02:26:58.256083+05	0	0	0	0	success	\N
915	11	stock_transfers	push	2026-07-10 02:26:58.256083+05	2026-07-10 02:26:58.256083+05	0	0	0	0	success	\N
916	11	stock_transfer_items	push	2026-07-10 02:26:58.256083+05	2026-07-10 02:26:58.256083+05	0	0	0	0	success	\N
917	11	shifts	push	2026-07-10 02:26:58.256083+05	2026-07-10 02:26:58.256083+05	4	4	0	0	success	\N
918	11	shift_logs	push	2026-07-10 02:26:58.256083+05	2026-07-10 02:26:58.256083+05	0	0	0	0	success	\N
919	11	journal_entries	push	2026-07-10 02:26:58.256083+05	2026-07-10 02:26:58.256083+05	308	308	0	0	partial	Synced 308 records with 37 errors
920	11	journal_entry_lines	push	2026-07-10 02:26:58.256083+05	2026-07-10 02:26:58.256083+05	965	965	0	0	partial	Synced 965 records with 150 errors
921	11	expenses	push	2026-07-10 02:26:58.256083+05	2026-07-10 02:26:58.256083+05	0	0	0	0	success	\N
922	11	customers	push	2026-07-10 02:26:58.256083+05	2026-07-10 02:26:58.256083+05	19	19	0	0	success	\N
923	11	customer_categories	push	2026-07-10 02:26:58.271707+05	2026-07-10 02:26:58.271707+05	0	0	0	0	success	\N
924	11	items	push	2026-07-10 02:26:58.271707+05	2026-07-10 02:26:58.271707+05	0	0	0	0	skipped	Skipped by sync_entity_policies (direction_policy=pull_only)
925	11	fbr_invoices	push	2026-07-10 02:26:58.271707+05	2026-07-10 02:26:58.271707+05	0	0	0	0	success	\N
926	11	void_orders	push	2026-07-10 02:26:58.271707+05	2026-07-10 02:26:58.271707+05	0	0	0	0	success	\N
927	11	void_items	push	2026-07-10 02:26:58.271707+05	2026-07-10 02:26:58.271707+05	0	0	0	0	success	\N
928	11	uoms	push	2026-07-10 02:26:58.271707+05	2026-07-10 02:26:58.271707+05	0	0	0	0	success	\N
929	11	price_history	push	2026-07-10 02:26:58.271707+05	2026-07-10 02:26:58.271707+05	0	0	0	0	success	\N
930	11	item_modifiers	push	2026-07-10 02:26:58.271707+05	2026-07-10 02:26:58.271707+05	0	0	0	0	success	\N
931	11	item_modifier_groups	push	2026-07-10 02:26:58.271707+05	2026-07-10 02:26:58.271707+05	0	0	0	0	success	\N
932	11	item_modifier_group_assignments	push	2026-07-10 02:26:58.271707+05	2026-07-10 02:26:58.271707+05	0	0	0	0	success	\N
933	11	modifier_templates	push	2026-07-10 02:26:58.271707+05	2026-07-10 02:26:58.271707+05	0	0	0	0	success	\N
934	11	modifier_template_options	push	2026-07-10 02:26:58.271707+05	2026-07-10 02:26:58.271707+05	0	0	0	0	success	\N
935	11	modifier_group_assignments	push	2026-07-10 02:26:58.271707+05	2026-07-10 02:26:58.271707+05	0	0	0	0	success	\N
936	11	production_orders	push	2026-07-10 02:26:58.287331+05	2026-07-10 02:26:58.287331+05	0	0	0	0	success	\N
937	11	production_items	push	2026-07-10 02:26:58.287331+05	2026-07-10 02:26:58.287331+05	0	0	0	0	success	\N
938	11	production_materials	push	2026-07-10 02:26:58.287331+05	2026-07-10 02:26:58.287331+05	0	0	0	0	success	\N
939	11	deals	push	2026-07-10 02:26:58.287331+05	2026-07-10 02:26:58.287331+05	0	0	0	0	success	\N
940	11	deal_items	push	2026-07-10 02:26:58.287331+05	2026-07-10 02:26:58.287331+05	0	0	0	0	success	\N
941	11	delivery_orders	push	2026-07-10 02:26:58.287331+05	2026-07-10 02:26:58.287331+05	2	2	0	0	success	\N
942	11	delivery_riders	push	2026-07-10 02:26:58.287331+05	2026-07-10 02:26:58.287331+05	2	2	0	0	success	\N
943	11	dinein_floors	push	2026-07-10 02:26:58.287331+05	2026-07-10 02:26:58.287331+05	0	0	0	0	success	\N
944	11	dinein_tables	push	2026-07-10 02:26:58.287331+05	2026-07-10 02:26:58.287331+05	0	0	0	0	success	\N
945	11	hold_orders	push	2026-07-10 02:26:58.287331+05	2026-07-10 02:26:58.287331+05	0	0	0	0	success	\N
946	11	hold_items	push	2026-07-10 02:26:58.287331+05	2026-07-10 02:26:58.287331+05	0	0	0	0	success	\N
947	11	customer_balance_entries	push	2026-07-10 02:26:58.287331+05	2026-07-10 02:26:58.287331+05	0	0	0	0	success	\N
948	11	cus_outstanding	push	2026-07-10 02:26:58.287331+05	2026-07-10 02:26:58.287331+05	0	0	0	0	success	\N
949	11	cus_payments	push	2026-07-10 02:26:58.302959+05	2026-07-10 02:26:58.302959+05	0	0	0	0	success	\N
950	11	supplier_balance_entries	push	2026-07-10 02:26:58.302959+05	2026-07-10 02:26:58.302959+05	0	0	0	0	success	\N
951	11	sup_outstanding	push	2026-07-10 02:26:58.302959+05	2026-07-10 02:26:58.302959+05	8	8	0	0	success	\N
952	11	sup_payments	push	2026-07-10 02:26:58.302959+05	2026-07-10 02:26:58.302959+05	0	0	0	0	success	\N
953	11	fbr_digital	push	2026-07-10 02:26:58.302959+05	2026-07-10 02:26:58.302959+05	0	0	0	0	success	\N
954	11	fbr_logs	push	2026-07-10 02:26:58.302959+05	2026-07-10 02:26:58.302959+05	0	0	0	0	success	\N
955	11	kpra_invoices	push	2026-07-10 02:26:58.302959+05	2026-07-10 02:26:58.302959+05	0	0	0	0	success	\N
956	11	kpra_logs	push	2026-07-10 02:26:58.302959+05	2026-07-10 02:26:58.302959+05	0	0	0	0	success	\N
957	11	order_takers	push	2026-07-10 02:26:58.302959+05	2026-07-10 02:26:58.302959+05	0	0	0	0	success	\N
958	11	table_transfer_logs	push	2026-07-10 02:26:58.302959+05	2026-07-10 02:26:58.302959+05	0	0	0	0	success	\N
959	11	warranties	push	2026-07-10 02:26:58.302959+05	2026-07-10 02:26:58.302959+05	0	0	0	0	success	\N
960	11	item_serials	push	2026-07-10 02:26:58.302959+05	2026-07-10 02:26:58.302959+05	0	0	0	0	success	\N
961	11	item_serial_transactions	push	2026-07-10 02:26:58.302959+05	2026-07-10 02:26:58.302959+05	0	0	0	0	success	\N
962	11	branch_info	pull	2026-07-10 02:26:58.318581+05	2026-07-10 02:26:58.318581+05	0	0	0	0	success	\N
963	11	stores	pull	2026-07-10 02:26:58.318581+05	2026-07-10 02:26:58.318581+05	0	0	0	0	success	\N
964	11	items	pull	2026-07-10 02:26:58.318581+05	2026-07-10 02:26:58.318581+05	1153	1153	0	0	success	\N
965	11	bom_master	pull	2026-07-10 02:26:58.318581+05	2026-07-10 02:26:58.318581+05	90	90	0	0	success	\N
966	11	bom_components	pull	2026-07-10 02:26:58.318581+05	2026-07-10 02:26:58.318581+05	809	809	0	0	success	\N
967	11	expense_categories	pull	2026-07-10 02:26:58.318581+05	2026-07-10 02:26:58.318581+05	1	1	0	0	success	\N
968	11	expense_subcategories	pull	2026-07-10 02:26:58.318581+05	2026-07-10 02:26:58.318581+05	2	2	0	0	success	\N
969	11	expense_accounts	pull	2026-07-10 02:26:58.318581+05	2026-07-10 02:26:58.318581+05	2	2	0	0	success	\N
970	11	categories	pull	2026-07-10 02:26:58.318581+05	2026-07-10 02:26:58.318581+05	5	5	0	0	success	\N
971	11	sub_categories	pull	2026-07-10 02:26:58.318581+05	2026-07-10 02:26:58.318581+05	21	21	0	0	success	\N
972	11	account_mappings	pull	2026-07-10 02:26:58.318581+05	2026-07-10 02:26:58.318581+05	45	45	0	0	success	\N
973	11	chart_of_accounts	pull	2026-07-10 02:26:58.318581+05	2026-07-10 02:26:58.318581+05	56	56	0	0	success	\N
974	11	fiscal_period_setup	pull	2026-07-10 02:26:58.318581+05	2026-07-10 02:26:58.318581+05	1	1	0	0	success	\N
975	11	fiscal_periods	pull	2026-07-10 02:26:58.334203+05	2026-07-10 02:26:58.334203+05	12	12	0	0	success	\N
976	11	vendors	pull	2026-07-10 02:26:58.334203+05	2026-07-10 02:26:58.334203+05	0	0	0	0	success	\N
977	11	bank_accounts	pull	2026-07-10 02:26:58.334203+05	2026-07-10 02:26:58.334203+05	2	2	0	0	success	\N
978	11	account_types	pull	2026-07-10 02:26:58.334203+05	2026-07-10 02:26:58.334203+05	5	5	0	0	success	\N
979	11	discounts	pull	2026-07-10 02:26:58.334203+05	2026-07-10 02:26:58.334203+05	0	0	0	0	success	\N
980	11	discount_categories	pull	2026-07-10 02:26:58.334203+05	2026-07-10 02:26:58.334203+05	0	0	0	0	success	\N
981	11	void_reasons	pull	2026-07-10 02:26:58.334203+05	2026-07-10 02:26:58.334203+05	1	1	0	0	success	\N
982	11	card_types	pull	2026-07-10 02:26:58.334203+05	2026-07-10 02:26:58.334203+05	3	3	0	0	success	\N
983	11	rights	pull	2026-07-10 02:26:58.334203+05	2026-07-10 02:26:58.334203+05	118	118	0	0	success	\N
984	11	roles	pull	2026-07-10 02:26:58.334203+05	2026-07-10 02:26:58.334203+05	5	5	0	0	success	\N
985	11	role_rights	pull	2026-07-10 02:26:58.334203+05	2026-07-10 02:26:58.334203+05	150	150	0	0	success	\N
986	11	users	pull	2026-07-10 02:26:58.334203+05	2026-07-10 02:26:58.334203+05	0	0	0	0	success	\N
987	11	branch_access	pull	2026-07-10 02:26:58.334203+05	2026-07-10 02:26:58.334203+05	11	11	0	0	success	\N
988	11	bank_access	pull	2026-07-10 02:26:58.349828+05	2026-07-10 02:26:58.349828+05	0	0	0	0	success	\N
989	11	quotations	pull	2026-07-10 02:26:58.349828+05	2026-07-10 02:26:58.349828+05	0	0	0	0	success	\N
990	11	quotation_items	pull	2026-07-10 02:26:58.349828+05	2026-07-10 02:26:58.349828+05	0	0	0	0	success	\N
991	13	sales	push	2026-07-10 02:32:57.782267+05	2026-07-10 02:32:57.782267+05	299	299	0	0	success	\N
992	13	sale_items	push	2026-07-10 02:32:57.813475+05	2026-07-10 02:32:57.813475+05	631	631	0	0	success	\N
993	13	sale_item_modifiers	push	2026-07-10 02:32:57.829147+05	2026-07-10 02:32:57.829147+05	0	0	0	0	success	\N
994	13	purchases	push	2026-07-10 02:32:57.829147+05	2026-07-10 02:32:57.829147+05	7	7	0	0	success	\N
995	13	purchase_items	push	2026-07-10 02:32:57.829147+05	2026-07-10 02:32:57.829147+05	26	26	0	0	success	\N
996	13	purchase_returns	push	2026-07-10 02:32:57.829147+05	2026-07-10 02:32:57.829147+05	0	0	0	0	success	\N
997	13	purchase_return_items	push	2026-07-10 02:32:57.829147+05	2026-07-10 02:32:57.829147+05	0	0	0	0	success	\N
998	13	account_transactions	push	2026-07-10 02:32:57.829147+05	2026-07-10 02:32:57.829147+05	298	298	0	0	partial	Synced 298 records with 25 errors
999	13	sale_returns	push	2026-07-10 02:32:57.829147+05	2026-07-10 02:32:57.829147+05	0	0	0	0	partial	Synced 0 records with 1 errors
1000	13	sale_return_items	push	2026-07-10 02:32:57.829147+05	2026-07-10 02:32:57.829147+05	0	0	0	0	success	\N
1001	13	inventory_movements	push	2026-07-10 02:32:57.829147+05	2026-07-10 02:32:57.829147+05	415	415	0	0	partial	Synced 415 records with 26 errors
1002	13	store_inventory	push	2026-07-10 02:32:57.844715+05	2026-07-10 02:32:57.844715+05	0	0	0	0	success	\N
1003	13	stock_adjustments	push	2026-07-10 02:32:57.844715+05	2026-07-10 02:32:57.844715+05	0	0	0	0	success	\N
1004	13	stock_adjustment_items	push	2026-07-10 02:32:57.844715+05	2026-07-10 02:32:57.844715+05	0	0	0	0	success	\N
1005	13	stock_transfers	push	2026-07-10 02:32:57.844715+05	2026-07-10 02:32:57.844715+05	0	0	0	0	success	\N
1006	13	stock_transfer_items	push	2026-07-10 02:32:57.844715+05	2026-07-10 02:32:57.844715+05	0	0	0	0	success	\N
1007	13	shifts	push	2026-07-10 02:32:57.844715+05	2026-07-10 02:32:57.844715+05	4	4	0	0	success	\N
1008	13	shift_logs	push	2026-07-10 02:32:57.844715+05	2026-07-10 02:32:57.844715+05	0	0	0	0	success	\N
1009	13	journal_entries	push	2026-07-10 02:32:57.844715+05	2026-07-10 02:32:57.844715+05	308	308	0	0	partial	Synced 308 records with 48 errors
1010	13	journal_entry_lines	push	2026-07-10 02:32:57.844715+05	2026-07-10 02:32:57.844715+05	965	965	0	0	partial	Synced 965 records with 177 errors
1011	13	expenses	push	2026-07-10 02:32:57.844715+05	2026-07-10 02:32:57.844715+05	0	0	0	0	success	\N
1012	13	customers	push	2026-07-10 02:32:57.860339+05	2026-07-10 02:32:57.860339+05	19	19	0	0	success	\N
1013	13	customer_categories	push	2026-07-10 02:32:57.860339+05	2026-07-10 02:32:57.860339+05	0	0	0	0	success	\N
1014	13	items	push	2026-07-10 02:32:57.860339+05	2026-07-10 02:32:57.860339+05	0	0	0	0	skipped	Skipped by sync_entity_policies (direction_policy=pull_only)
1015	13	fbr_invoices	push	2026-07-10 02:32:57.860339+05	2026-07-10 02:32:57.860339+05	0	0	0	0	success	\N
1016	13	void_orders	push	2026-07-10 02:32:57.860339+05	2026-07-10 02:32:57.860339+05	0	0	0	0	success	\N
1017	13	void_items	push	2026-07-10 02:32:57.860339+05	2026-07-10 02:32:57.860339+05	0	0	0	0	success	\N
1018	13	uoms	push	2026-07-10 02:32:57.860339+05	2026-07-10 02:32:57.860339+05	0	0	0	0	success	\N
1019	13	price_history	push	2026-07-10 02:32:57.860339+05	2026-07-10 02:32:57.860339+05	0	0	0	0	success	\N
1020	13	item_modifiers	push	2026-07-10 02:32:57.860339+05	2026-07-10 02:32:57.860339+05	0	0	0	0	success	\N
1021	13	item_modifier_groups	push	2026-07-10 02:32:57.860339+05	2026-07-10 02:32:57.860339+05	0	0	0	0	success	\N
1022	13	item_modifier_group_assignments	push	2026-07-10 02:32:57.860339+05	2026-07-10 02:32:57.860339+05	0	0	0	0	success	\N
1023	13	modifier_templates	push	2026-07-10 02:32:57.875972+05	2026-07-10 02:32:57.875972+05	0	0	0	0	success	\N
1024	13	modifier_template_options	push	2026-07-10 02:32:57.875972+05	2026-07-10 02:32:57.875972+05	0	0	0	0	success	\N
1025	13	modifier_group_assignments	push	2026-07-10 02:32:57.875972+05	2026-07-10 02:32:57.875972+05	0	0	0	0	success	\N
1026	13	production_orders	push	2026-07-10 02:32:57.875972+05	2026-07-10 02:32:57.875972+05	0	0	0	0	success	\N
1027	13	production_items	push	2026-07-10 02:32:57.875972+05	2026-07-10 02:32:57.875972+05	0	0	0	0	success	\N
1028	13	production_materials	push	2026-07-10 02:32:57.875972+05	2026-07-10 02:32:57.875972+05	0	0	0	0	success	\N
1029	13	deals	push	2026-07-10 02:32:57.875972+05	2026-07-10 02:32:57.875972+05	0	0	0	0	success	\N
1030	13	deal_items	push	2026-07-10 02:32:57.875972+05	2026-07-10 02:32:57.875972+05	0	0	0	0	success	\N
1031	13	delivery_orders	push	2026-07-10 02:32:57.875972+05	2026-07-10 02:32:57.875972+05	2	2	0	0	success	\N
1032	13	delivery_riders	push	2026-07-10 02:32:57.875972+05	2026-07-10 02:32:57.875972+05	2	2	0	0	success	\N
1033	13	dinein_floors	push	2026-07-10 02:32:57.875972+05	2026-07-10 02:32:57.875972+05	0	0	0	0	success	\N
1034	13	dinein_tables	push	2026-07-10 02:32:57.891589+05	2026-07-10 02:32:57.891589+05	0	0	0	0	success	\N
1035	13	hold_orders	push	2026-07-10 02:32:57.891589+05	2026-07-10 02:32:57.891589+05	0	0	0	0	success	\N
1036	13	hold_items	push	2026-07-10 02:32:57.891589+05	2026-07-10 02:32:57.891589+05	0	0	0	0	success	\N
1037	13	customer_balance_entries	push	2026-07-10 02:32:57.891589+05	2026-07-10 02:32:57.891589+05	0	0	0	0	success	\N
1038	13	cus_outstanding	push	2026-07-10 02:32:57.891589+05	2026-07-10 02:32:57.891589+05	0	0	0	0	success	\N
1039	13	cus_payments	push	2026-07-10 02:32:57.891589+05	2026-07-10 02:32:57.891589+05	0	0	0	0	success	\N
1040	13	supplier_balance_entries	push	2026-07-10 02:32:57.891589+05	2026-07-10 02:32:57.891589+05	0	0	0	0	success	\N
1041	13	sup_outstanding	push	2026-07-10 02:32:57.891589+05	2026-07-10 02:32:57.891589+05	8	8	0	0	success	\N
1042	13	sup_payments	push	2026-07-10 02:32:57.891589+05	2026-07-10 02:32:57.891589+05	0	0	0	0	success	\N
1043	13	fbr_digital	push	2026-07-10 02:32:57.891589+05	2026-07-10 02:32:57.891589+05	0	0	0	0	success	\N
1044	13	fbr_logs	push	2026-07-10 02:32:57.907216+05	2026-07-10 02:32:57.907216+05	0	0	0	0	success	\N
1045	13	kpra_invoices	push	2026-07-10 02:32:57.907216+05	2026-07-10 02:32:57.907216+05	0	0	0	0	success	\N
1046	13	kpra_logs	push	2026-07-10 02:32:57.907216+05	2026-07-10 02:32:57.907216+05	0	0	0	0	success	\N
1047	13	order_takers	push	2026-07-10 02:32:57.907216+05	2026-07-10 02:32:57.907216+05	0	0	0	0	success	\N
1048	13	table_transfer_logs	push	2026-07-10 02:32:57.907216+05	2026-07-10 02:32:57.907216+05	0	0	0	0	success	\N
1049	13	warranties	push	2026-07-10 02:32:57.907216+05	2026-07-10 02:32:57.907216+05	0	0	0	0	success	\N
1050	13	item_serials	push	2026-07-10 02:32:57.907216+05	2026-07-10 02:32:57.907216+05	0	0	0	0	success	\N
1051	13	item_serial_transactions	push	2026-07-10 02:32:57.907216+05	2026-07-10 02:32:57.907216+05	0	0	0	0	success	\N
1052	13	branch_info	pull	2026-07-10 02:32:57.907216+05	2026-07-10 02:32:57.907216+05	0	0	0	0	success	\N
1053	13	stores	pull	2026-07-10 02:32:57.907216+05	2026-07-10 02:32:57.907216+05	0	0	0	0	success	\N
1054	13	items	pull	2026-07-10 02:32:57.907216+05	2026-07-10 02:32:57.907216+05	1153	1153	0	0	success	\N
1055	13	bom_master	pull	2026-07-10 02:32:57.922866+05	2026-07-10 02:32:57.922866+05	90	90	0	0	success	\N
1056	13	bom_components	pull	2026-07-10 02:32:57.922866+05	2026-07-10 02:32:57.922866+05	809	809	0	0	success	\N
1057	13	expense_categories	pull	2026-07-10 02:32:57.922866+05	2026-07-10 02:32:57.922866+05	1	1	0	0	success	\N
1058	13	expense_subcategories	pull	2026-07-10 02:32:57.922866+05	2026-07-10 02:32:57.922866+05	2	2	0	0	success	\N
1059	13	expense_accounts	pull	2026-07-10 02:32:57.922866+05	2026-07-10 02:32:57.922866+05	2	2	0	0	success	\N
1060	13	categories	pull	2026-07-10 02:32:57.922866+05	2026-07-10 02:32:57.922866+05	5	5	0	0	success	\N
1061	13	sub_categories	pull	2026-07-10 02:32:57.922866+05	2026-07-10 02:32:57.922866+05	21	21	0	0	success	\N
1062	13	account_mappings	pull	2026-07-10 02:32:57.922866+05	2026-07-10 02:32:57.922866+05	45	45	0	0	success	\N
1063	13	chart_of_accounts	pull	2026-07-10 02:32:57.922866+05	2026-07-10 02:32:57.922866+05	56	56	0	0	success	\N
1064	13	fiscal_period_setup	pull	2026-07-10 02:32:57.922866+05	2026-07-10 02:32:57.922866+05	1	1	0	0	success	\N
1065	13	fiscal_periods	pull	2026-07-10 02:32:57.922866+05	2026-07-10 02:32:57.922866+05	12	12	0	0	success	\N
1066	13	vendors	pull	2026-07-10 02:32:57.938462+05	2026-07-10 02:32:57.938462+05	0	0	0	0	success	\N
1067	13	bank_accounts	pull	2026-07-10 02:32:57.938462+05	2026-07-10 02:32:57.938462+05	2	2	0	0	success	\N
1068	13	account_types	pull	2026-07-10 02:32:57.938462+05	2026-07-10 02:32:57.938462+05	5	5	0	0	success	\N
1069	13	discounts	pull	2026-07-10 02:32:57.938462+05	2026-07-10 02:32:57.938462+05	0	0	0	0	success	\N
1070	13	discount_categories	pull	2026-07-10 02:32:57.938462+05	2026-07-10 02:32:57.938462+05	0	0	0	0	success	\N
1071	13	void_reasons	pull	2026-07-10 02:32:57.938462+05	2026-07-10 02:32:57.938462+05	1	1	0	0	success	\N
1072	13	card_types	pull	2026-07-10 02:32:57.938462+05	2026-07-10 02:32:57.938462+05	3	3	0	0	success	\N
1073	13	rights	pull	2026-07-10 02:32:57.938462+05	2026-07-10 02:32:57.938462+05	118	118	0	0	success	\N
1074	13	roles	pull	2026-07-10 02:32:57.938462+05	2026-07-10 02:32:57.938462+05	5	5	0	0	success	\N
1075	13	role_rights	pull	2026-07-10 02:32:57.938462+05	2026-07-10 02:32:57.938462+05	150	150	0	0	success	\N
1076	13	users	pull	2026-07-10 02:32:57.954088+05	2026-07-10 02:32:57.954088+05	0	0	0	0	success	\N
1077	13	branch_access	pull	2026-07-10 02:32:57.954088+05	2026-07-10 02:32:57.954088+05	11	11	0	0	success	\N
1078	13	bank_access	pull	2026-07-10 02:32:57.954088+05	2026-07-10 02:32:57.954088+05	0	0	0	0	success	\N
1079	13	quotations	pull	2026-07-10 02:32:57.954088+05	2026-07-10 02:32:57.954088+05	0	0	0	0	success	\N
1080	13	quotation_items	pull	2026-07-10 02:32:57.954088+05	2026-07-10 02:32:57.954088+05	0	0	0	0	success	\N
1081	14	sales	push	2026-07-10 02:38:52.917842+05	2026-07-10 02:38:52.917842+05	299	299	0	0	success	\N
1082	14	sale_items	push	2026-07-10 02:38:52.949038+05	2026-07-10 02:38:52.949038+05	657	657	0	0	success	\N
1083	14	sale_item_modifiers	push	2026-07-10 02:38:52.964717+05	2026-07-10 02:38:52.964717+05	0	0	0	0	success	\N
1084	14	purchases	push	2026-07-10 02:38:52.964717+05	2026-07-10 02:38:52.964717+05	7	7	0	0	success	\N
1085	14	purchase_items	push	2026-07-10 02:38:52.964717+05	2026-07-10 02:38:52.964717+05	26	26	0	0	success	\N
1086	14	purchase_returns	push	2026-07-10 02:38:52.964717+05	2026-07-10 02:38:52.964717+05	0	0	0	0	success	\N
1087	14	purchase_return_items	push	2026-07-10 02:38:52.964717+05	2026-07-10 02:38:52.964717+05	0	0	0	0	success	\N
1088	14	account_transactions	push	2026-07-10 02:38:52.964717+05	2026-07-10 02:38:52.964717+05	298	298	0	0	partial	Synced 298 records with 45 errors
1089	14	sale_returns	push	2026-07-10 02:38:52.964717+05	2026-07-10 02:38:52.964717+05	0	0	0	0	partial	Synced 0 records with 1 errors
1090	14	sale_return_items	push	2026-07-10 02:38:52.964717+05	2026-07-10 02:38:52.964717+05	0	0	0	0	success	\N
1091	14	inventory_movements	push	2026-07-10 02:38:52.964717+05	2026-07-10 02:38:52.964717+05	415	415	0	0	partial	Synced 415 records with 35 errors
1092	14	store_inventory	push	2026-07-10 02:38:52.980287+05	2026-07-10 02:38:52.980287+05	0	0	0	0	success	\N
1093	14	stock_adjustments	push	2026-07-10 02:38:52.980287+05	2026-07-10 02:38:52.980287+05	0	0	0	0	success	\N
1094	14	stock_adjustment_items	push	2026-07-10 02:38:52.980287+05	2026-07-10 02:38:52.980287+05	0	0	0	0	success	\N
1095	14	stock_transfers	push	2026-07-10 02:38:52.980287+05	2026-07-10 02:38:52.980287+05	0	0	0	0	success	\N
1096	14	stock_transfer_items	push	2026-07-10 02:38:52.980287+05	2026-07-10 02:38:52.980287+05	0	0	0	0	success	\N
1097	14	shifts	push	2026-07-10 02:38:52.980287+05	2026-07-10 02:38:52.980287+05	4	4	0	0	success	\N
1098	14	shift_logs	push	2026-07-10 02:38:52.980287+05	2026-07-10 02:38:52.980287+05	0	0	0	0	success	\N
1099	14	journal_entries	push	2026-07-10 02:38:52.980287+05	2026-07-10 02:38:52.980287+05	308	308	0	0	partial	Synced 308 records with 60 errors
1100	14	journal_entry_lines	push	2026-07-10 02:38:52.980287+05	2026-07-10 02:38:52.980287+05	965	965	0	0	partial	Synced 965 records with 203 errors
1101	14	expenses	push	2026-07-10 02:38:52.995953+05	2026-07-10 02:38:52.995953+05	0	0	0	0	success	\N
1102	14	customers	push	2026-07-10 02:38:52.995953+05	2026-07-10 02:38:52.995953+05	19	19	0	0	success	\N
1103	14	customer_categories	push	2026-07-10 02:38:52.995953+05	2026-07-10 02:38:52.995953+05	0	0	0	0	success	\N
1104	14	items	push	2026-07-10 02:38:52.995953+05	2026-07-10 02:38:52.995953+05	0	0	0	0	skipped	Skipped by sync_entity_policies (direction_policy=pull_only)
1105	14	fbr_invoices	push	2026-07-10 02:38:52.995953+05	2026-07-10 02:38:52.995953+05	0	0	0	0	success	\N
1106	14	void_orders	push	2026-07-10 02:38:52.995953+05	2026-07-10 02:38:52.995953+05	0	0	0	0	success	\N
1107	14	void_items	push	2026-07-10 02:38:52.995953+05	2026-07-10 02:38:52.995953+05	0	0	0	0	success	\N
1108	14	uoms	push	2026-07-10 02:38:52.995953+05	2026-07-10 02:38:52.995953+05	0	0	0	0	success	\N
1109	14	price_history	push	2026-07-10 02:38:52.995953+05	2026-07-10 02:38:52.995953+05	0	0	0	0	success	\N
1110	14	item_modifiers	push	2026-07-10 02:38:52.995953+05	2026-07-10 02:38:52.995953+05	0	0	0	0	success	\N
1111	14	item_modifier_groups	push	2026-07-10 02:38:52.995953+05	2026-07-10 02:38:52.995953+05	0	0	0	0	success	\N
1112	14	item_modifier_group_assignments	push	2026-07-10 02:38:52.995953+05	2026-07-10 02:38:52.995953+05	0	0	0	0	success	\N
1113	14	modifier_templates	push	2026-07-10 02:38:53.011536+05	2026-07-10 02:38:53.011536+05	0	0	0	0	success	\N
1114	14	modifier_template_options	push	2026-07-10 02:38:53.011536+05	2026-07-10 02:38:53.011536+05	0	0	0	0	success	\N
1115	14	modifier_group_assignments	push	2026-07-10 02:38:53.011536+05	2026-07-10 02:38:53.011536+05	0	0	0	0	success	\N
1116	14	production_orders	push	2026-07-10 02:38:53.011536+05	2026-07-10 02:38:53.011536+05	0	0	0	0	success	\N
1117	14	production_items	push	2026-07-10 02:38:53.011536+05	2026-07-10 02:38:53.011536+05	0	0	0	0	success	\N
1118	14	production_materials	push	2026-07-10 02:38:53.011536+05	2026-07-10 02:38:53.011536+05	0	0	0	0	success	\N
1119	14	deals	push	2026-07-10 02:38:53.011536+05	2026-07-10 02:38:53.011536+05	0	0	0	0	success	\N
1120	14	deal_items	push	2026-07-10 02:38:53.011536+05	2026-07-10 02:38:53.011536+05	0	0	0	0	success	\N
1121	14	delivery_orders	push	2026-07-10 02:38:53.011536+05	2026-07-10 02:38:53.011536+05	2	2	0	0	success	\N
1122	14	delivery_riders	push	2026-07-10 02:38:53.011536+05	2026-07-10 02:38:53.011536+05	2	2	0	0	success	\N
1123	14	dinein_floors	push	2026-07-10 02:38:53.011536+05	2026-07-10 02:38:53.011536+05	0	0	0	0	success	\N
1124	14	dinein_tables	push	2026-07-10 02:38:53.02716+05	2026-07-10 02:38:53.02716+05	0	0	0	0	success	\N
1125	14	hold_orders	push	2026-07-10 02:38:53.02716+05	2026-07-10 02:38:53.02716+05	0	0	0	0	success	\N
1126	14	hold_items	push	2026-07-10 02:38:53.02716+05	2026-07-10 02:38:53.02716+05	0	0	0	0	success	\N
1127	14	customer_balance_entries	push	2026-07-10 02:38:53.02716+05	2026-07-10 02:38:53.02716+05	0	0	0	0	success	\N
1128	14	cus_outstanding	push	2026-07-10 02:38:53.02716+05	2026-07-10 02:38:53.02716+05	0	0	0	0	success	\N
1129	14	cus_payments	push	2026-07-10 02:38:53.02716+05	2026-07-10 02:38:53.02716+05	0	0	0	0	success	\N
1130	14	supplier_balance_entries	push	2026-07-10 02:38:53.02716+05	2026-07-10 02:38:53.02716+05	0	0	0	0	success	\N
1131	14	sup_outstanding	push	2026-07-10 02:38:53.02716+05	2026-07-10 02:38:53.02716+05	8	8	0	0	success	\N
1132	14	sup_payments	push	2026-07-10 02:38:53.02716+05	2026-07-10 02:38:53.02716+05	0	0	0	0	success	\N
1133	14	fbr_digital	push	2026-07-10 02:38:53.02716+05	2026-07-10 02:38:53.02716+05	0	0	0	0	success	\N
1134	14	fbr_logs	push	2026-07-10 02:38:53.02716+05	2026-07-10 02:38:53.02716+05	0	0	0	0	success	\N
1135	14	kpra_invoices	push	2026-07-10 02:38:53.02716+05	2026-07-10 02:38:53.02716+05	0	0	0	0	success	\N
1136	14	kpra_logs	push	2026-07-10 02:38:53.042786+05	2026-07-10 02:38:53.042786+05	0	0	0	0	success	\N
1137	14	order_takers	push	2026-07-10 02:38:53.042786+05	2026-07-10 02:38:53.042786+05	0	0	0	0	success	\N
1138	14	table_transfer_logs	push	2026-07-10 02:38:53.042786+05	2026-07-10 02:38:53.042786+05	0	0	0	0	success	\N
1139	14	warranties	push	2026-07-10 02:38:53.042786+05	2026-07-10 02:38:53.042786+05	0	0	0	0	success	\N
1140	14	item_serials	push	2026-07-10 02:38:53.042786+05	2026-07-10 02:38:53.042786+05	0	0	0	0	success	\N
1141	14	item_serial_transactions	push	2026-07-10 02:38:53.042786+05	2026-07-10 02:38:53.042786+05	0	0	0	0	success	\N
1142	14	branch_info	pull	2026-07-10 02:38:53.042786+05	2026-07-10 02:38:53.042786+05	0	0	0	0	success	\N
1143	14	stores	pull	2026-07-10 02:38:53.042786+05	2026-07-10 02:38:53.042786+05	0	0	0	0	success	\N
1144	14	items	pull	2026-07-10 02:38:53.042786+05	2026-07-10 02:38:53.042786+05	1153	1153	0	0	success	\N
1145	14	bom_master	pull	2026-07-10 02:38:53.042786+05	2026-07-10 02:38:53.042786+05	90	90	0	0	success	\N
1146	14	bom_components	pull	2026-07-10 02:38:53.042786+05	2026-07-10 02:38:53.042786+05	809	809	0	0	success	\N
1147	14	expense_categories	pull	2026-07-10 02:38:53.042786+05	2026-07-10 02:38:53.042786+05	1	1	0	0	success	\N
1148	14	expense_subcategories	pull	2026-07-10 02:38:53.05841+05	2026-07-10 02:38:53.05841+05	2	2	0	0	success	\N
1149	14	expense_accounts	pull	2026-07-10 02:38:53.05841+05	2026-07-10 02:38:53.05841+05	2	2	0	0	success	\N
1150	14	categories	pull	2026-07-10 02:38:53.05841+05	2026-07-10 02:38:53.05841+05	5	5	0	0	success	\N
1151	14	sub_categories	pull	2026-07-10 02:38:53.05841+05	2026-07-10 02:38:53.05841+05	21	21	0	0	success	\N
1152	14	account_mappings	pull	2026-07-10 02:38:53.05841+05	2026-07-10 02:38:53.05841+05	45	45	0	0	success	\N
1153	14	chart_of_accounts	pull	2026-07-10 02:38:53.05841+05	2026-07-10 02:38:53.05841+05	56	56	0	0	success	\N
1154	14	fiscal_period_setup	pull	2026-07-10 02:38:53.05841+05	2026-07-10 02:38:53.05841+05	1	1	0	0	success	\N
1155	14	fiscal_periods	pull	2026-07-10 02:38:53.05841+05	2026-07-10 02:38:53.05841+05	12	12	0	0	success	\N
1156	14	vendors	pull	2026-07-10 02:38:53.05841+05	2026-07-10 02:38:53.05841+05	0	0	0	0	success	\N
1157	14	bank_accounts	pull	2026-07-10 02:38:53.05841+05	2026-07-10 02:38:53.05841+05	2	2	0	0	success	\N
1158	14	account_types	pull	2026-07-10 02:38:53.05841+05	2026-07-10 02:38:53.05841+05	5	5	0	0	success	\N
1159	14	discounts	pull	2026-07-10 02:38:53.05841+05	2026-07-10 02:38:53.05841+05	0	0	0	0	success	\N
1160	14	discount_categories	pull	2026-07-10 02:38:53.05841+05	2026-07-10 02:38:53.05841+05	0	0	0	0	success	\N
1161	14	void_reasons	pull	2026-07-10 02:38:53.074035+05	2026-07-10 02:38:53.074035+05	1	1	0	0	success	\N
1162	14	card_types	pull	2026-07-10 02:38:53.074035+05	2026-07-10 02:38:53.074035+05	3	3	0	0	success	\N
1163	14	rights	pull	2026-07-10 02:38:53.074035+05	2026-07-10 02:38:53.074035+05	118	118	0	0	success	\N
1164	14	roles	pull	2026-07-10 02:38:53.074035+05	2026-07-10 02:38:53.074035+05	5	5	0	0	success	\N
1165	14	role_rights	pull	2026-07-10 02:38:53.074035+05	2026-07-10 02:38:53.074035+05	150	150	0	0	success	\N
1166	14	users	pull	2026-07-10 02:38:53.074035+05	2026-07-10 02:38:53.074035+05	0	0	0	0	success	\N
1167	14	branch_access	pull	2026-07-10 02:38:53.074035+05	2026-07-10 02:38:53.074035+05	11	11	0	0	success	\N
1168	14	bank_access	pull	2026-07-10 02:38:53.074035+05	2026-07-10 02:38:53.074035+05	0	0	0	0	success	\N
1169	14	quotations	pull	2026-07-10 02:38:53.074035+05	2026-07-10 02:38:53.074035+05	0	0	0	0	success	\N
1170	14	quotation_items	pull	2026-07-10 02:38:53.074035+05	2026-07-10 02:38:53.074035+05	0	0	0	0	success	\N
1171	15	sales	push	2026-07-10 02:44:55.537683+05	2026-07-10 02:44:55.537683+05	299	299	0	0	success	\N
1172	15	sale_items	push	2026-07-10 02:44:55.568935+05	2026-07-10 02:44:55.568935+05	669	669	0	0	success	\N
1173	15	sale_item_modifiers	push	2026-07-10 02:44:55.568935+05	2026-07-10 02:44:55.568935+05	0	0	0	0	success	\N
1174	15	purchases	push	2026-07-10 02:44:55.584516+05	2026-07-10 02:44:55.584516+05	7	7	0	0	success	\N
1175	15	purchase_items	push	2026-07-10 02:44:55.584516+05	2026-07-10 02:44:55.584516+05	26	26	0	0	success	\N
1176	15	purchase_returns	push	2026-07-10 02:44:55.584516+05	2026-07-10 02:44:55.584516+05	0	0	0	0	success	\N
1177	15	purchase_return_items	push	2026-07-10 02:44:55.584516+05	2026-07-10 02:44:55.584516+05	0	0	0	0	success	\N
1178	15	account_transactions	push	2026-07-10 02:44:55.584516+05	2026-07-10 02:44:55.584516+05	298	298	0	0	partial	Synced 298 records with 49 errors
1179	15	sale_returns	push	2026-07-10 02:44:55.584516+05	2026-07-10 02:44:55.584516+05	0	0	0	0	partial	Synced 0 records with 1 errors
1180	15	sale_return_items	push	2026-07-10 02:44:55.584516+05	2026-07-10 02:44:55.584516+05	0	0	0	0	success	\N
1181	15	inventory_movements	push	2026-07-10 02:44:55.584516+05	2026-07-10 02:44:55.584516+05	415	415	0	0	partial	Synced 415 records with 42 errors
1182	15	store_inventory	push	2026-07-10 02:44:55.600129+05	2026-07-10 02:44:55.600129+05	0	0	0	0	success	\N
1183	15	stock_adjustments	push	2026-07-10 02:44:55.600129+05	2026-07-10 02:44:55.600129+05	0	0	0	0	success	\N
1184	15	stock_adjustment_items	push	2026-07-10 02:44:55.600129+05	2026-07-10 02:44:55.600129+05	0	0	0	0	success	\N
1185	15	stock_transfers	push	2026-07-10 02:44:55.600129+05	2026-07-10 02:44:55.600129+05	0	0	0	0	success	\N
1186	15	stock_transfer_items	push	2026-07-10 02:44:55.600129+05	2026-07-10 02:44:55.600129+05	0	0	0	0	success	\N
1187	15	shifts	push	2026-07-10 02:44:55.600129+05	2026-07-10 02:44:55.600129+05	4	4	0	0	success	\N
1188	15	shift_logs	push	2026-07-10 02:44:55.600129+05	2026-07-10 02:44:55.600129+05	0	0	0	0	success	\N
1189	15	journal_entries	push	2026-07-10 02:44:55.600129+05	2026-07-10 02:44:55.600129+05	308	308	0	0	partial	Synced 308 records with 62 errors
1190	15	journal_entry_lines	push	2026-07-10 02:44:55.600129+05	2026-07-10 02:44:55.600129+05	965	965	0	0	partial	Synced 965 records with 223 errors
1191	15	expenses	push	2026-07-10 02:44:55.600129+05	2026-07-10 02:44:55.600129+05	0	0	0	0	success	\N
1192	15	customers	push	2026-07-10 02:44:55.615751+05	2026-07-10 02:44:55.615751+05	19	19	0	0	success	\N
1193	15	customer_categories	push	2026-07-10 02:44:55.615751+05	2026-07-10 02:44:55.615751+05	0	0	0	0	success	\N
1194	15	items	push	2026-07-10 02:44:55.615751+05	2026-07-10 02:44:55.615751+05	0	0	0	0	skipped	Skipped by sync_entity_policies (direction_policy=pull_only)
1195	15	fbr_invoices	push	2026-07-10 02:44:55.615751+05	2026-07-10 02:44:55.615751+05	0	0	0	0	success	\N
1196	15	void_orders	push	2026-07-10 02:44:55.615751+05	2026-07-10 02:44:55.615751+05	0	0	0	0	success	\N
1197	15	void_items	push	2026-07-10 02:44:55.615751+05	2026-07-10 02:44:55.615751+05	0	0	0	0	success	\N
1198	15	uoms	push	2026-07-10 02:44:55.615751+05	2026-07-10 02:44:55.615751+05	0	0	0	0	success	\N
1199	15	price_history	push	2026-07-10 02:44:55.615751+05	2026-07-10 02:44:55.615751+05	0	0	0	0	success	\N
1200	15	item_modifiers	push	2026-07-10 02:44:55.615751+05	2026-07-10 02:44:55.615751+05	0	0	0	0	success	\N
1201	15	item_modifier_groups	push	2026-07-10 02:44:55.615751+05	2026-07-10 02:44:55.615751+05	0	0	0	0	success	\N
1202	15	item_modifier_group_assignments	push	2026-07-10 02:44:55.615751+05	2026-07-10 02:44:55.615751+05	0	0	0	0	success	\N
1203	15	modifier_templates	push	2026-07-10 02:44:55.63138+05	2026-07-10 02:44:55.63138+05	0	0	0	0	success	\N
1204	15	modifier_template_options	push	2026-07-10 02:44:55.63138+05	2026-07-10 02:44:55.63138+05	0	0	0	0	success	\N
1205	15	modifier_group_assignments	push	2026-07-10 02:44:55.63138+05	2026-07-10 02:44:55.63138+05	0	0	0	0	success	\N
1206	15	production_orders	push	2026-07-10 02:44:55.63138+05	2026-07-10 02:44:55.63138+05	0	0	0	0	success	\N
1207	15	production_items	push	2026-07-10 02:44:55.63138+05	2026-07-10 02:44:55.63138+05	0	0	0	0	success	\N
1208	15	production_materials	push	2026-07-10 02:44:55.63138+05	2026-07-10 02:44:55.63138+05	0	0	0	0	success	\N
1209	15	deals	push	2026-07-10 02:44:55.63138+05	2026-07-10 02:44:55.63138+05	0	0	0	0	success	\N
1210	15	deal_items	push	2026-07-10 02:44:55.63138+05	2026-07-10 02:44:55.63138+05	0	0	0	0	success	\N
1211	15	delivery_orders	push	2026-07-10 02:44:55.63138+05	2026-07-10 02:44:55.63138+05	2	2	0	0	success	\N
1212	15	delivery_riders	push	2026-07-10 02:44:55.63138+05	2026-07-10 02:44:55.63138+05	2	2	0	0	success	\N
1213	15	dinein_floors	push	2026-07-10 02:44:55.63138+05	2026-07-10 02:44:55.63138+05	0	0	0	0	success	\N
1214	15	dinein_tables	push	2026-07-10 02:44:55.647002+05	2026-07-10 02:44:55.647002+05	0	0	0	0	success	\N
1215	15	hold_orders	push	2026-07-10 02:44:55.647002+05	2026-07-10 02:44:55.647002+05	0	0	0	0	success	\N
1216	15	hold_items	push	2026-07-10 02:44:55.647002+05	2026-07-10 02:44:55.647002+05	0	0	0	0	success	\N
1217	15	customer_balance_entries	push	2026-07-10 02:44:55.647002+05	2026-07-10 02:44:55.647002+05	0	0	0	0	success	\N
1218	15	cus_outstanding	push	2026-07-10 02:44:55.647002+05	2026-07-10 02:44:55.647002+05	0	0	0	0	success	\N
1219	15	cus_payments	push	2026-07-10 02:44:55.647002+05	2026-07-10 02:44:55.647002+05	0	0	0	0	success	\N
1220	15	supplier_balance_entries	push	2026-07-10 02:44:55.647002+05	2026-07-10 02:44:55.647002+05	0	0	0	0	success	\N
1221	15	sup_outstanding	push	2026-07-10 02:44:55.647002+05	2026-07-10 02:44:55.647002+05	8	8	0	0	success	\N
1222	15	sup_payments	push	2026-07-10 02:44:55.647002+05	2026-07-10 02:44:55.647002+05	0	0	0	0	success	\N
1223	15	fbr_digital	push	2026-07-10 02:44:55.647002+05	2026-07-10 02:44:55.647002+05	0	0	0	0	success	\N
1224	15	fbr_logs	push	2026-07-10 02:44:55.662626+05	2026-07-10 02:44:55.662626+05	0	0	0	0	success	\N
1225	15	kpra_invoices	push	2026-07-10 02:44:55.662626+05	2026-07-10 02:44:55.662626+05	0	0	0	0	success	\N
1226	15	kpra_logs	push	2026-07-10 02:44:55.662626+05	2026-07-10 02:44:55.662626+05	0	0	0	0	success	\N
1227	15	order_takers	push	2026-07-10 02:44:55.662626+05	2026-07-10 02:44:55.662626+05	0	0	0	0	success	\N
1228	15	table_transfer_logs	push	2026-07-10 02:44:55.662626+05	2026-07-10 02:44:55.662626+05	0	0	0	0	success	\N
1229	15	warranties	push	2026-07-10 02:44:55.662626+05	2026-07-10 02:44:55.662626+05	0	0	0	0	success	\N
1230	15	item_serials	push	2026-07-10 02:44:55.662626+05	2026-07-10 02:44:55.662626+05	0	0	0	0	success	\N
1231	15	item_serial_transactions	push	2026-07-10 02:44:55.662626+05	2026-07-10 02:44:55.662626+05	0	0	0	0	success	\N
1232	15	branch_info	pull	2026-07-10 02:44:55.662626+05	2026-07-10 02:44:55.662626+05	0	0	0	0	success	\N
1233	15	stores	pull	2026-07-10 02:44:55.662626+05	2026-07-10 02:44:55.662626+05	0	0	0	0	success	\N
1234	15	items	pull	2026-07-10 02:44:55.662626+05	2026-07-10 02:44:55.662626+05	1153	1153	0	0	success	\N
1235	15	bom_master	pull	2026-07-10 02:44:55.678251+05	2026-07-10 02:44:55.678251+05	90	90	0	0	success	\N
1236	15	bom_components	pull	2026-07-10 02:44:55.678251+05	2026-07-10 02:44:55.678251+05	809	809	0	0	success	\N
1237	15	expense_categories	pull	2026-07-10 02:44:55.678251+05	2026-07-10 02:44:55.678251+05	1	1	0	0	success	\N
1238	15	expense_subcategories	pull	2026-07-10 02:44:55.678251+05	2026-07-10 02:44:55.678251+05	2	2	0	0	success	\N
1239	15	expense_accounts	pull	2026-07-10 02:44:55.678251+05	2026-07-10 02:44:55.678251+05	2	2	0	0	success	\N
1240	15	categories	pull	2026-07-10 02:44:55.678251+05	2026-07-10 02:44:55.678251+05	5	5	0	0	success	\N
1241	15	sub_categories	pull	2026-07-10 02:44:55.678251+05	2026-07-10 02:44:55.678251+05	21	21	0	0	success	\N
1242	15	account_mappings	pull	2026-07-10 02:44:55.678251+05	2026-07-10 02:44:55.678251+05	45	45	0	0	success	\N
1243	15	chart_of_accounts	pull	2026-07-10 02:44:55.678251+05	2026-07-10 02:44:55.678251+05	56	56	0	0	success	\N
1244	15	fiscal_period_setup	pull	2026-07-10 02:44:55.678251+05	2026-07-10 02:44:55.678251+05	1	1	0	0	success	\N
1245	15	fiscal_periods	pull	2026-07-10 02:44:55.693875+05	2026-07-10 02:44:55.693875+05	12	12	0	0	success	\N
1246	15	vendors	pull	2026-07-10 02:44:55.693875+05	2026-07-10 02:44:55.693875+05	0	0	0	0	success	\N
1247	15	bank_accounts	pull	2026-07-10 02:44:55.693875+05	2026-07-10 02:44:55.693875+05	2	2	0	0	success	\N
1248	15	account_types	pull	2026-07-10 02:44:55.693875+05	2026-07-10 02:44:55.693875+05	5	5	0	0	success	\N
1249	15	discounts	pull	2026-07-10 02:44:55.693875+05	2026-07-10 02:44:55.693875+05	0	0	0	0	success	\N
1250	15	discount_categories	pull	2026-07-10 02:44:55.693875+05	2026-07-10 02:44:55.693875+05	0	0	0	0	success	\N
1251	15	void_reasons	pull	2026-07-10 02:44:55.693875+05	2026-07-10 02:44:55.693875+05	1	1	0	0	success	\N
1252	15	card_types	pull	2026-07-10 02:44:55.693875+05	2026-07-10 02:44:55.693875+05	3	3	0	0	success	\N
1253	15	rights	pull	2026-07-10 02:44:55.693875+05	2026-07-10 02:44:55.693875+05	118	118	0	0	success	\N
1254	15	roles	pull	2026-07-10 02:44:55.693875+05	2026-07-10 02:44:55.693875+05	5	5	0	0	success	\N
1255	15	role_rights	pull	2026-07-10 02:44:55.693875+05	2026-07-10 02:44:55.693875+05	150	150	0	0	success	\N
1256	15	users	pull	2026-07-10 02:44:55.7095+05	2026-07-10 02:44:55.7095+05	0	0	0	0	success	\N
1257	15	branch_access	pull	2026-07-10 02:44:55.7095+05	2026-07-10 02:44:55.7095+05	11	11	0	0	success	\N
1258	15	bank_access	pull	2026-07-10 02:44:55.7095+05	2026-07-10 02:44:55.7095+05	0	0	0	0	success	\N
1259	15	quotations	pull	2026-07-10 02:44:55.7095+05	2026-07-10 02:44:55.7095+05	0	0	0	0	success	\N
1260	15	quotation_items	pull	2026-07-10 02:44:55.7095+05	2026-07-10 02:44:55.7095+05	0	0	0	0	success	\N
1261	16	sales	push	2026-07-10 02:59:20.291005+05	2026-07-10 02:59:20.291005+05	299	299	0	0	success	\N
1262	16	sale_items	push	2026-07-10 02:59:20.353494+05	2026-07-10 02:59:20.353494+05	708	708	0	0	success	\N
1263	16	sale_item_modifiers	push	2026-07-10 02:59:20.353494+05	2026-07-10 02:59:20.353494+05	0	0	0	0	success	\N
1264	16	purchases	push	2026-07-10 02:59:20.353494+05	2026-07-10 02:59:20.353494+05	7	7	0	0	success	\N
1265	16	purchase_items	push	2026-07-10 02:59:20.353494+05	2026-07-10 02:59:20.353494+05	26	26	0	0	success	\N
1266	16	purchase_returns	push	2026-07-10 02:59:20.353494+05	2026-07-10 02:59:20.353494+05	0	0	0	0	success	\N
1267	16	purchase_return_items	push	2026-07-10 02:59:20.353494+05	2026-07-10 02:59:20.353494+05	0	0	0	0	success	\N
1268	16	account_transactions	push	2026-07-10 02:59:20.369075+05	2026-07-10 02:59:20.369075+05	300	300	0	0	partial	Synced 300 records with 68 errors
1269	16	sale_returns	push	2026-07-10 02:59:20.369075+05	2026-07-10 02:59:20.369075+05	0	0	0	0	partial	Synced 0 records with 2 errors
1270	16	sale_return_items	push	2026-07-10 02:59:20.369075+05	2026-07-10 02:59:20.369075+05	0	0	0	0	success	\N
1271	16	inventory_movements	push	2026-07-10 02:59:20.369075+05	2026-07-10 02:59:20.369075+05	415	415	0	0	partial	Synced 415 records with 48 errors
1272	16	store_inventory	push	2026-07-10 02:59:20.369075+05	2026-07-10 02:59:20.369075+05	0	0	0	0	success	\N
1273	16	stock_adjustments	push	2026-07-10 02:59:20.369075+05	2026-07-10 02:59:20.369075+05	0	0	0	0	success	\N
1274	16	stock_adjustment_items	push	2026-07-10 02:59:20.369075+05	2026-07-10 02:59:20.369075+05	0	0	0	0	success	\N
1275	16	stock_transfers	push	2026-07-10 02:59:20.369075+05	2026-07-10 02:59:20.369075+05	0	0	0	0	success	\N
1276	16	stock_transfer_items	push	2026-07-10 02:59:20.369075+05	2026-07-10 02:59:20.369075+05	0	0	0	0	success	\N
1277	16	shifts	push	2026-07-10 02:59:20.369075+05	2026-07-10 02:59:20.369075+05	4	4	0	0	success	\N
1278	16	shift_logs	push	2026-07-10 02:59:20.384699+05	2026-07-10 02:59:20.384699+05	0	0	0	0	success	\N
1279	16	journal_entries	push	2026-07-10 02:59:20.384699+05	2026-07-10 02:59:20.384699+05	309	309	0	0	partial	Synced 309 records with 68 errors
1280	16	journal_entry_lines	push	2026-07-10 02:59:20.384699+05	2026-07-10 02:59:20.384699+05	968	968	0	0	partial	Synced 968 records with 225 errors
1281	16	expenses	push	2026-07-10 02:59:20.384699+05	2026-07-10 02:59:20.384699+05	0	0	0	0	success	\N
1282	16	customers	push	2026-07-10 02:59:20.384699+05	2026-07-10 02:59:20.384699+05	19	19	0	0	success	\N
1283	16	customer_categories	push	2026-07-10 02:59:20.384699+05	2026-07-10 02:59:20.384699+05	0	0	0	0	success	\N
1284	16	items	push	2026-07-10 02:59:20.384699+05	2026-07-10 02:59:20.384699+05	0	0	0	0	skipped	Skipped by sync_entity_policies (direction_policy=pull_only)
1285	16	fbr_invoices	push	2026-07-10 02:59:20.384699+05	2026-07-10 02:59:20.384699+05	0	0	0	0	success	\N
1286	16	void_orders	push	2026-07-10 02:59:20.384699+05	2026-07-10 02:59:20.384699+05	0	0	0	0	success	\N
1287	16	void_items	push	2026-07-10 02:59:20.384699+05	2026-07-10 02:59:20.384699+05	0	0	0	0	success	\N
1288	16	uoms	push	2026-07-10 02:59:20.384699+05	2026-07-10 02:59:20.384699+05	0	0	0	0	success	\N
1289	16	price_history	push	2026-07-10 02:59:20.400322+05	2026-07-10 02:59:20.400322+05	0	0	0	0	success	\N
1290	16	item_modifiers	push	2026-07-10 02:59:20.400322+05	2026-07-10 02:59:20.400322+05	0	0	0	0	success	\N
1291	16	item_modifier_groups	push	2026-07-10 02:59:20.400322+05	2026-07-10 02:59:20.400322+05	0	0	0	0	success	\N
1292	16	item_modifier_group_assignments	push	2026-07-10 02:59:20.400322+05	2026-07-10 02:59:20.400322+05	0	0	0	0	success	\N
1293	16	modifier_templates	push	2026-07-10 02:59:20.400322+05	2026-07-10 02:59:20.400322+05	0	0	0	0	success	\N
1294	16	modifier_template_options	push	2026-07-10 02:59:20.400322+05	2026-07-10 02:59:20.400322+05	0	0	0	0	success	\N
1295	16	modifier_group_assignments	push	2026-07-10 02:59:20.400322+05	2026-07-10 02:59:20.400322+05	0	0	0	0	success	\N
1296	16	production_orders	push	2026-07-10 02:59:20.400322+05	2026-07-10 02:59:20.400322+05	0	0	0	0	success	\N
1297	16	production_items	push	2026-07-10 02:59:20.400322+05	2026-07-10 02:59:20.400322+05	0	0	0	0	success	\N
1298	16	production_materials	push	2026-07-10 02:59:20.400322+05	2026-07-10 02:59:20.400322+05	0	0	0	0	success	\N
1299	16	deals	push	2026-07-10 02:59:20.41595+05	2026-07-10 02:59:20.41595+05	0	0	0	0	success	\N
1300	16	deal_items	push	2026-07-10 02:59:20.41595+05	2026-07-10 02:59:20.41595+05	0	0	0	0	success	\N
1301	16	delivery_orders	push	2026-07-10 02:59:20.41595+05	2026-07-10 02:59:20.41595+05	2	2	0	0	success	\N
1302	16	delivery_riders	push	2026-07-10 02:59:20.41595+05	2026-07-10 02:59:20.41595+05	2	2	0	0	success	\N
1303	16	dinein_floors	push	2026-07-10 02:59:20.41595+05	2026-07-10 02:59:20.41595+05	0	0	0	0	success	\N
1304	16	dinein_tables	push	2026-07-10 02:59:20.41595+05	2026-07-10 02:59:20.41595+05	0	0	0	0	success	\N
1305	16	hold_orders	push	2026-07-10 02:59:20.41595+05	2026-07-10 02:59:20.41595+05	0	0	0	0	success	\N
1306	16	hold_items	push	2026-07-10 02:59:20.41595+05	2026-07-10 02:59:20.41595+05	0	0	0	0	success	\N
1307	16	customer_balance_entries	push	2026-07-10 02:59:20.41595+05	2026-07-10 02:59:20.41595+05	0	0	0	0	success	\N
1308	16	cus_outstanding	push	2026-07-10 02:59:20.41595+05	2026-07-10 02:59:20.41595+05	0	0	0	0	success	\N
1309	16	cus_payments	push	2026-07-10 02:59:20.431573+05	2026-07-10 02:59:20.431573+05	0	0	0	0	success	\N
1310	16	supplier_balance_entries	push	2026-07-10 02:59:20.431573+05	2026-07-10 02:59:20.431573+05	0	0	0	0	success	\N
1311	16	sup_outstanding	push	2026-07-10 02:59:20.431573+05	2026-07-10 02:59:20.431573+05	8	8	0	0	success	\N
1312	16	sup_payments	push	2026-07-10 02:59:20.431573+05	2026-07-10 02:59:20.431573+05	0	0	0	0	success	\N
1313	16	fbr_digital	push	2026-07-10 02:59:20.431573+05	2026-07-10 02:59:20.431573+05	0	0	0	0	success	\N
1314	16	fbr_logs	push	2026-07-10 02:59:20.431573+05	2026-07-10 02:59:20.431573+05	0	0	0	0	success	\N
1315	16	kpra_invoices	push	2026-07-10 02:59:20.431573+05	2026-07-10 02:59:20.431573+05	0	0	0	0	success	\N
1316	16	kpra_logs	push	2026-07-10 02:59:20.431573+05	2026-07-10 02:59:20.431573+05	0	0	0	0	success	\N
1317	16	order_takers	push	2026-07-10 02:59:20.431573+05	2026-07-10 02:59:20.431573+05	0	0	0	0	success	\N
1318	16	table_transfer_logs	push	2026-07-10 02:59:20.431573+05	2026-07-10 02:59:20.431573+05	0	0	0	0	success	\N
1319	16	warranties	push	2026-07-10 02:59:20.431573+05	2026-07-10 02:59:20.431573+05	0	0	0	0	success	\N
1320	16	item_serials	push	2026-07-10 02:59:20.447197+05	2026-07-10 02:59:20.447197+05	0	0	0	0	success	\N
1321	16	item_serial_transactions	push	2026-07-10 02:59:20.447197+05	2026-07-10 02:59:20.447197+05	0	0	0	0	success	\N
1322	16	branch_info	pull	2026-07-10 02:59:20.447197+05	2026-07-10 02:59:20.447197+05	0	0	0	0	success	\N
1323	16	stores	pull	2026-07-10 02:59:20.447197+05	2026-07-10 02:59:20.447197+05	0	0	0	0	success	\N
1324	16	items	pull	2026-07-10 02:59:20.447197+05	2026-07-10 02:59:20.447197+05	1153	1153	0	0	success	\N
1325	16	bom_master	pull	2026-07-10 02:59:20.447197+05	2026-07-10 02:59:20.447197+05	90	90	0	0	success	\N
1326	16	bom_components	pull	2026-07-10 02:59:20.447197+05	2026-07-10 02:59:20.447197+05	809	809	0	0	success	\N
1327	16	expense_categories	pull	2026-07-10 02:59:20.447197+05	2026-07-10 02:59:20.447197+05	1	1	0	0	success	\N
1328	16	expense_subcategories	pull	2026-07-10 02:59:20.447197+05	2026-07-10 02:59:20.447197+05	2	2	0	0	success	\N
1329	16	expense_accounts	pull	2026-07-10 02:59:20.447197+05	2026-07-10 02:59:20.447197+05	2	2	0	0	success	\N
1330	16	categories	pull	2026-07-10 02:59:20.462824+05	2026-07-10 02:59:20.462824+05	5	5	0	0	success	\N
1331	16	sub_categories	pull	2026-07-10 02:59:20.462824+05	2026-07-10 02:59:20.462824+05	21	21	0	0	success	\N
1332	16	account_mappings	pull	2026-07-10 02:59:20.462824+05	2026-07-10 02:59:20.462824+05	45	45	0	0	success	\N
1333	16	chart_of_accounts	pull	2026-07-10 02:59:20.462824+05	2026-07-10 02:59:20.462824+05	56	56	0	0	success	\N
1334	16	fiscal_period_setup	pull	2026-07-10 02:59:20.462824+05	2026-07-10 02:59:20.462824+05	1	1	0	0	success	\N
1335	16	fiscal_periods	pull	2026-07-10 02:59:20.462824+05	2026-07-10 02:59:20.462824+05	12	12	0	0	success	\N
1336	16	vendors	pull	2026-07-10 02:59:20.462824+05	2026-07-10 02:59:20.462824+05	0	0	0	0	success	\N
1337	16	bank_accounts	pull	2026-07-10 02:59:20.462824+05	2026-07-10 02:59:20.462824+05	2	2	0	0	success	\N
1338	16	account_types	pull	2026-07-10 02:59:20.462824+05	2026-07-10 02:59:20.462824+05	5	5	0	0	success	\N
1339	16	discounts	pull	2026-07-10 02:59:20.462824+05	2026-07-10 02:59:20.462824+05	0	0	0	0	success	\N
1340	16	discount_categories	pull	2026-07-10 02:59:20.462824+05	2026-07-10 02:59:20.462824+05	0	0	0	0	success	\N
1341	16	void_reasons	pull	2026-07-10 02:59:20.478448+05	2026-07-10 02:59:20.478448+05	1	1	0	0	success	\N
1342	16	card_types	pull	2026-07-10 02:59:20.478448+05	2026-07-10 02:59:20.478448+05	3	3	0	0	success	\N
1343	16	rights	pull	2026-07-10 02:59:20.478448+05	2026-07-10 02:59:20.478448+05	118	118	0	0	success	\N
1344	16	roles	pull	2026-07-10 02:59:20.478448+05	2026-07-10 02:59:20.478448+05	5	5	0	0	success	\N
1345	16	role_rights	pull	2026-07-10 02:59:20.478448+05	2026-07-10 02:59:20.478448+05	150	150	0	0	success	\N
1346	16	users	pull	2026-07-10 02:59:20.478448+05	2026-07-10 02:59:20.478448+05	0	0	0	0	success	\N
1347	16	branch_access	pull	2026-07-10 02:59:20.478448+05	2026-07-10 02:59:20.478448+05	11	11	0	0	success	\N
1348	16	bank_access	pull	2026-07-10 02:59:20.478448+05	2026-07-10 02:59:20.478448+05	0	0	0	0	success	\N
1349	16	quotations	pull	2026-07-10 02:59:20.478448+05	2026-07-10 02:59:20.478448+05	0	0	0	0	success	\N
1350	16	quotation_items	pull	2026-07-10 02:59:20.478448+05	2026-07-10 02:59:20.478448+05	0	0	0	0	success	\N
1351	17	sales	push	2026-07-10 03:06:43.362827+05	2026-07-10 03:06:43.362827+05	299	299	0	0	success	\N
1352	17	sale_items	push	2026-07-10 03:06:43.409647+05	2026-07-10 03:06:43.409647+05	708	708	0	0	success	\N
1353	17	sale_item_modifiers	push	2026-07-10 03:06:43.409647+05	2026-07-10 03:06:43.409647+05	0	0	0	0	success	\N
1354	17	purchases	push	2026-07-10 03:06:43.409647+05	2026-07-10 03:06:43.409647+05	7	7	0	0	success	\N
1355	17	purchase_items	push	2026-07-10 03:06:43.409647+05	2026-07-10 03:06:43.409647+05	26	26	0	0	success	\N
1356	17	purchase_returns	push	2026-07-10 03:06:43.409647+05	2026-07-10 03:06:43.409647+05	0	0	0	0	success	\N
1357	17	purchase_return_items	push	2026-07-10 03:06:43.409647+05	2026-07-10 03:06:43.409647+05	0	0	0	0	success	\N
1358	17	account_transactions	push	2026-07-10 03:06:43.425272+05	2026-07-10 03:06:43.425272+05	300	300	0	0	partial	Synced 300 records with 68 errors
1359	17	sale_returns	push	2026-07-10 03:06:43.425272+05	2026-07-10 03:06:43.425272+05	0	0	0	0	partial	Synced 0 records with 2 errors
1360	17	sale_return_items	push	2026-07-10 03:06:43.425272+05	2026-07-10 03:06:43.425272+05	0	0	0	0	success	\N
1361	17	inventory_movements	push	2026-07-10 03:06:43.425272+05	2026-07-10 03:06:43.425272+05	415	415	0	0	partial	Synced 415 records with 48 errors
1362	17	store_inventory	push	2026-07-10 03:06:43.425272+05	2026-07-10 03:06:43.425272+05	0	0	0	0	success	\N
1363	17	stock_adjustments	push	2026-07-10 03:06:43.425272+05	2026-07-10 03:06:43.425272+05	0	0	0	0	success	\N
1364	17	stock_adjustment_items	push	2026-07-10 03:06:43.425272+05	2026-07-10 03:06:43.425272+05	0	0	0	0	success	\N
1365	17	stock_transfers	push	2026-07-10 03:06:43.425272+05	2026-07-10 03:06:43.425272+05	0	0	0	0	success	\N
1366	17	stock_transfer_items	push	2026-07-10 03:06:43.425272+05	2026-07-10 03:06:43.425272+05	0	0	0	0	success	\N
1367	17	shifts	push	2026-07-10 03:06:43.425272+05	2026-07-10 03:06:43.425272+05	4	4	0	0	success	\N
1368	17	shift_logs	push	2026-07-10 03:06:43.440897+05	2026-07-10 03:06:43.440897+05	0	0	0	0	success	\N
1369	17	journal_entries	push	2026-07-10 03:06:43.440897+05	2026-07-10 03:06:43.440897+05	309	309	0	0	partial	Synced 309 records with 68 errors
1370	17	journal_entry_lines	push	2026-07-10 03:06:43.440897+05	2026-07-10 03:06:43.440897+05	968	968	0	0	partial	Synced 968 records with 225 errors
1371	17	expenses	push	2026-07-10 03:06:43.440897+05	2026-07-10 03:06:43.440897+05	0	0	0	0	success	\N
1372	17	customers	push	2026-07-10 03:06:43.440897+05	2026-07-10 03:06:43.440897+05	19	19	0	0	success	\N
1373	17	customer_categories	push	2026-07-10 03:06:43.440897+05	2026-07-10 03:06:43.440897+05	0	0	0	0	success	\N
1374	17	items	push	2026-07-10 03:06:43.440897+05	2026-07-10 03:06:43.440897+05	0	0	0	0	skipped	Skipped by sync_entity_policies (direction_policy=pull_only)
1375	17	fbr_invoices	push	2026-07-10 03:06:43.440897+05	2026-07-10 03:06:43.440897+05	0	0	0	0	success	\N
1376	17	void_orders	push	2026-07-10 03:06:43.440897+05	2026-07-10 03:06:43.440897+05	0	0	0	0	success	\N
1377	17	void_items	push	2026-07-10 03:06:43.440897+05	2026-07-10 03:06:43.440897+05	0	0	0	0	success	\N
1378	17	uoms	push	2026-07-10 03:06:43.440897+05	2026-07-10 03:06:43.440897+05	0	0	0	0	success	\N
1379	17	price_history	push	2026-07-10 03:06:43.456525+05	2026-07-10 03:06:43.456525+05	0	0	0	0	success	\N
1380	17	item_modifiers	push	2026-07-10 03:06:43.456525+05	2026-07-10 03:06:43.456525+05	0	0	0	0	success	\N
1381	17	item_modifier_groups	push	2026-07-10 03:06:43.456525+05	2026-07-10 03:06:43.456525+05	0	0	0	0	success	\N
1382	17	item_modifier_group_assignments	push	2026-07-10 03:06:43.456525+05	2026-07-10 03:06:43.456525+05	0	0	0	0	success	\N
1383	17	modifier_templates	push	2026-07-10 03:06:43.456525+05	2026-07-10 03:06:43.456525+05	0	0	0	0	success	\N
1384	17	modifier_template_options	push	2026-07-10 03:06:43.456525+05	2026-07-10 03:06:43.456525+05	0	0	0	0	success	\N
1385	17	modifier_group_assignments	push	2026-07-10 03:06:43.456525+05	2026-07-10 03:06:43.456525+05	0	0	0	0	success	\N
1386	17	production_orders	push	2026-07-10 03:06:43.456525+05	2026-07-10 03:06:43.456525+05	0	0	0	0	success	\N
1387	17	production_items	push	2026-07-10 03:06:43.456525+05	2026-07-10 03:06:43.456525+05	0	0	0	0	success	\N
1388	17	production_materials	push	2026-07-10 03:06:43.456525+05	2026-07-10 03:06:43.456525+05	0	0	0	0	success	\N
1389	17	deals	push	2026-07-10 03:06:43.456525+05	2026-07-10 03:06:43.456525+05	0	0	0	0	success	\N
1390	17	deal_items	push	2026-07-10 03:06:43.472145+05	2026-07-10 03:06:43.472145+05	0	0	0	0	success	\N
1391	17	delivery_orders	push	2026-07-10 03:06:43.472145+05	2026-07-10 03:06:43.472145+05	2	2	0	0	success	\N
1392	17	delivery_riders	push	2026-07-10 03:06:43.472145+05	2026-07-10 03:06:43.472145+05	2	2	0	0	success	\N
1393	17	dinein_floors	push	2026-07-10 03:06:43.472145+05	2026-07-10 03:06:43.472145+05	0	0	0	0	success	\N
1394	17	dinein_tables	push	2026-07-10 03:06:43.472145+05	2026-07-10 03:06:43.472145+05	0	0	0	0	success	\N
1395	17	hold_orders	push	2026-07-10 03:06:43.472145+05	2026-07-10 03:06:43.472145+05	0	0	0	0	success	\N
1396	17	hold_items	push	2026-07-10 03:06:43.472145+05	2026-07-10 03:06:43.472145+05	0	0	0	0	success	\N
1397	17	customer_balance_entries	push	2026-07-10 03:06:43.472145+05	2026-07-10 03:06:43.472145+05	0	0	0	0	success	\N
1398	17	cus_outstanding	push	2026-07-10 03:06:43.472145+05	2026-07-10 03:06:43.472145+05	0	0	0	0	success	\N
1399	17	cus_payments	push	2026-07-10 03:06:43.472145+05	2026-07-10 03:06:43.472145+05	0	0	0	0	success	\N
1400	17	supplier_balance_entries	push	2026-07-10 03:06:43.487774+05	2026-07-10 03:06:43.487774+05	0	0	0	0	success	\N
1401	17	sup_outstanding	push	2026-07-10 03:06:43.487774+05	2026-07-10 03:06:43.487774+05	8	8	0	0	success	\N
1402	17	sup_payments	push	2026-07-10 03:06:43.487774+05	2026-07-10 03:06:43.487774+05	0	0	0	0	success	\N
1403	17	fbr_digital	push	2026-07-10 03:06:43.487774+05	2026-07-10 03:06:43.487774+05	0	0	0	0	success	\N
1404	17	fbr_logs	push	2026-07-10 03:06:43.487774+05	2026-07-10 03:06:43.487774+05	0	0	0	0	success	\N
1405	17	kpra_invoices	push	2026-07-10 03:06:43.487774+05	2026-07-10 03:06:43.487774+05	0	0	0	0	success	\N
1406	17	kpra_logs	push	2026-07-10 03:06:43.487774+05	2026-07-10 03:06:43.487774+05	0	0	0	0	success	\N
1407	17	order_takers	push	2026-07-10 03:06:43.487774+05	2026-07-10 03:06:43.487774+05	0	0	0	0	success	\N
1408	17	table_transfer_logs	push	2026-07-10 03:06:43.487774+05	2026-07-10 03:06:43.487774+05	0	0	0	0	success	\N
1409	17	warranties	push	2026-07-10 03:06:43.487774+05	2026-07-10 03:06:43.487774+05	0	0	0	0	success	\N
1410	17	item_serials	push	2026-07-10 03:06:43.503413+05	2026-07-10 03:06:43.503413+05	0	0	0	0	success	\N
1411	17	item_serial_transactions	push	2026-07-10 03:06:43.503413+05	2026-07-10 03:06:43.503413+05	0	0	0	0	success	\N
1412	17	branch_info	pull	2026-07-10 03:06:43.503413+05	2026-07-10 03:06:43.503413+05	0	0	0	0	success	\N
1413	17	stores	pull	2026-07-10 03:06:43.503413+05	2026-07-10 03:06:43.503413+05	0	0	0	0	success	\N
1414	17	items	pull	2026-07-10 03:06:43.503413+05	2026-07-10 03:06:43.503413+05	1153	1153	0	0	success	\N
1415	17	bom_master	pull	2026-07-10 03:06:43.503413+05	2026-07-10 03:06:43.503413+05	90	90	0	0	success	\N
1416	17	bom_components	pull	2026-07-10 03:06:43.503413+05	2026-07-10 03:06:43.503413+05	809	809	0	0	success	\N
1417	17	expense_categories	pull	2026-07-10 03:06:43.503413+05	2026-07-10 03:06:43.503413+05	1	1	0	0	success	\N
1418	17	expense_subcategories	pull	2026-07-10 03:06:43.503413+05	2026-07-10 03:06:43.503413+05	2	2	0	0	success	\N
1419	17	expense_accounts	pull	2026-07-10 03:06:43.503413+05	2026-07-10 03:06:43.503413+05	2	2	0	0	success	\N
1420	17	categories	pull	2026-07-10 03:06:43.519043+05	2026-07-10 03:06:43.519043+05	5	5	0	0	success	\N
1421	17	sub_categories	pull	2026-07-10 03:06:43.519043+05	2026-07-10 03:06:43.519043+05	21	21	0	0	success	\N
1422	17	account_mappings	pull	2026-07-10 03:06:43.519043+05	2026-07-10 03:06:43.519043+05	45	45	0	0	success	\N
1423	17	chart_of_accounts	pull	2026-07-10 03:06:43.519043+05	2026-07-10 03:06:43.519043+05	56	56	0	0	success	\N
1424	17	fiscal_period_setup	pull	2026-07-10 03:06:43.519043+05	2026-07-10 03:06:43.519043+05	1	1	0	0	success	\N
1425	17	fiscal_periods	pull	2026-07-10 03:06:43.519043+05	2026-07-10 03:06:43.519043+05	12	12	0	0	success	\N
1426	17	vendors	pull	2026-07-10 03:06:43.519043+05	2026-07-10 03:06:43.519043+05	0	0	0	0	success	\N
1427	17	bank_accounts	pull	2026-07-10 03:06:43.519043+05	2026-07-10 03:06:43.519043+05	2	2	0	0	success	\N
1428	17	account_types	pull	2026-07-10 03:06:43.519043+05	2026-07-10 03:06:43.519043+05	5	5	0	0	success	\N
1429	17	discounts	pull	2026-07-10 03:06:43.519043+05	2026-07-10 03:06:43.519043+05	0	0	0	0	success	\N
1430	17	discount_categories	pull	2026-07-10 03:06:43.534649+05	2026-07-10 03:06:43.534649+05	0	0	0	0	success	\N
1431	17	void_reasons	pull	2026-07-10 03:06:43.534649+05	2026-07-10 03:06:43.534649+05	1	1	0	0	success	\N
1432	17	card_types	pull	2026-07-10 03:06:43.534649+05	2026-07-10 03:06:43.534649+05	3	3	0	0	success	\N
1433	17	rights	pull	2026-07-10 03:06:43.534649+05	2026-07-10 03:06:43.534649+05	118	118	0	0	success	\N
1434	17	roles	pull	2026-07-10 03:06:43.534649+05	2026-07-10 03:06:43.534649+05	5	5	0	0	success	\N
1435	17	role_rights	pull	2026-07-10 03:06:43.534649+05	2026-07-10 03:06:43.534649+05	150	150	0	0	success	\N
1436	17	users	pull	2026-07-10 03:06:43.534649+05	2026-07-10 03:06:43.534649+05	0	0	0	0	success	\N
1437	17	branch_access	pull	2026-07-10 03:06:43.534649+05	2026-07-10 03:06:43.534649+05	11	11	0	0	success	\N
1438	17	bank_access	pull	2026-07-10 03:06:43.534649+05	2026-07-10 03:06:43.534649+05	0	0	0	0	success	\N
1439	17	quotations	pull	2026-07-10 03:06:43.534649+05	2026-07-10 03:06:43.534649+05	0	0	0	0	success	\N
1440	17	quotation_items	pull	2026-07-10 03:06:43.534649+05	2026-07-10 03:06:43.534649+05	0	0	0	0	success	\N
1441	18	sales	push	2026-07-10 03:12:23.357989+05	2026-07-10 03:12:23.357989+05	299	299	0	0	success	\N
1442	18	sale_items	push	2026-07-10 03:12:23.40488+05	2026-07-10 03:12:23.40488+05	708	708	0	0	success	\N
1443	18	sale_item_modifiers	push	2026-07-10 03:12:23.40488+05	2026-07-10 03:12:23.40488+05	0	0	0	0	success	\N
1444	18	purchases	push	2026-07-10 03:12:23.40488+05	2026-07-10 03:12:23.40488+05	7	7	0	0	success	\N
1445	18	purchase_items	push	2026-07-10 03:12:23.40488+05	2026-07-10 03:12:23.40488+05	26	26	0	0	success	\N
1446	18	purchase_returns	push	2026-07-10 03:12:23.40488+05	2026-07-10 03:12:23.40488+05	0	0	0	0	success	\N
1447	18	purchase_return_items	push	2026-07-10 03:12:23.40488+05	2026-07-10 03:12:23.40488+05	0	0	0	0	success	\N
1448	18	account_transactions	push	2026-07-10 03:12:23.40488+05	2026-07-10 03:12:23.40488+05	300	300	0	0	partial	Synced 300 records with 68 errors
1449	18	sale_returns	push	2026-07-10 03:12:23.40488+05	2026-07-10 03:12:23.40488+05	0	0	0	0	partial	Synced 0 records with 2 errors
1450	18	sale_return_items	push	2026-07-10 03:12:23.420434+05	2026-07-10 03:12:23.420434+05	0	0	0	0	success	\N
1451	18	inventory_movements	push	2026-07-10 03:12:23.420434+05	2026-07-10 03:12:23.420434+05	415	415	0	0	partial	Synced 415 records with 48 errors
1452	18	store_inventory	push	2026-07-10 03:12:23.420434+05	2026-07-10 03:12:23.420434+05	0	0	0	0	success	\N
1453	18	stock_adjustments	push	2026-07-10 03:12:23.420434+05	2026-07-10 03:12:23.420434+05	0	0	0	0	success	\N
1454	18	stock_adjustment_items	push	2026-07-10 03:12:23.420434+05	2026-07-10 03:12:23.420434+05	0	0	0	0	success	\N
1455	18	stock_transfers	push	2026-07-10 03:12:23.420434+05	2026-07-10 03:12:23.420434+05	0	0	0	0	success	\N
1456	18	stock_transfer_items	push	2026-07-10 03:12:23.420434+05	2026-07-10 03:12:23.420434+05	0	0	0	0	success	\N
1457	18	shifts	push	2026-07-10 03:12:23.420434+05	2026-07-10 03:12:23.420434+05	4	4	0	0	success	\N
1458	18	shift_logs	push	2026-07-10 03:12:23.420434+05	2026-07-10 03:12:23.420434+05	0	0	0	0	success	\N
1459	18	journal_entries	push	2026-07-10 03:12:23.420434+05	2026-07-10 03:12:23.420434+05	309	309	0	0	partial	Synced 309 records with 68 errors
1460	18	journal_entry_lines	push	2026-07-10 03:12:23.436084+05	2026-07-10 03:12:23.436084+05	968	968	0	0	partial	Synced 968 records with 225 errors
1461	18	expenses	push	2026-07-10 03:12:23.436084+05	2026-07-10 03:12:23.436084+05	0	0	0	0	success	\N
1462	18	customers	push	2026-07-10 03:12:23.436084+05	2026-07-10 03:12:23.436084+05	19	19	0	0	success	\N
1463	18	customer_categories	push	2026-07-10 03:12:23.436084+05	2026-07-10 03:12:23.436084+05	0	0	0	0	success	\N
1464	18	items	push	2026-07-10 03:12:23.436084+05	2026-07-10 03:12:23.436084+05	0	0	0	0	skipped	Skipped by sync_entity_policies (direction_policy=pull_only)
1465	18	fbr_invoices	push	2026-07-10 03:12:23.436084+05	2026-07-10 03:12:23.436084+05	0	0	0	0	success	\N
1466	18	void_orders	push	2026-07-10 03:12:23.436084+05	2026-07-10 03:12:23.436084+05	0	0	0	0	success	\N
1467	18	void_items	push	2026-07-10 03:12:23.436084+05	2026-07-10 03:12:23.436084+05	0	0	0	0	success	\N
1468	18	uoms	push	2026-07-10 03:12:23.436084+05	2026-07-10 03:12:23.436084+05	0	0	0	0	success	\N
1469	18	price_history	push	2026-07-10 03:12:23.436084+05	2026-07-10 03:12:23.436084+05	0	0	0	0	success	\N
1470	18	item_modifiers	push	2026-07-10 03:12:23.436084+05	2026-07-10 03:12:23.436084+05	0	0	0	0	success	\N
1471	18	item_modifier_groups	push	2026-07-10 03:12:23.436084+05	2026-07-10 03:12:23.436084+05	0	0	0	0	success	\N
1472	18	item_modifier_group_assignments	push	2026-07-10 03:12:23.451687+05	2026-07-10 03:12:23.451687+05	0	0	0	0	success	\N
1473	18	modifier_templates	push	2026-07-10 03:12:23.451687+05	2026-07-10 03:12:23.451687+05	0	0	0	0	success	\N
1474	18	modifier_template_options	push	2026-07-10 03:12:23.451687+05	2026-07-10 03:12:23.451687+05	0	0	0	0	success	\N
1475	18	modifier_group_assignments	push	2026-07-10 03:12:23.451687+05	2026-07-10 03:12:23.451687+05	0	0	0	0	success	\N
1476	18	production_orders	push	2026-07-10 03:12:23.451687+05	2026-07-10 03:12:23.451687+05	0	0	0	0	success	\N
1477	18	production_items	push	2026-07-10 03:12:23.451687+05	2026-07-10 03:12:23.451687+05	0	0	0	0	success	\N
1478	18	production_materials	push	2026-07-10 03:12:23.451687+05	2026-07-10 03:12:23.451687+05	0	0	0	0	success	\N
1479	18	deals	push	2026-07-10 03:12:23.451687+05	2026-07-10 03:12:23.451687+05	0	0	0	0	success	\N
1480	18	deal_items	push	2026-07-10 03:12:23.451687+05	2026-07-10 03:12:23.451687+05	0	0	0	0	success	\N
1481	18	delivery_orders	push	2026-07-10 03:12:23.451687+05	2026-07-10 03:12:23.451687+05	2	2	0	0	success	\N
1482	18	delivery_riders	push	2026-07-10 03:12:23.451687+05	2026-07-10 03:12:23.451687+05	2	2	0	0	success	\N
1483	18	dinein_floors	push	2026-07-10 03:12:23.467333+05	2026-07-10 03:12:23.467333+05	0	0	0	0	success	\N
1484	18	dinein_tables	push	2026-07-10 03:12:23.467333+05	2026-07-10 03:12:23.467333+05	0	0	0	0	success	\N
1485	18	hold_orders	push	2026-07-10 03:12:23.467333+05	2026-07-10 03:12:23.467333+05	0	0	0	0	success	\N
1486	18	hold_items	push	2026-07-10 03:12:23.467333+05	2026-07-10 03:12:23.467333+05	0	0	0	0	success	\N
1487	18	customer_balance_entries	push	2026-07-10 03:12:23.467333+05	2026-07-10 03:12:23.467333+05	0	0	0	0	success	\N
1488	18	cus_outstanding	push	2026-07-10 03:12:23.467333+05	2026-07-10 03:12:23.467333+05	0	0	0	0	success	\N
1489	18	cus_payments	push	2026-07-10 03:12:23.467333+05	2026-07-10 03:12:23.467333+05	0	0	0	0	success	\N
1490	18	supplier_balance_entries	push	2026-07-10 03:12:23.467333+05	2026-07-10 03:12:23.467333+05	0	0	0	0	success	\N
1491	18	sup_outstanding	push	2026-07-10 03:12:23.467333+05	2026-07-10 03:12:23.467333+05	8	8	0	0	success	\N
1492	18	sup_payments	push	2026-07-10 03:12:23.467333+05	2026-07-10 03:12:23.467333+05	0	0	0	0	success	\N
1493	18	fbr_digital	push	2026-07-10 03:12:23.467333+05	2026-07-10 03:12:23.467333+05	0	0	0	0	success	\N
1494	18	fbr_logs	push	2026-07-10 03:12:23.482932+05	2026-07-10 03:12:23.482932+05	0	0	0	0	success	\N
1495	18	kpra_invoices	push	2026-07-10 03:12:23.482932+05	2026-07-10 03:12:23.482932+05	0	0	0	0	success	\N
1496	18	kpra_logs	push	2026-07-10 03:12:23.482932+05	2026-07-10 03:12:23.482932+05	0	0	0	0	success	\N
1497	18	order_takers	push	2026-07-10 03:12:23.482932+05	2026-07-10 03:12:23.482932+05	0	0	0	0	success	\N
1498	18	table_transfer_logs	push	2026-07-10 03:12:23.482932+05	2026-07-10 03:12:23.482932+05	0	0	0	0	success	\N
1499	18	warranties	push	2026-07-10 03:12:23.482932+05	2026-07-10 03:12:23.482932+05	0	0	0	0	success	\N
1500	18	item_serials	push	2026-07-10 03:12:23.482932+05	2026-07-10 03:12:23.482932+05	0	0	0	0	success	\N
1501	18	item_serial_transactions	push	2026-07-10 03:12:23.482932+05	2026-07-10 03:12:23.482932+05	0	0	0	0	success	\N
1502	18	branch_info	pull	2026-07-10 03:12:23.482932+05	2026-07-10 03:12:23.482932+05	0	0	0	0	success	\N
1503	18	stores	pull	2026-07-10 03:12:23.482932+05	2026-07-10 03:12:23.482932+05	0	0	0	0	success	\N
1504	18	items	pull	2026-07-10 03:12:23.482932+05	2026-07-10 03:12:23.482932+05	1153	1153	0	0	success	\N
1505	18	bom_master	pull	2026-07-10 03:12:23.482932+05	2026-07-10 03:12:23.482932+05	90	90	0	0	success	\N
1506	18	bom_components	pull	2026-07-10 03:12:23.482932+05	2026-07-10 03:12:23.482932+05	809	809	0	0	success	\N
1507	18	expense_categories	pull	2026-07-10 03:12:23.498559+05	2026-07-10 03:12:23.498559+05	1	1	0	0	success	\N
1508	18	expense_subcategories	pull	2026-07-10 03:12:23.498559+05	2026-07-10 03:12:23.498559+05	2	2	0	0	success	\N
1509	18	expense_accounts	pull	2026-07-10 03:12:23.498559+05	2026-07-10 03:12:23.498559+05	2	2	0	0	success	\N
1510	18	categories	pull	2026-07-10 03:12:23.498559+05	2026-07-10 03:12:23.498559+05	5	5	0	0	success	\N
1511	18	sub_categories	pull	2026-07-10 03:12:23.498559+05	2026-07-10 03:12:23.498559+05	21	21	0	0	success	\N
1512	18	account_mappings	pull	2026-07-10 03:12:23.498559+05	2026-07-10 03:12:23.498559+05	45	45	0	0	success	\N
1513	18	chart_of_accounts	pull	2026-07-10 03:12:23.498559+05	2026-07-10 03:12:23.498559+05	56	56	0	0	success	\N
1514	18	fiscal_period_setup	pull	2026-07-10 03:12:23.498559+05	2026-07-10 03:12:23.498559+05	1	1	0	0	success	\N
1515	18	fiscal_periods	pull	2026-07-10 03:12:23.498559+05	2026-07-10 03:12:23.498559+05	12	12	0	0	success	\N
1516	18	vendors	pull	2026-07-10 03:12:23.498559+05	2026-07-10 03:12:23.498559+05	0	0	0	0	success	\N
1517	18	bank_accounts	pull	2026-07-10 03:12:23.498559+05	2026-07-10 03:12:23.498559+05	2	2	0	0	success	\N
1518	18	account_types	pull	2026-07-10 03:12:23.498559+05	2026-07-10 03:12:23.498559+05	5	5	0	0	success	\N
1519	18	discounts	pull	2026-07-10 03:12:23.514182+05	2026-07-10 03:12:23.514182+05	0	0	0	0	success	\N
1520	18	discount_categories	pull	2026-07-10 03:12:23.514182+05	2026-07-10 03:12:23.514182+05	0	0	0	0	success	\N
1521	18	void_reasons	pull	2026-07-10 03:12:23.514182+05	2026-07-10 03:12:23.514182+05	1	1	0	0	success	\N
1522	18	card_types	pull	2026-07-10 03:12:23.514182+05	2026-07-10 03:12:23.514182+05	3	3	0	0	success	\N
1523	18	rights	pull	2026-07-10 03:12:23.514182+05	2026-07-10 03:12:23.514182+05	118	118	0	0	success	\N
1524	18	roles	pull	2026-07-10 03:12:23.514182+05	2026-07-10 03:12:23.514182+05	5	5	0	0	success	\N
1525	18	role_rights	pull	2026-07-10 03:12:23.514182+05	2026-07-10 03:12:23.514182+05	150	150	0	0	success	\N
1526	18	users	pull	2026-07-10 03:12:23.514182+05	2026-07-10 03:12:23.514182+05	0	0	0	0	success	\N
1527	18	branch_access	pull	2026-07-10 03:12:23.514182+05	2026-07-10 03:12:23.514182+05	11	11	0	0	success	\N
1528	18	bank_access	pull	2026-07-10 03:12:23.514182+05	2026-07-10 03:12:23.514182+05	0	0	0	0	success	\N
1529	18	quotations	pull	2026-07-10 03:12:23.514182+05	2026-07-10 03:12:23.514182+05	0	0	0	0	success	\N
1530	18	quotation_items	pull	2026-07-10 03:12:23.514182+05	2026-07-10 03:12:23.514182+05	0	0	0	0	success	\N
1531	19	sales	push	2026-07-10 03:18:01.915657+05	2026-07-10 03:18:01.915657+05	299	299	0	0	success	\N
1532	19	sale_items	push	2026-07-10 03:18:01.946875+05	2026-07-10 03:18:01.946875+05	708	708	0	0	success	\N
1533	19	sale_item_modifiers	push	2026-07-10 03:18:01.946875+05	2026-07-10 03:18:01.946875+05	0	0	0	0	success	\N
1534	19	purchases	push	2026-07-10 03:18:01.946875+05	2026-07-10 03:18:01.946875+05	7	7	0	0	success	\N
1535	19	purchase_items	push	2026-07-10 03:18:01.962502+05	2026-07-10 03:18:01.962502+05	26	26	0	0	success	\N
1536	19	purchase_returns	push	2026-07-10 03:18:01.962502+05	2026-07-10 03:18:01.962502+05	0	0	0	0	success	\N
1537	19	purchase_return_items	push	2026-07-10 03:18:01.962502+05	2026-07-10 03:18:01.962502+05	0	0	0	0	success	\N
1538	19	account_transactions	push	2026-07-10 03:18:01.962502+05	2026-07-10 03:18:01.962502+05	300	300	0	0	partial	Synced 300 records with 68 errors
1539	19	sale_returns	push	2026-07-10 03:18:01.962502+05	2026-07-10 03:18:01.962502+05	0	0	0	0	partial	Synced 0 records with 2 errors
1540	19	sale_return_items	push	2026-07-10 03:18:01.962502+05	2026-07-10 03:18:01.962502+05	0	0	0	0	success	\N
1541	19	inventory_movements	push	2026-07-10 03:18:01.962502+05	2026-07-10 03:18:01.962502+05	415	415	0	0	partial	Synced 415 records with 48 errors
1542	19	store_inventory	push	2026-07-10 03:18:01.962502+05	2026-07-10 03:18:01.962502+05	0	0	0	0	success	\N
1543	19	stock_adjustments	push	2026-07-10 03:18:01.978131+05	2026-07-10 03:18:01.978131+05	0	0	0	0	success	\N
1544	19	stock_adjustment_items	push	2026-07-10 03:18:01.978131+05	2026-07-10 03:18:01.978131+05	0	0	0	0	success	\N
1545	19	stock_transfers	push	2026-07-10 03:18:01.978131+05	2026-07-10 03:18:01.978131+05	0	0	0	0	success	\N
1546	19	stock_transfer_items	push	2026-07-10 03:18:01.978131+05	2026-07-10 03:18:01.978131+05	0	0	0	0	success	\N
1547	19	shifts	push	2026-07-10 03:18:01.978131+05	2026-07-10 03:18:01.978131+05	4	4	0	0	success	\N
1548	19	shift_logs	push	2026-07-10 03:18:01.978131+05	2026-07-10 03:18:01.978131+05	0	0	0	0	success	\N
1549	19	journal_entries	push	2026-07-10 03:18:01.978131+05	2026-07-10 03:18:01.978131+05	309	309	0	0	partial	Synced 309 records with 68 errors
1550	19	journal_entry_lines	push	2026-07-10 03:18:01.978131+05	2026-07-10 03:18:01.978131+05	968	968	0	0	partial	Synced 968 records with 225 errors
1551	19	expenses	push	2026-07-10 03:18:01.978131+05	2026-07-10 03:18:01.978131+05	0	0	0	0	success	\N
1552	19	customers	push	2026-07-10 03:18:01.978131+05	2026-07-10 03:18:01.978131+05	19	19	0	0	success	\N
1553	19	customer_categories	push	2026-07-10 03:18:01.978131+05	2026-07-10 03:18:01.978131+05	0	0	0	0	success	\N
1554	19	items	push	2026-07-10 03:18:01.993742+05	2026-07-10 03:18:01.993742+05	0	0	0	0	skipped	Skipped by sync_entity_policies (direction_policy=pull_only)
1555	19	fbr_invoices	push	2026-07-10 03:18:01.993742+05	2026-07-10 03:18:01.993742+05	0	0	0	0	success	\N
1556	19	void_orders	push	2026-07-10 03:18:01.993742+05	2026-07-10 03:18:01.993742+05	0	0	0	0	success	\N
1557	19	void_items	push	2026-07-10 03:18:01.993742+05	2026-07-10 03:18:01.993742+05	0	0	0	0	success	\N
1558	19	uoms	push	2026-07-10 03:18:01.993742+05	2026-07-10 03:18:01.993742+05	0	0	0	0	success	\N
1559	19	price_history	push	2026-07-10 03:18:01.993742+05	2026-07-10 03:18:01.993742+05	0	0	0	0	success	\N
1560	19	item_modifiers	push	2026-07-10 03:18:01.993742+05	2026-07-10 03:18:01.993742+05	0	0	0	0	success	\N
1561	19	item_modifier_groups	push	2026-07-10 03:18:01.993742+05	2026-07-10 03:18:01.993742+05	0	0	0	0	success	\N
1562	19	item_modifier_group_assignments	push	2026-07-10 03:18:01.993742+05	2026-07-10 03:18:01.993742+05	0	0	0	0	success	\N
1563	19	modifier_templates	push	2026-07-10 03:18:01.993742+05	2026-07-10 03:18:01.993742+05	0	0	0	0	success	\N
1564	19	modifier_template_options	push	2026-07-10 03:18:01.993742+05	2026-07-10 03:18:01.993742+05	0	0	0	0	success	\N
1565	19	modifier_group_assignments	push	2026-07-10 03:18:02.009381+05	2026-07-10 03:18:02.009381+05	0	0	0	0	success	\N
1566	19	production_orders	push	2026-07-10 03:18:02.009381+05	2026-07-10 03:18:02.009381+05	0	0	0	0	success	\N
1567	19	production_items	push	2026-07-10 03:18:02.009381+05	2026-07-10 03:18:02.009381+05	0	0	0	0	success	\N
1568	19	production_materials	push	2026-07-10 03:18:02.009381+05	2026-07-10 03:18:02.009381+05	0	0	0	0	success	\N
1569	19	deals	push	2026-07-10 03:18:02.009381+05	2026-07-10 03:18:02.009381+05	0	0	0	0	success	\N
1570	19	deal_items	push	2026-07-10 03:18:02.009381+05	2026-07-10 03:18:02.009381+05	0	0	0	0	success	\N
1571	19	delivery_orders	push	2026-07-10 03:18:02.009381+05	2026-07-10 03:18:02.009381+05	2	2	0	0	success	\N
1572	19	delivery_riders	push	2026-07-10 03:18:02.009381+05	2026-07-10 03:18:02.009381+05	2	2	0	0	success	\N
1573	19	dinein_floors	push	2026-07-10 03:18:02.009381+05	2026-07-10 03:18:02.009381+05	0	0	0	0	success	\N
1574	19	dinein_tables	push	2026-07-10 03:18:02.009381+05	2026-07-10 03:18:02.009381+05	0	0	0	0	success	\N
1575	19	hold_orders	push	2026-07-10 03:18:02.024992+05	2026-07-10 03:18:02.024992+05	0	0	0	0	success	\N
1576	19	hold_items	push	2026-07-10 03:18:02.024992+05	2026-07-10 03:18:02.024992+05	0	0	0	0	success	\N
1577	19	customer_balance_entries	push	2026-07-10 03:18:02.024992+05	2026-07-10 03:18:02.024992+05	0	0	0	0	success	\N
1578	19	cus_outstanding	push	2026-07-10 03:18:02.024992+05	2026-07-10 03:18:02.024992+05	0	0	0	0	success	\N
1579	19	cus_payments	push	2026-07-10 03:18:02.024992+05	2026-07-10 03:18:02.024992+05	0	0	0	0	success	\N
1580	19	supplier_balance_entries	push	2026-07-10 03:18:02.024992+05	2026-07-10 03:18:02.024992+05	0	0	0	0	success	\N
1581	19	sup_outstanding	push	2026-07-10 03:18:02.024992+05	2026-07-10 03:18:02.024992+05	8	8	0	0	success	\N
1582	19	sup_payments	push	2026-07-10 03:18:02.024992+05	2026-07-10 03:18:02.024992+05	0	0	0	0	success	\N
1583	19	fbr_digital	push	2026-07-10 03:18:02.024992+05	2026-07-10 03:18:02.024992+05	0	0	0	0	success	\N
1584	19	fbr_logs	push	2026-07-10 03:18:02.024992+05	2026-07-10 03:18:02.024992+05	0	0	0	0	success	\N
1585	19	kpra_invoices	push	2026-07-10 03:18:02.024992+05	2026-07-10 03:18:02.024992+05	0	0	0	0	success	\N
1586	19	kpra_logs	push	2026-07-10 03:18:02.040615+05	2026-07-10 03:18:02.040615+05	0	0	0	0	success	\N
1587	19	order_takers	push	2026-07-10 03:18:02.040615+05	2026-07-10 03:18:02.040615+05	0	0	0	0	success	\N
1588	19	table_transfer_logs	push	2026-07-10 03:18:02.040615+05	2026-07-10 03:18:02.040615+05	0	0	0	0	success	\N
1589	19	warranties	push	2026-07-10 03:18:02.040615+05	2026-07-10 03:18:02.040615+05	0	0	0	0	success	\N
1590	19	item_serials	push	2026-07-10 03:18:02.040615+05	2026-07-10 03:18:02.040615+05	0	0	0	0	success	\N
1591	19	item_serial_transactions	push	2026-07-10 03:18:02.040615+05	2026-07-10 03:18:02.040615+05	0	0	0	0	success	\N
1592	19	branch_info	pull	2026-07-10 03:18:02.040615+05	2026-07-10 03:18:02.040615+05	0	0	0	0	success	\N
1593	19	stores	pull	2026-07-10 03:18:02.040615+05	2026-07-10 03:18:02.040615+05	0	0	0	0	success	\N
1594	19	items	pull	2026-07-10 03:18:02.040615+05	2026-07-10 03:18:02.040615+05	1153	1153	0	0	success	\N
1595	19	bom_master	pull	2026-07-10 03:18:02.040615+05	2026-07-10 03:18:02.040615+05	90	90	0	0	success	\N
1596	19	bom_components	pull	2026-07-10 03:18:02.056244+05	2026-07-10 03:18:02.056244+05	809	809	0	0	success	\N
1597	19	expense_categories	pull	2026-07-10 03:18:02.056244+05	2026-07-10 03:18:02.056244+05	1	1	0	0	success	\N
1598	19	expense_subcategories	pull	2026-07-10 03:18:02.056244+05	2026-07-10 03:18:02.056244+05	2	2	0	0	success	\N
1599	19	expense_accounts	pull	2026-07-10 03:18:02.056244+05	2026-07-10 03:18:02.056244+05	2	2	0	0	success	\N
1600	19	categories	pull	2026-07-10 03:18:02.056244+05	2026-07-10 03:18:02.056244+05	5	5	0	0	success	\N
1601	19	sub_categories	pull	2026-07-10 03:18:02.056244+05	2026-07-10 03:18:02.056244+05	21	21	0	0	success	\N
1602	19	account_mappings	pull	2026-07-10 03:18:02.056244+05	2026-07-10 03:18:02.056244+05	45	45	0	0	success	\N
1603	19	chart_of_accounts	pull	2026-07-10 03:18:02.056244+05	2026-07-10 03:18:02.056244+05	56	56	0	0	success	\N
1604	19	fiscal_period_setup	pull	2026-07-10 03:18:02.056244+05	2026-07-10 03:18:02.056244+05	1	1	0	0	success	\N
1605	19	fiscal_periods	pull	2026-07-10 03:18:02.056244+05	2026-07-10 03:18:02.056244+05	12	12	0	0	success	\N
1606	19	vendors	pull	2026-07-10 03:18:02.056244+05	2026-07-10 03:18:02.056244+05	0	0	0	0	success	\N
1607	19	bank_accounts	pull	2026-07-10 03:18:02.071866+05	2026-07-10 03:18:02.071866+05	2	2	0	0	success	\N
1608	19	account_types	pull	2026-07-10 03:18:02.071866+05	2026-07-10 03:18:02.071866+05	5	5	0	0	success	\N
1609	19	discounts	pull	2026-07-10 03:18:02.071866+05	2026-07-10 03:18:02.071866+05	0	0	0	0	success	\N
1610	19	discount_categories	pull	2026-07-10 03:18:02.071866+05	2026-07-10 03:18:02.071866+05	0	0	0	0	success	\N
1611	19	void_reasons	pull	2026-07-10 03:18:02.071866+05	2026-07-10 03:18:02.071866+05	1	1	0	0	success	\N
1612	19	card_types	pull	2026-07-10 03:18:02.071866+05	2026-07-10 03:18:02.071866+05	3	3	0	0	success	\N
1613	19	rights	pull	2026-07-10 03:18:02.071866+05	2026-07-10 03:18:02.071866+05	118	118	0	0	success	\N
1614	19	roles	pull	2026-07-10 03:18:02.071866+05	2026-07-10 03:18:02.071866+05	5	5	0	0	success	\N
1615	19	role_rights	pull	2026-07-10 03:18:02.071866+05	2026-07-10 03:18:02.071866+05	150	150	0	0	success	\N
1616	19	users	pull	2026-07-10 03:18:02.071866+05	2026-07-10 03:18:02.071866+05	0	0	0	0	success	\N
1617	19	branch_access	pull	2026-07-10 03:18:02.071866+05	2026-07-10 03:18:02.071866+05	11	11	0	0	success	\N
1618	19	bank_access	pull	2026-07-10 03:18:02.08749+05	2026-07-10 03:18:02.08749+05	0	0	0	0	success	\N
1619	19	quotations	pull	2026-07-10 03:18:02.08749+05	2026-07-10 03:18:02.08749+05	0	0	0	0	success	\N
1620	19	quotation_items	pull	2026-07-10 03:18:02.08749+05	2026-07-10 03:18:02.08749+05	0	0	0	0	success	\N
1621	20	sales	push	2026-07-10 03:26:14.17428+05	2026-07-10 03:26:14.17428+05	299	299	0	0	success	\N
1622	20	sale_items	push	2026-07-10 03:26:14.221125+05	2026-07-10 03:26:14.221125+05	708	708	0	0	success	\N
1623	20	sale_item_modifiers	push	2026-07-10 03:26:14.221125+05	2026-07-10 03:26:14.221125+05	0	0	0	0	success	\N
1624	20	purchases	push	2026-07-10 03:26:14.221125+05	2026-07-10 03:26:14.221125+05	7	7	0	0	success	\N
1625	20	purchase_items	push	2026-07-10 03:26:14.221125+05	2026-07-10 03:26:14.221125+05	26	26	0	0	success	\N
1626	20	purchase_returns	push	2026-07-10 03:26:14.221125+05	2026-07-10 03:26:14.221125+05	0	0	0	0	success	\N
1627	20	purchase_return_items	push	2026-07-10 03:26:14.236739+05	2026-07-10 03:26:14.236739+05	0	0	0	0	success	\N
1628	20	account_transactions	push	2026-07-10 03:26:14.236739+05	2026-07-10 03:26:14.236739+05	300	300	0	0	partial	Synced 300 records with 68 errors
1629	20	sale_returns	push	2026-07-10 03:26:14.236739+05	2026-07-10 03:26:14.236739+05	0	0	0	0	partial	Synced 0 records with 2 errors
1630	20	sale_return_items	push	2026-07-10 03:26:14.236739+05	2026-07-10 03:26:14.236739+05	0	0	0	0	success	\N
1631	20	inventory_movements	push	2026-07-10 03:26:14.236739+05	2026-07-10 03:26:14.236739+05	415	415	0	0	partial	Synced 415 records with 48 errors
1632	20	store_inventory	push	2026-07-10 03:26:14.236739+05	2026-07-10 03:26:14.236739+05	0	0	0	0	success	\N
1633	20	stock_adjustments	push	2026-07-10 03:26:14.236739+05	2026-07-10 03:26:14.236739+05	0	0	0	0	success	\N
1634	20	stock_adjustment_items	push	2026-07-10 03:26:14.236739+05	2026-07-10 03:26:14.236739+05	0	0	0	0	success	\N
1635	20	stock_transfers	push	2026-07-10 03:26:14.236739+05	2026-07-10 03:26:14.236739+05	0	0	0	0	success	\N
1636	20	stock_transfer_items	push	2026-07-10 03:26:14.236739+05	2026-07-10 03:26:14.236739+05	0	0	0	0	success	\N
1637	20	shifts	push	2026-07-10 03:26:14.252368+05	2026-07-10 03:26:14.252368+05	4	4	0	0	success	\N
1638	20	shift_logs	push	2026-07-10 03:26:14.252368+05	2026-07-10 03:26:14.252368+05	0	0	0	0	success	\N
1639	20	journal_entries	push	2026-07-10 03:26:14.252368+05	2026-07-10 03:26:14.252368+05	309	309	0	0	partial	Synced 309 records with 68 errors
1640	20	journal_entry_lines	push	2026-07-10 03:26:14.252368+05	2026-07-10 03:26:14.252368+05	968	968	0	0	partial	Synced 968 records with 225 errors
1641	20	expenses	push	2026-07-10 03:26:14.252368+05	2026-07-10 03:26:14.252368+05	0	0	0	0	success	\N
1642	20	customers	push	2026-07-10 03:26:14.252368+05	2026-07-10 03:26:14.252368+05	19	19	0	0	success	\N
1643	20	customer_categories	push	2026-07-10 03:26:14.252368+05	2026-07-10 03:26:14.252368+05	0	0	0	0	success	\N
1644	20	items	push	2026-07-10 03:26:14.252368+05	2026-07-10 03:26:14.252368+05	0	0	0	0	skipped	Skipped by sync_entity_policies (direction_policy=pull_only)
1645	20	fbr_invoices	push	2026-07-10 03:26:14.252368+05	2026-07-10 03:26:14.252368+05	0	0	0	0	success	\N
1646	20	void_orders	push	2026-07-10 03:26:14.252368+05	2026-07-10 03:26:14.252368+05	0	0	0	0	success	\N
1647	20	void_items	push	2026-07-10 03:26:14.267989+05	2026-07-10 03:26:14.267989+05	0	0	0	0	success	\N
1648	20	uoms	push	2026-07-10 03:26:14.267989+05	2026-07-10 03:26:14.267989+05	0	0	0	0	success	\N
1649	20	price_history	push	2026-07-10 03:26:14.267989+05	2026-07-10 03:26:14.267989+05	0	0	0	0	success	\N
1650	20	item_modifiers	push	2026-07-10 03:26:14.267989+05	2026-07-10 03:26:14.267989+05	0	0	0	0	success	\N
1651	20	item_modifier_groups	push	2026-07-10 03:26:14.267989+05	2026-07-10 03:26:14.267989+05	0	0	0	0	success	\N
1652	20	item_modifier_group_assignments	push	2026-07-10 03:26:14.267989+05	2026-07-10 03:26:14.267989+05	0	0	0	0	success	\N
1653	20	modifier_templates	push	2026-07-10 03:26:14.267989+05	2026-07-10 03:26:14.267989+05	0	0	0	0	success	\N
1654	20	modifier_template_options	push	2026-07-10 03:26:14.267989+05	2026-07-10 03:26:14.267989+05	0	0	0	0	success	\N
1655	20	modifier_group_assignments	push	2026-07-10 03:26:14.267989+05	2026-07-10 03:26:14.267989+05	0	0	0	0	success	\N
1656	20	production_orders	push	2026-07-10 03:26:14.267989+05	2026-07-10 03:26:14.267989+05	0	0	0	0	success	\N
1657	20	production_items	push	2026-07-10 03:26:14.283614+05	2026-07-10 03:26:14.283614+05	0	0	0	0	success	\N
1658	20	production_materials	push	2026-07-10 03:26:14.283614+05	2026-07-10 03:26:14.283614+05	0	0	0	0	success	\N
1659	20	deals	push	2026-07-10 03:26:14.283614+05	2026-07-10 03:26:14.283614+05	0	0	0	0	success	\N
1660	20	deal_items	push	2026-07-10 03:26:14.283614+05	2026-07-10 03:26:14.283614+05	0	0	0	0	success	\N
1661	20	delivery_orders	push	2026-07-10 03:26:14.283614+05	2026-07-10 03:26:14.283614+05	2	2	0	0	success	\N
1662	20	delivery_riders	push	2026-07-10 03:26:14.283614+05	2026-07-10 03:26:14.283614+05	2	2	0	0	success	\N
1663	20	dinein_floors	push	2026-07-10 03:26:14.283614+05	2026-07-10 03:26:14.283614+05	0	0	0	0	success	\N
1664	20	dinein_tables	push	2026-07-10 03:26:14.283614+05	2026-07-10 03:26:14.283614+05	0	0	0	0	success	\N
1665	20	hold_orders	push	2026-07-10 03:26:14.283614+05	2026-07-10 03:26:14.283614+05	0	0	0	0	success	\N
1666	20	hold_items	push	2026-07-10 03:26:14.283614+05	2026-07-10 03:26:14.283614+05	0	0	0	0	success	\N
1667	20	customer_balance_entries	push	2026-07-10 03:26:14.283614+05	2026-07-10 03:26:14.283614+05	0	0	0	0	success	\N
1668	20	cus_outstanding	push	2026-07-10 03:26:14.299238+05	2026-07-10 03:26:14.299238+05	0	0	0	0	success	\N
1669	20	cus_payments	push	2026-07-10 03:26:14.299238+05	2026-07-10 03:26:14.299238+05	0	0	0	0	success	\N
1670	20	supplier_balance_entries	push	2026-07-10 03:26:14.299238+05	2026-07-10 03:26:14.299238+05	0	0	0	0	success	\N
1671	20	sup_outstanding	push	2026-07-10 03:26:14.299238+05	2026-07-10 03:26:14.299238+05	8	8	0	0	success	\N
1672	20	sup_payments	push	2026-07-10 03:26:14.299238+05	2026-07-10 03:26:14.299238+05	0	0	0	0	success	\N
1673	20	fbr_digital	push	2026-07-10 03:26:14.299238+05	2026-07-10 03:26:14.299238+05	0	0	0	0	success	\N
1674	20	fbr_logs	push	2026-07-10 03:26:14.299238+05	2026-07-10 03:26:14.299238+05	0	0	0	0	success	\N
1675	20	kpra_invoices	push	2026-07-10 03:26:14.299238+05	2026-07-10 03:26:14.299238+05	0	0	0	0	success	\N
1676	20	kpra_logs	push	2026-07-10 03:26:14.299238+05	2026-07-10 03:26:14.299238+05	0	0	0	0	success	\N
1677	20	order_takers	push	2026-07-10 03:26:14.299238+05	2026-07-10 03:26:14.299238+05	0	0	0	0	success	\N
1678	20	table_transfer_logs	push	2026-07-10 03:26:14.314864+05	2026-07-10 03:26:14.314864+05	0	0	0	0	success	\N
1679	20	warranties	push	2026-07-10 03:26:14.314864+05	2026-07-10 03:26:14.314864+05	0	0	0	0	success	\N
1680	20	item_serials	push	2026-07-10 03:26:14.314864+05	2026-07-10 03:26:14.314864+05	0	0	0	0	success	\N
1681	20	item_serial_transactions	push	2026-07-10 03:26:14.314864+05	2026-07-10 03:26:14.314864+05	0	0	0	0	success	\N
1682	20	branch_info	pull	2026-07-10 03:26:14.314864+05	2026-07-10 03:26:14.314864+05	0	0	0	0	success	\N
1683	20	stores	pull	2026-07-10 03:26:14.314864+05	2026-07-10 03:26:14.314864+05	0	0	0	0	success	\N
1684	20	items	pull	2026-07-10 03:26:14.314864+05	2026-07-10 03:26:14.314864+05	1153	1153	0	0	success	\N
1685	20	bom_master	pull	2026-07-10 03:26:14.314864+05	2026-07-10 03:26:14.314864+05	90	90	0	0	success	\N
1686	20	bom_components	pull	2026-07-10 03:26:14.314864+05	2026-07-10 03:26:14.314864+05	809	809	0	0	success	\N
1687	20	expense_categories	pull	2026-07-10 03:26:14.314864+05	2026-07-10 03:26:14.314864+05	1	1	0	0	success	\N
1688	20	expense_subcategories	pull	2026-07-10 03:26:14.330487+05	2026-07-10 03:26:14.330487+05	2	2	0	0	success	\N
1689	20	expense_accounts	pull	2026-07-10 03:26:14.330487+05	2026-07-10 03:26:14.330487+05	2	2	0	0	success	\N
1690	20	categories	pull	2026-07-10 03:26:14.330487+05	2026-07-10 03:26:14.330487+05	5	5	0	0	success	\N
1691	20	sub_categories	pull	2026-07-10 03:26:14.330487+05	2026-07-10 03:26:14.330487+05	21	21	0	0	success	\N
1692	20	account_mappings	pull	2026-07-10 03:26:14.330487+05	2026-07-10 03:26:14.330487+05	45	45	0	0	success	\N
1693	20	chart_of_accounts	pull	2026-07-10 03:26:14.330487+05	2026-07-10 03:26:14.330487+05	56	56	0	0	success	\N
1694	20	fiscal_period_setup	pull	2026-07-10 03:26:14.330487+05	2026-07-10 03:26:14.330487+05	1	1	0	0	success	\N
1695	20	fiscal_periods	pull	2026-07-10 03:26:14.330487+05	2026-07-10 03:26:14.330487+05	12	12	0	0	success	\N
1696	20	vendors	pull	2026-07-10 03:26:14.330487+05	2026-07-10 03:26:14.330487+05	0	0	0	0	success	\N
1697	20	bank_accounts	pull	2026-07-10 03:26:14.346124+05	2026-07-10 03:26:14.346124+05	2	2	0	0	success	\N
1698	20	account_types	pull	2026-07-10 03:26:14.346124+05	2026-07-10 03:26:14.346124+05	5	5	0	0	success	\N
1699	20	discounts	pull	2026-07-10 03:26:14.346124+05	2026-07-10 03:26:14.346124+05	0	0	0	0	success	\N
1700	20	discount_categories	pull	2026-07-10 03:26:14.346124+05	2026-07-10 03:26:14.346124+05	0	0	0	0	success	\N
1701	20	void_reasons	pull	2026-07-10 03:26:14.346124+05	2026-07-10 03:26:14.346124+05	1	1	0	0	success	\N
1702	20	card_types	pull	2026-07-10 03:26:14.346124+05	2026-07-10 03:26:14.346124+05	3	3	0	0	success	\N
1703	20	rights	pull	2026-07-10 03:26:14.346124+05	2026-07-10 03:26:14.346124+05	118	118	0	0	success	\N
1704	20	roles	pull	2026-07-10 03:26:14.346124+05	2026-07-10 03:26:14.346124+05	5	5	0	0	success	\N
1705	20	role_rights	pull	2026-07-10 03:26:14.346124+05	2026-07-10 03:26:14.346124+05	150	150	0	0	success	\N
1706	20	users	pull	2026-07-10 03:26:14.346124+05	2026-07-10 03:26:14.346124+05	0	0	0	0	success	\N
1707	20	branch_access	pull	2026-07-10 03:26:14.361738+05	2026-07-10 03:26:14.361738+05	11	11	0	0	success	\N
1708	20	bank_access	pull	2026-07-10 03:26:14.361738+05	2026-07-10 03:26:14.361738+05	0	0	0	0	success	\N
1709	20	quotations	pull	2026-07-10 03:26:14.361738+05	2026-07-10 03:26:14.361738+05	0	0	0	0	success	\N
1710	20	quotation_items	pull	2026-07-10 03:26:14.361738+05	2026-07-10 03:26:14.361738+05	0	0	0	0	success	\N
1711	21	sales	push	2026-07-10 03:32:22.090889+05	2026-07-10 03:32:22.090889+05	299	299	0	0	success	\N
1712	21	sale_items	push	2026-07-10 03:32:22.12213+05	2026-07-10 03:32:22.12213+05	708	708	0	0	success	\N
1713	21	sale_item_modifiers	push	2026-07-10 03:32:22.12213+05	2026-07-10 03:32:22.12213+05	0	0	0	0	success	\N
1714	21	purchases	push	2026-07-10 03:32:22.12213+05	2026-07-10 03:32:22.12213+05	7	7	0	0	success	\N
1715	21	purchase_items	push	2026-07-10 03:32:22.12213+05	2026-07-10 03:32:22.12213+05	26	26	0	0	success	\N
1716	21	purchase_returns	push	2026-07-10 03:32:22.12213+05	2026-07-10 03:32:22.12213+05	0	0	0	0	success	\N
1717	21	purchase_return_items	push	2026-07-10 03:32:22.12213+05	2026-07-10 03:32:22.12213+05	0	0	0	0	success	\N
1718	21	account_transactions	push	2026-07-10 03:32:22.12213+05	2026-07-10 03:32:22.12213+05	300	300	0	0	partial	Synced 300 records with 68 errors
1719	21	sale_returns	push	2026-07-10 03:32:22.137781+05	2026-07-10 03:32:22.137781+05	0	0	0	0	partial	Synced 0 records with 2 errors
1720	21	sale_return_items	push	2026-07-10 03:32:22.137781+05	2026-07-10 03:32:22.137781+05	0	0	0	0	success	\N
1721	21	inventory_movements	push	2026-07-10 03:32:22.137781+05	2026-07-10 03:32:22.137781+05	415	415	0	0	partial	Synced 415 records with 48 errors
1722	21	store_inventory	push	2026-07-10 03:32:22.137781+05	2026-07-10 03:32:22.137781+05	0	0	0	0	success	\N
1723	21	stock_adjustments	push	2026-07-10 03:32:22.137781+05	2026-07-10 03:32:22.137781+05	0	0	0	0	success	\N
1724	21	stock_adjustment_items	push	2026-07-10 03:32:22.137781+05	2026-07-10 03:32:22.137781+05	0	0	0	0	success	\N
1725	21	stock_transfers	push	2026-07-10 03:32:22.137781+05	2026-07-10 03:32:22.137781+05	0	0	0	0	success	\N
1726	21	stock_transfer_items	push	2026-07-10 03:32:22.137781+05	2026-07-10 03:32:22.137781+05	0	0	0	0	success	\N
1727	21	shifts	push	2026-07-10 03:32:22.137781+05	2026-07-10 03:32:22.137781+05	4	4	0	0	success	\N
1728	21	shift_logs	push	2026-07-10 03:32:22.137781+05	2026-07-10 03:32:22.137781+05	0	0	0	0	success	\N
1729	21	journal_entries	push	2026-07-10 03:32:22.137781+05	2026-07-10 03:32:22.137781+05	309	309	0	0	partial	Synced 309 records with 68 errors
1730	21	journal_entry_lines	push	2026-07-10 03:32:22.153384+05	2026-07-10 03:32:22.153384+05	968	968	0	0	partial	Synced 968 records with 225 errors
1731	21	expenses	push	2026-07-10 03:32:22.153384+05	2026-07-10 03:32:22.153384+05	0	0	0	0	success	\N
1732	21	customers	push	2026-07-10 03:32:22.153384+05	2026-07-10 03:32:22.153384+05	19	19	0	0	success	\N
1733	21	customer_categories	push	2026-07-10 03:32:22.153384+05	2026-07-10 03:32:22.153384+05	0	0	0	0	success	\N
1734	21	items	push	2026-07-10 03:32:22.153384+05	2026-07-10 03:32:22.153384+05	0	0	0	0	skipped	Skipped by sync_entity_policies (direction_policy=pull_only)
1735	21	fbr_invoices	push	2026-07-10 03:32:22.153384+05	2026-07-10 03:32:22.153384+05	0	0	0	0	success	\N
1736	21	void_orders	push	2026-07-10 03:32:22.153384+05	2026-07-10 03:32:22.153384+05	0	0	0	0	success	\N
1737	21	void_items	push	2026-07-10 03:32:22.153384+05	2026-07-10 03:32:22.153384+05	0	0	0	0	success	\N
1738	21	uoms	push	2026-07-10 03:32:22.153384+05	2026-07-10 03:32:22.153384+05	0	0	0	0	success	\N
1739	21	price_history	push	2026-07-10 03:32:22.153384+05	2026-07-10 03:32:22.153384+05	0	0	0	0	success	\N
1740	21	item_modifiers	push	2026-07-10 03:32:22.153384+05	2026-07-10 03:32:22.153384+05	0	0	0	0	success	\N
1741	21	item_modifier_groups	push	2026-07-10 03:32:22.153384+05	2026-07-10 03:32:22.153384+05	0	0	0	0	success	\N
1742	21	item_modifier_group_assignments	push	2026-07-10 03:32:22.153384+05	2026-07-10 03:32:22.153384+05	0	0	0	0	success	\N
1743	21	modifier_templates	push	2026-07-10 03:32:22.169003+05	2026-07-10 03:32:22.169003+05	0	0	0	0	success	\N
1744	21	modifier_template_options	push	2026-07-10 03:32:22.169003+05	2026-07-10 03:32:22.169003+05	0	0	0	0	success	\N
1745	21	modifier_group_assignments	push	2026-07-10 03:32:22.169003+05	2026-07-10 03:32:22.169003+05	0	0	0	0	success	\N
1746	21	production_orders	push	2026-07-10 03:32:22.169003+05	2026-07-10 03:32:22.169003+05	0	0	0	0	success	\N
1747	21	production_items	push	2026-07-10 03:32:22.169003+05	2026-07-10 03:32:22.169003+05	0	0	0	0	success	\N
1748	21	production_materials	push	2026-07-10 03:32:22.169003+05	2026-07-10 03:32:22.169003+05	0	0	0	0	success	\N
1749	21	deals	push	2026-07-10 03:32:22.169003+05	2026-07-10 03:32:22.169003+05	0	0	0	0	success	\N
1750	21	deal_items	push	2026-07-10 03:32:22.169003+05	2026-07-10 03:32:22.169003+05	0	0	0	0	success	\N
1751	21	delivery_orders	push	2026-07-10 03:32:22.169003+05	2026-07-10 03:32:22.169003+05	2	2	0	0	success	\N
1752	21	delivery_riders	push	2026-07-10 03:32:22.169003+05	2026-07-10 03:32:22.169003+05	2	2	0	0	success	\N
1753	21	dinein_floors	push	2026-07-10 03:32:22.169003+05	2026-07-10 03:32:22.169003+05	0	0	0	0	success	\N
1754	21	dinein_tables	push	2026-07-10 03:32:22.169003+05	2026-07-10 03:32:22.169003+05	0	0	0	0	success	\N
1755	21	hold_orders	push	2026-07-10 03:32:22.169003+05	2026-07-10 03:32:22.169003+05	0	0	0	0	success	\N
1756	21	hold_items	push	2026-07-10 03:32:22.184629+05	2026-07-10 03:32:22.184629+05	0	0	0	0	success	\N
1757	21	customer_balance_entries	push	2026-07-10 03:32:22.184629+05	2026-07-10 03:32:22.184629+05	0	0	0	0	success	\N
1758	21	cus_outstanding	push	2026-07-10 03:32:22.184629+05	2026-07-10 03:32:22.184629+05	0	0	0	0	success	\N
1759	21	cus_payments	push	2026-07-10 03:32:22.184629+05	2026-07-10 03:32:22.184629+05	0	0	0	0	success	\N
1760	21	supplier_balance_entries	push	2026-07-10 03:32:22.184629+05	2026-07-10 03:32:22.184629+05	0	0	0	0	success	\N
1761	21	sup_outstanding	push	2026-07-10 03:32:22.184629+05	2026-07-10 03:32:22.184629+05	8	8	0	0	success	\N
1762	21	sup_payments	push	2026-07-10 03:32:22.184629+05	2026-07-10 03:32:22.184629+05	0	0	0	0	success	\N
1763	21	fbr_digital	push	2026-07-10 03:32:22.184629+05	2026-07-10 03:32:22.184629+05	0	0	0	0	success	\N
1764	21	fbr_logs	push	2026-07-10 03:32:22.184629+05	2026-07-10 03:32:22.184629+05	0	0	0	0	success	\N
1765	21	kpra_invoices	push	2026-07-10 03:32:22.184629+05	2026-07-10 03:32:22.184629+05	0	0	0	0	success	\N
1766	21	kpra_logs	push	2026-07-10 03:32:22.184629+05	2026-07-10 03:32:22.184629+05	0	0	0	0	success	\N
1767	21	order_takers	push	2026-07-10 03:32:22.184629+05	2026-07-10 03:32:22.184629+05	0	0	0	0	success	\N
1768	21	table_transfer_logs	push	2026-07-10 03:32:22.200254+05	2026-07-10 03:32:22.200254+05	0	0	0	0	success	\N
1769	21	warranties	push	2026-07-10 03:32:22.200254+05	2026-07-10 03:32:22.200254+05	0	0	0	0	success	\N
1770	21	item_serials	push	2026-07-10 03:32:22.200254+05	2026-07-10 03:32:22.200254+05	0	0	0	0	success	\N
1771	21	item_serial_transactions	push	2026-07-10 03:32:22.200254+05	2026-07-10 03:32:22.200254+05	0	0	0	0	success	\N
1772	21	branch_info	pull	2026-07-10 03:32:22.200254+05	2026-07-10 03:32:22.200254+05	0	0	0	0	success	\N
1773	21	stores	pull	2026-07-10 03:32:22.200254+05	2026-07-10 03:32:22.200254+05	0	0	0	0	success	\N
1774	21	items	pull	2026-07-10 03:32:22.200254+05	2026-07-10 03:32:22.200254+05	1153	1153	0	0	success	\N
1775	21	bom_master	pull	2026-07-10 03:32:22.200254+05	2026-07-10 03:32:22.200254+05	90	90	0	0	success	\N
1776	21	bom_components	pull	2026-07-10 03:32:22.200254+05	2026-07-10 03:32:22.200254+05	809	809	0	0	success	\N
1777	21	expense_categories	pull	2026-07-10 03:32:22.200254+05	2026-07-10 03:32:22.200254+05	1	1	0	0	success	\N
1778	21	expense_subcategories	pull	2026-07-10 03:32:22.200254+05	2026-07-10 03:32:22.200254+05	2	2	0	0	success	\N
1779	21	expense_accounts	pull	2026-07-10 03:32:22.200254+05	2026-07-10 03:32:22.200254+05	2	2	0	0	success	\N
1780	21	categories	pull	2026-07-10 03:32:22.200254+05	2026-07-10 03:32:22.200254+05	5	5	0	0	success	\N
1781	21	sub_categories	pull	2026-07-10 03:32:22.215881+05	2026-07-10 03:32:22.215881+05	21	21	0	0	success	\N
1782	21	account_mappings	pull	2026-07-10 03:32:22.215881+05	2026-07-10 03:32:22.215881+05	45	45	0	0	success	\N
1783	21	chart_of_accounts	pull	2026-07-10 03:32:22.215881+05	2026-07-10 03:32:22.215881+05	56	56	0	0	success	\N
1784	21	fiscal_period_setup	pull	2026-07-10 03:32:22.215881+05	2026-07-10 03:32:22.215881+05	1	1	0	0	success	\N
1785	21	fiscal_periods	pull	2026-07-10 03:32:22.215881+05	2026-07-10 03:32:22.215881+05	12	12	0	0	success	\N
1786	21	vendors	pull	2026-07-10 03:32:22.215881+05	2026-07-10 03:32:22.215881+05	0	0	0	0	success	\N
1787	21	bank_accounts	pull	2026-07-10 03:32:22.215881+05	2026-07-10 03:32:22.215881+05	2	2	0	0	success	\N
1788	21	account_types	pull	2026-07-10 03:32:22.215881+05	2026-07-10 03:32:22.215881+05	5	5	0	0	success	\N
1789	21	discounts	pull	2026-07-10 03:32:22.215881+05	2026-07-10 03:32:22.215881+05	0	0	0	0	success	\N
1790	21	discount_categories	pull	2026-07-10 03:32:22.215881+05	2026-07-10 03:32:22.215881+05	0	0	0	0	success	\N
1791	21	void_reasons	pull	2026-07-10 03:32:22.215881+05	2026-07-10 03:32:22.215881+05	1	1	0	0	success	\N
1792	21	card_types	pull	2026-07-10 03:32:22.215881+05	2026-07-10 03:32:22.215881+05	3	3	0	0	success	\N
1793	21	rights	pull	2026-07-10 03:32:22.215881+05	2026-07-10 03:32:22.215881+05	118	118	0	0	success	\N
1794	21	roles	pull	2026-07-10 03:32:22.231504+05	2026-07-10 03:32:22.231504+05	5	5	0	0	success	\N
1795	21	role_rights	pull	2026-07-10 03:32:22.231504+05	2026-07-10 03:32:22.231504+05	150	150	0	0	success	\N
1796	21	users	pull	2026-07-10 03:32:22.231504+05	2026-07-10 03:32:22.231504+05	0	0	0	0	success	\N
1797	21	branch_access	pull	2026-07-10 03:32:22.231504+05	2026-07-10 03:32:22.231504+05	11	11	0	0	success	\N
1798	21	bank_access	pull	2026-07-10 03:32:22.231504+05	2026-07-10 03:32:22.231504+05	0	0	0	0	success	\N
1799	21	quotations	pull	2026-07-10 03:32:22.231504+05	2026-07-10 03:32:22.231504+05	0	0	0	0	success	\N
1800	21	quotation_items	pull	2026-07-10 03:32:22.231504+05	2026-07-10 03:32:22.231504+05	0	0	0	0	success	\N
1801	22	sales	push	2026-07-10 03:37:55.820562+05	2026-07-10 03:37:55.820562+05	299	299	0	0	success	\N
1802	22	sale_items	push	2026-07-10 03:37:55.867393+05	2026-07-10 03:37:55.867393+05	708	708	0	0	success	\N
1803	22	sale_item_modifiers	push	2026-07-10 03:37:55.867393+05	2026-07-10 03:37:55.867393+05	0	0	0	0	success	\N
1804	22	purchases	push	2026-07-10 03:37:55.867393+05	2026-07-10 03:37:55.867393+05	7	7	0	0	success	\N
1805	22	purchase_items	push	2026-07-10 03:37:55.867393+05	2026-07-10 03:37:55.867393+05	26	26	0	0	success	\N
1806	22	purchase_returns	push	2026-07-10 03:37:55.867393+05	2026-07-10 03:37:55.867393+05	0	0	0	0	success	\N
1807	22	purchase_return_items	push	2026-07-10 03:37:55.867393+05	2026-07-10 03:37:55.867393+05	0	0	0	0	success	\N
1808	22	account_transactions	push	2026-07-10 03:37:55.867393+05	2026-07-10 03:37:55.867393+05	300	300	0	0	partial	Synced 300 records with 68 errors
1809	22	sale_returns	push	2026-07-10 03:37:55.88301+05	2026-07-10 03:37:55.88301+05	0	0	0	0	partial	Synced 0 records with 2 errors
1810	22	sale_return_items	push	2026-07-10 03:37:55.88301+05	2026-07-10 03:37:55.88301+05	0	0	0	0	success	\N
1811	22	inventory_movements	push	2026-07-10 03:37:55.88301+05	2026-07-10 03:37:55.88301+05	415	415	0	0	partial	Synced 415 records with 48 errors
1812	22	store_inventory	push	2026-07-10 03:37:55.88301+05	2026-07-10 03:37:55.88301+05	0	0	0	0	success	\N
1813	22	stock_adjustments	push	2026-07-10 03:37:55.88301+05	2026-07-10 03:37:55.88301+05	0	0	0	0	success	\N
1814	22	stock_adjustment_items	push	2026-07-10 03:37:55.88301+05	2026-07-10 03:37:55.88301+05	0	0	0	0	success	\N
1815	22	stock_transfers	push	2026-07-10 03:37:55.88301+05	2026-07-10 03:37:55.88301+05	0	0	0	0	success	\N
1816	22	stock_transfer_items	push	2026-07-10 03:37:55.88301+05	2026-07-10 03:37:55.88301+05	0	0	0	0	success	\N
1817	22	shifts	push	2026-07-10 03:37:55.88301+05	2026-07-10 03:37:55.88301+05	4	4	0	0	success	\N
1818	22	shift_logs	push	2026-07-10 03:37:55.88301+05	2026-07-10 03:37:55.88301+05	0	0	0	0	success	\N
1819	22	journal_entries	push	2026-07-10 03:37:55.898632+05	2026-07-10 03:37:55.898632+05	309	309	0	0	partial	Synced 309 records with 68 errors
1820	22	journal_entry_lines	push	2026-07-10 03:37:55.898632+05	2026-07-10 03:37:55.898632+05	968	968	0	0	partial	Synced 968 records with 225 errors
1821	22	expenses	push	2026-07-10 03:37:55.898632+05	2026-07-10 03:37:55.898632+05	0	0	0	0	success	\N
1822	22	customers	push	2026-07-10 03:37:55.898632+05	2026-07-10 03:37:55.898632+05	19	19	0	0	success	\N
1823	22	customer_categories	push	2026-07-10 03:37:55.898632+05	2026-07-10 03:37:55.898632+05	0	0	0	0	success	\N
1824	22	items	push	2026-07-10 03:37:55.898632+05	2026-07-10 03:37:55.898632+05	0	0	0	0	skipped	Skipped by sync_entity_policies (direction_policy=pull_only)
1825	22	fbr_invoices	push	2026-07-10 03:37:55.898632+05	2026-07-10 03:37:55.898632+05	0	0	0	0	success	\N
1826	22	void_orders	push	2026-07-10 03:37:55.898632+05	2026-07-10 03:37:55.898632+05	0	0	0	0	success	\N
1827	22	void_items	push	2026-07-10 03:37:55.898632+05	2026-07-10 03:37:55.898632+05	0	0	0	0	success	\N
1828	22	uoms	push	2026-07-10 03:37:55.898632+05	2026-07-10 03:37:55.898632+05	0	0	0	0	success	\N
1829	22	price_history	push	2026-07-10 03:37:55.898632+05	2026-07-10 03:37:55.898632+05	0	0	0	0	success	\N
1830	22	item_modifiers	push	2026-07-10 03:37:55.914265+05	2026-07-10 03:37:55.914265+05	0	0	0	0	success	\N
1831	22	item_modifier_groups	push	2026-07-10 03:37:55.914265+05	2026-07-10 03:37:55.914265+05	0	0	0	0	success	\N
1832	22	item_modifier_group_assignments	push	2026-07-10 03:37:55.914265+05	2026-07-10 03:37:55.914265+05	0	0	0	0	success	\N
1833	22	modifier_templates	push	2026-07-10 03:37:55.914265+05	2026-07-10 03:37:55.914265+05	0	0	0	0	success	\N
1834	22	modifier_template_options	push	2026-07-10 03:37:55.914265+05	2026-07-10 03:37:55.914265+05	0	0	0	0	success	\N
1835	22	modifier_group_assignments	push	2026-07-10 03:37:55.914265+05	2026-07-10 03:37:55.914265+05	0	0	0	0	success	\N
1836	22	production_orders	push	2026-07-10 03:37:55.914265+05	2026-07-10 03:37:55.914265+05	0	0	0	0	success	\N
1837	22	production_items	push	2026-07-10 03:37:55.914265+05	2026-07-10 03:37:55.914265+05	0	0	0	0	success	\N
1838	22	production_materials	push	2026-07-10 03:37:55.914265+05	2026-07-10 03:37:55.914265+05	0	0	0	0	success	\N
1839	22	deals	push	2026-07-10 03:37:55.914265+05	2026-07-10 03:37:55.914265+05	0	0	0	0	success	\N
1840	22	deal_items	push	2026-07-10 03:37:55.92988+05	2026-07-10 03:37:55.92988+05	0	0	0	0	success	\N
1841	22	delivery_orders	push	2026-07-10 03:37:55.92988+05	2026-07-10 03:37:55.92988+05	2	2	0	0	success	\N
1842	22	delivery_riders	push	2026-07-10 03:37:55.92988+05	2026-07-10 03:37:55.92988+05	2	2	0	0	success	\N
1843	22	dinein_floors	push	2026-07-10 03:37:55.92988+05	2026-07-10 03:37:55.92988+05	0	0	0	0	success	\N
1844	22	dinein_tables	push	2026-07-10 03:37:55.92988+05	2026-07-10 03:37:55.92988+05	0	0	0	0	success	\N
1845	22	hold_orders	push	2026-07-10 03:37:55.92988+05	2026-07-10 03:37:55.92988+05	0	0	0	0	success	\N
1846	22	hold_items	push	2026-07-10 03:37:55.92988+05	2026-07-10 03:37:55.92988+05	0	0	0	0	success	\N
1847	22	customer_balance_entries	push	2026-07-10 03:37:55.92988+05	2026-07-10 03:37:55.92988+05	0	0	0	0	success	\N
1848	22	cus_outstanding	push	2026-07-10 03:37:55.92988+05	2026-07-10 03:37:55.92988+05	0	0	0	0	success	\N
1849	22	cus_payments	push	2026-07-10 03:37:55.92988+05	2026-07-10 03:37:55.92988+05	0	0	0	0	success	\N
1850	22	supplier_balance_entries	push	2026-07-10 03:37:55.92988+05	2026-07-10 03:37:55.92988+05	0	0	0	0	success	\N
1851	22	sup_outstanding	push	2026-07-10 03:37:55.945506+05	2026-07-10 03:37:55.945506+05	8	8	0	0	success	\N
1852	22	sup_payments	push	2026-07-10 03:37:55.945506+05	2026-07-10 03:37:55.945506+05	0	0	0	0	success	\N
1853	22	fbr_digital	push	2026-07-10 03:37:55.945506+05	2026-07-10 03:37:55.945506+05	0	0	0	0	success	\N
1854	22	fbr_logs	push	2026-07-10 03:37:55.945506+05	2026-07-10 03:37:55.945506+05	0	0	0	0	success	\N
1855	22	kpra_invoices	push	2026-07-10 03:37:55.945506+05	2026-07-10 03:37:55.945506+05	0	0	0	0	success	\N
1856	22	kpra_logs	push	2026-07-10 03:37:55.945506+05	2026-07-10 03:37:55.945506+05	0	0	0	0	success	\N
1857	22	order_takers	push	2026-07-10 03:37:55.945506+05	2026-07-10 03:37:55.945506+05	0	0	0	0	success	\N
1858	22	table_transfer_logs	push	2026-07-10 03:37:55.945506+05	2026-07-10 03:37:55.945506+05	0	0	0	0	success	\N
1859	22	warranties	push	2026-07-10 03:37:55.945506+05	2026-07-10 03:37:55.945506+05	0	0	0	0	success	\N
1860	22	item_serials	push	2026-07-10 03:37:55.945506+05	2026-07-10 03:37:55.945506+05	0	0	0	0	success	\N
1861	22	item_serial_transactions	push	2026-07-10 03:37:55.961129+05	2026-07-10 03:37:55.961129+05	0	0	0	0	success	\N
1862	22	branch_info	pull	2026-07-10 03:37:55.961129+05	2026-07-10 03:37:55.961129+05	0	0	0	0	success	\N
1863	22	stores	pull	2026-07-10 03:37:55.961129+05	2026-07-10 03:37:55.961129+05	0	0	0	0	success	\N
1864	22	items	pull	2026-07-10 03:37:55.961129+05	2026-07-10 03:37:55.961129+05	1153	1153	0	0	success	\N
1865	22	bom_master	pull	2026-07-10 03:37:55.961129+05	2026-07-10 03:37:55.961129+05	90	90	0	0	success	\N
1866	22	bom_components	pull	2026-07-10 03:37:55.961129+05	2026-07-10 03:37:55.961129+05	809	809	0	0	success	\N
1867	22	expense_categories	pull	2026-07-10 03:37:55.961129+05	2026-07-10 03:37:55.961129+05	1	1	0	0	success	\N
1868	22	expense_subcategories	pull	2026-07-10 03:37:55.961129+05	2026-07-10 03:37:55.961129+05	2	2	0	0	success	\N
1869	22	expense_accounts	pull	2026-07-10 03:37:55.961129+05	2026-07-10 03:37:55.961129+05	2	2	0	0	success	\N
1870	22	categories	pull	2026-07-10 03:37:55.961129+05	2026-07-10 03:37:55.961129+05	5	5	0	0	success	\N
1871	22	sub_categories	pull	2026-07-10 03:37:55.961129+05	2026-07-10 03:37:55.961129+05	21	21	0	0	success	\N
1872	22	account_mappings	pull	2026-07-10 03:37:55.976754+05	2026-07-10 03:37:55.976754+05	45	45	0	0	success	\N
1873	22	chart_of_accounts	pull	2026-07-10 03:37:55.976754+05	2026-07-10 03:37:55.976754+05	56	56	0	0	success	\N
1874	22	fiscal_period_setup	pull	2026-07-10 03:37:55.976754+05	2026-07-10 03:37:55.976754+05	1	1	0	0	success	\N
1875	22	fiscal_periods	pull	2026-07-10 03:37:55.976754+05	2026-07-10 03:37:55.976754+05	12	12	0	0	success	\N
1876	22	vendors	pull	2026-07-10 03:37:55.976754+05	2026-07-10 03:37:55.976754+05	0	0	0	0	success	\N
1877	22	bank_accounts	pull	2026-07-10 03:37:55.976754+05	2026-07-10 03:37:55.976754+05	2	2	0	0	success	\N
1878	22	account_types	pull	2026-07-10 03:37:55.976754+05	2026-07-10 03:37:55.976754+05	5	5	0	0	success	\N
1879	22	discounts	pull	2026-07-10 03:37:55.976754+05	2026-07-10 03:37:55.976754+05	0	0	0	0	success	\N
1880	22	discount_categories	pull	2026-07-10 03:37:55.976754+05	2026-07-10 03:37:55.976754+05	0	0	0	0	success	\N
1881	22	void_reasons	pull	2026-07-10 03:37:55.992381+05	2026-07-10 03:37:55.992381+05	1	1	0	0	success	\N
1882	22	card_types	pull	2026-07-10 03:37:55.992381+05	2026-07-10 03:37:55.992381+05	3	3	0	0	success	\N
1883	22	rights	pull	2026-07-10 03:37:55.992381+05	2026-07-10 03:37:55.992381+05	118	118	0	0	success	\N
1884	22	roles	pull	2026-07-10 03:37:55.992381+05	2026-07-10 03:37:55.992381+05	5	5	0	0	success	\N
1885	22	role_rights	pull	2026-07-10 03:37:55.992381+05	2026-07-10 03:37:55.992381+05	150	150	0	0	success	\N
1886	22	users	pull	2026-07-10 03:37:55.992381+05	2026-07-10 03:37:55.992381+05	0	0	0	0	success	\N
1887	22	branch_access	pull	2026-07-10 03:37:55.992381+05	2026-07-10 03:37:55.992381+05	11	11	0	0	success	\N
1888	22	bank_access	pull	2026-07-10 03:37:55.992381+05	2026-07-10 03:37:55.992381+05	0	0	0	0	success	\N
1889	22	quotations	pull	2026-07-10 03:37:55.992381+05	2026-07-10 03:37:55.992381+05	0	0	0	0	success	\N
1890	22	quotation_items	pull	2026-07-10 03:37:55.992381+05	2026-07-10 03:37:55.992381+05	0	0	0	0	success	\N
1891	23	sales	push	2026-07-10 03:43:41.190646+05	2026-07-10 03:43:41.190646+05	299	299	0	0	success	\N
1892	23	sale_items	push	2026-07-10 03:43:41.237469+05	2026-07-10 03:43:41.237469+05	708	708	0	0	success	\N
1893	23	sale_item_modifiers	push	2026-07-10 03:43:41.237469+05	2026-07-10 03:43:41.237469+05	0	0	0	0	success	\N
1894	23	purchases	push	2026-07-10 03:43:41.237469+05	2026-07-10 03:43:41.237469+05	7	7	0	0	success	\N
1895	23	purchase_items	push	2026-07-10 03:43:41.237469+05	2026-07-10 03:43:41.237469+05	26	26	0	0	success	\N
1896	23	purchase_returns	push	2026-07-10 03:43:41.253097+05	2026-07-10 03:43:41.253097+05	0	0	0	0	success	\N
1897	23	purchase_return_items	push	2026-07-10 03:43:41.253097+05	2026-07-10 03:43:41.253097+05	0	0	0	0	success	\N
1898	23	account_transactions	push	2026-07-10 03:43:41.253097+05	2026-07-10 03:43:41.253097+05	300	300	0	0	partial	Synced 300 records with 68 errors
1899	23	sale_returns	push	2026-07-10 03:43:41.253097+05	2026-07-10 03:43:41.253097+05	0	0	0	0	partial	Synced 0 records with 2 errors
1900	23	sale_return_items	push	2026-07-10 03:43:41.253097+05	2026-07-10 03:43:41.253097+05	0	0	0	0	success	\N
1901	23	inventory_movements	push	2026-07-10 03:43:41.253097+05	2026-07-10 03:43:41.253097+05	415	415	0	0	partial	Synced 415 records with 48 errors
1902	23	store_inventory	push	2026-07-10 03:43:41.253097+05	2026-07-10 03:43:41.253097+05	0	0	0	0	success	\N
1903	23	stock_adjustments	push	2026-07-10 03:43:41.253097+05	2026-07-10 03:43:41.253097+05	0	0	0	0	success	\N
1904	23	stock_adjustment_items	push	2026-07-10 03:43:41.253097+05	2026-07-10 03:43:41.253097+05	0	0	0	0	success	\N
1905	23	stock_transfers	push	2026-07-10 03:43:41.253097+05	2026-07-10 03:43:41.253097+05	0	0	0	0	success	\N
1906	23	stock_transfer_items	push	2026-07-10 03:43:41.253097+05	2026-07-10 03:43:41.253097+05	0	0	0	0	success	\N
1907	23	shifts	push	2026-07-10 03:43:41.253097+05	2026-07-10 03:43:41.253097+05	4	4	0	0	success	\N
1908	23	shift_logs	push	2026-07-10 03:43:41.268718+05	2026-07-10 03:43:41.268718+05	0	0	0	0	success	\N
1909	23	journal_entries	push	2026-07-10 03:43:41.268718+05	2026-07-10 03:43:41.268718+05	309	309	0	0	partial	Synced 309 records with 68 errors
1910	23	journal_entry_lines	push	2026-07-10 03:43:41.268718+05	2026-07-10 03:43:41.268718+05	968	968	0	0	partial	Synced 968 records with 225 errors
1911	23	expenses	push	2026-07-10 03:43:41.268718+05	2026-07-10 03:43:41.268718+05	0	0	0	0	success	\N
1912	23	customers	push	2026-07-10 03:43:41.268718+05	2026-07-10 03:43:41.268718+05	19	19	0	0	success	\N
1913	23	customer_categories	push	2026-07-10 03:43:41.268718+05	2026-07-10 03:43:41.268718+05	0	0	0	0	success	\N
1914	23	items	push	2026-07-10 03:43:41.268718+05	2026-07-10 03:43:41.268718+05	0	0	0	0	skipped	Skipped by sync_entity_policies (direction_policy=pull_only)
1915	23	fbr_invoices	push	2026-07-10 03:43:41.268718+05	2026-07-10 03:43:41.268718+05	0	0	0	0	success	\N
1916	23	void_orders	push	2026-07-10 03:43:41.268718+05	2026-07-10 03:43:41.268718+05	0	0	0	0	success	\N
1917	23	void_items	push	2026-07-10 03:43:41.268718+05	2026-07-10 03:43:41.268718+05	0	0	0	0	success	\N
1918	23	uoms	push	2026-07-10 03:43:41.268718+05	2026-07-10 03:43:41.268718+05	0	0	0	0	success	\N
1919	23	price_history	push	2026-07-10 03:43:41.268718+05	2026-07-10 03:43:41.268718+05	0	0	0	0	success	\N
1920	23	item_modifiers	push	2026-07-10 03:43:41.284342+05	2026-07-10 03:43:41.284342+05	0	0	0	0	success	\N
1921	23	item_modifier_groups	push	2026-07-10 03:43:41.284342+05	2026-07-10 03:43:41.284342+05	0	0	0	0	success	\N
1922	23	item_modifier_group_assignments	push	2026-07-10 03:43:41.284342+05	2026-07-10 03:43:41.284342+05	0	0	0	0	success	\N
1923	23	modifier_templates	push	2026-07-10 03:43:41.284342+05	2026-07-10 03:43:41.284342+05	0	0	0	0	success	\N
1924	23	modifier_template_options	push	2026-07-10 03:43:41.284342+05	2026-07-10 03:43:41.284342+05	0	0	0	0	success	\N
1925	23	modifier_group_assignments	push	2026-07-10 03:43:41.284342+05	2026-07-10 03:43:41.284342+05	0	0	0	0	success	\N
1926	23	production_orders	push	2026-07-10 03:43:41.284342+05	2026-07-10 03:43:41.284342+05	0	0	0	0	success	\N
1927	23	production_items	push	2026-07-10 03:43:41.284342+05	2026-07-10 03:43:41.284342+05	0	0	0	0	success	\N
1928	23	production_materials	push	2026-07-10 03:43:41.284342+05	2026-07-10 03:43:41.284342+05	0	0	0	0	success	\N
1929	23	deals	push	2026-07-10 03:43:41.284342+05	2026-07-10 03:43:41.284342+05	0	0	0	0	success	\N
1930	23	deal_items	push	2026-07-10 03:43:41.299971+05	2026-07-10 03:43:41.299971+05	0	0	0	0	success	\N
1931	23	delivery_orders	push	2026-07-10 03:43:41.299971+05	2026-07-10 03:43:41.299971+05	2	2	0	0	success	\N
1932	23	delivery_riders	push	2026-07-10 03:43:41.299971+05	2026-07-10 03:43:41.299971+05	2	2	0	0	success	\N
1933	23	dinein_floors	push	2026-07-10 03:43:41.299971+05	2026-07-10 03:43:41.299971+05	0	0	0	0	success	\N
1934	23	dinein_tables	push	2026-07-10 03:43:41.299971+05	2026-07-10 03:43:41.299971+05	0	0	0	0	success	\N
1935	23	hold_orders	push	2026-07-10 03:43:41.299971+05	2026-07-10 03:43:41.299971+05	0	0	0	0	success	\N
1936	23	hold_items	push	2026-07-10 03:43:41.299971+05	2026-07-10 03:43:41.299971+05	0	0	0	0	success	\N
1937	23	customer_balance_entries	push	2026-07-10 03:43:41.299971+05	2026-07-10 03:43:41.299971+05	0	0	0	0	success	\N
1938	23	cus_outstanding	push	2026-07-10 03:43:41.299971+05	2026-07-10 03:43:41.299971+05	0	0	0	0	success	\N
1939	23	cus_payments	push	2026-07-10 03:43:41.299971+05	2026-07-10 03:43:41.299971+05	0	0	0	0	success	\N
1940	23	supplier_balance_entries	push	2026-07-10 03:43:41.299971+05	2026-07-10 03:43:41.299971+05	0	0	0	0	success	\N
1941	23	sup_outstanding	push	2026-07-10 03:43:41.315596+05	2026-07-10 03:43:41.315596+05	8	8	0	0	success	\N
1942	23	sup_payments	push	2026-07-10 03:43:41.315596+05	2026-07-10 03:43:41.315596+05	0	0	0	0	success	\N
1943	23	fbr_digital	push	2026-07-10 03:43:41.315596+05	2026-07-10 03:43:41.315596+05	0	0	0	0	success	\N
1944	23	fbr_logs	push	2026-07-10 03:43:41.315596+05	2026-07-10 03:43:41.315596+05	0	0	0	0	success	\N
1945	23	kpra_invoices	push	2026-07-10 03:43:41.315596+05	2026-07-10 03:43:41.315596+05	0	0	0	0	success	\N
1946	23	kpra_logs	push	2026-07-10 03:43:41.315596+05	2026-07-10 03:43:41.315596+05	0	0	0	0	success	\N
1947	23	order_takers	push	2026-07-10 03:43:41.315596+05	2026-07-10 03:43:41.315596+05	0	0	0	0	success	\N
1948	23	table_transfer_logs	push	2026-07-10 03:43:41.315596+05	2026-07-10 03:43:41.315596+05	0	0	0	0	success	\N
1949	23	warranties	push	2026-07-10 03:43:41.315596+05	2026-07-10 03:43:41.315596+05	0	0	0	0	success	\N
1950	23	item_serials	push	2026-07-10 03:43:41.315596+05	2026-07-10 03:43:41.315596+05	0	0	0	0	success	\N
1951	23	item_serial_transactions	push	2026-07-10 03:43:41.331217+05	2026-07-10 03:43:41.331217+05	0	0	0	0	success	\N
1952	23	branch_info	pull	2026-07-10 03:43:41.331217+05	2026-07-10 03:43:41.331217+05	0	0	0	0	success	\N
1953	23	stores	pull	2026-07-10 03:43:41.331217+05	2026-07-10 03:43:41.331217+05	0	0	0	0	success	\N
1954	23	items	pull	2026-07-10 03:43:41.331217+05	2026-07-10 03:43:41.331217+05	1153	1153	0	0	success	\N
1955	23	bom_master	pull	2026-07-10 03:43:41.331217+05	2026-07-10 03:43:41.331217+05	90	90	0	0	success	\N
1956	23	bom_components	pull	2026-07-10 03:43:41.331217+05	2026-07-10 03:43:41.331217+05	809	809	0	0	success	\N
1957	23	expense_categories	pull	2026-07-10 03:43:41.331217+05	2026-07-10 03:43:41.331217+05	1	1	0	0	success	\N
1958	23	expense_subcategories	pull	2026-07-10 03:43:41.331217+05	2026-07-10 03:43:41.331217+05	2	2	0	0	success	\N
1959	23	expense_accounts	pull	2026-07-10 03:43:41.331217+05	2026-07-10 03:43:41.331217+05	2	2	0	0	success	\N
1960	23	categories	pull	2026-07-10 03:43:41.331217+05	2026-07-10 03:43:41.331217+05	5	5	0	0	success	\N
1961	23	sub_categories	pull	2026-07-10 03:43:41.331217+05	2026-07-10 03:43:41.331217+05	21	21	0	0	success	\N
1962	23	account_mappings	pull	2026-07-10 03:43:41.346841+05	2026-07-10 03:43:41.346841+05	45	45	0	0	success	\N
1963	23	chart_of_accounts	pull	2026-07-10 03:43:41.346841+05	2026-07-10 03:43:41.346841+05	56	56	0	0	success	\N
1964	23	fiscal_period_setup	pull	2026-07-10 03:43:41.346841+05	2026-07-10 03:43:41.346841+05	1	1	0	0	success	\N
1965	23	fiscal_periods	pull	2026-07-10 03:43:41.346841+05	2026-07-10 03:43:41.346841+05	12	12	0	0	success	\N
1966	23	vendors	pull	2026-07-10 03:43:41.346841+05	2026-07-10 03:43:41.346841+05	0	0	0	0	success	\N
1967	23	bank_accounts	pull	2026-07-10 03:43:41.346841+05	2026-07-10 03:43:41.346841+05	2	2	0	0	success	\N
1968	23	account_types	pull	2026-07-10 03:43:41.346841+05	2026-07-10 03:43:41.346841+05	5	5	0	0	success	\N
1969	23	discounts	pull	2026-07-10 03:43:41.346841+05	2026-07-10 03:43:41.346841+05	0	0	0	0	success	\N
1970	23	discount_categories	pull	2026-07-10 03:43:41.346841+05	2026-07-10 03:43:41.346841+05	0	0	0	0	success	\N
1971	23	void_reasons	pull	2026-07-10 03:43:41.346841+05	2026-07-10 03:43:41.346841+05	1	1	0	0	success	\N
1972	23	card_types	pull	2026-07-10 03:43:41.362466+05	2026-07-10 03:43:41.362466+05	3	3	0	0	success	\N
1973	23	rights	pull	2026-07-10 03:43:41.362466+05	2026-07-10 03:43:41.362466+05	118	118	0	0	success	\N
1974	23	roles	pull	2026-07-10 03:43:41.362466+05	2026-07-10 03:43:41.362466+05	5	5	0	0	success	\N
1975	23	role_rights	pull	2026-07-10 03:43:41.362466+05	2026-07-10 03:43:41.362466+05	150	150	0	0	success	\N
1976	23	users	pull	2026-07-10 03:43:41.362466+05	2026-07-10 03:43:41.362466+05	0	0	0	0	success	\N
1977	23	branch_access	pull	2026-07-10 03:43:41.362466+05	2026-07-10 03:43:41.362466+05	11	11	0	0	success	\N
1978	23	bank_access	pull	2026-07-10 03:43:41.362466+05	2026-07-10 03:43:41.362466+05	0	0	0	0	success	\N
1979	23	quotations	pull	2026-07-10 03:43:41.362466+05	2026-07-10 03:43:41.362466+05	0	0	0	0	success	\N
1980	23	quotation_items	pull	2026-07-10 03:43:41.362466+05	2026-07-10 03:43:41.362466+05	0	0	0	0	success	\N
1981	24	sales	push	2026-07-10 03:49:47.451062+05	2026-07-10 03:49:47.451062+05	299	299	0	0	success	\N
1982	24	sale_items	push	2026-07-10 03:49:47.497884+05	2026-07-10 03:49:47.497884+05	708	708	0	0	success	\N
1983	24	sale_item_modifiers	push	2026-07-10 03:49:47.497884+05	2026-07-10 03:49:47.497884+05	0	0	0	0	success	\N
1984	24	purchases	push	2026-07-10 03:49:47.497884+05	2026-07-10 03:49:47.497884+05	7	7	0	0	success	\N
1985	24	purchase_items	push	2026-07-10 03:49:47.497884+05	2026-07-10 03:49:47.497884+05	26	26	0	0	success	\N
1986	24	purchase_returns	push	2026-07-10 03:49:47.497884+05	2026-07-10 03:49:47.497884+05	0	0	0	0	success	\N
1987	24	purchase_return_items	push	2026-07-10 03:49:47.513507+05	2026-07-10 03:49:47.513507+05	0	0	0	0	success	\N
1988	24	account_transactions	push	2026-07-10 03:49:47.513507+05	2026-07-10 03:49:47.513507+05	300	300	0	0	partial	Synced 300 records with 68 errors
1989	24	sale_returns	push	2026-07-10 03:49:47.513507+05	2026-07-10 03:49:47.513507+05	0	0	0	0	partial	Synced 0 records with 2 errors
1990	24	sale_return_items	push	2026-07-10 03:49:47.513507+05	2026-07-10 03:49:47.513507+05	0	0	0	0	success	\N
1991	24	inventory_movements	push	2026-07-10 03:49:47.513507+05	2026-07-10 03:49:47.513507+05	415	415	0	0	partial	Synced 415 records with 48 errors
1992	24	store_inventory	push	2026-07-10 03:49:47.513507+05	2026-07-10 03:49:47.513507+05	0	0	0	0	success	\N
1993	24	stock_adjustments	push	2026-07-10 03:49:47.513507+05	2026-07-10 03:49:47.513507+05	0	0	0	0	success	\N
1994	24	stock_adjustment_items	push	2026-07-10 03:49:47.513507+05	2026-07-10 03:49:47.513507+05	0	0	0	0	success	\N
1995	24	stock_transfers	push	2026-07-10 03:49:47.513507+05	2026-07-10 03:49:47.513507+05	0	0	0	0	success	\N
1996	24	stock_transfer_items	push	2026-07-10 03:49:47.513507+05	2026-07-10 03:49:47.513507+05	0	0	0	0	success	\N
1997	24	shifts	push	2026-07-10 03:49:47.529131+05	2026-07-10 03:49:47.529131+05	4	4	0	0	success	\N
1998	24	shift_logs	push	2026-07-10 03:49:47.529131+05	2026-07-10 03:49:47.529131+05	0	0	0	0	success	\N
1999	24	journal_entries	push	2026-07-10 03:49:47.529131+05	2026-07-10 03:49:47.529131+05	309	309	0	0	partial	Synced 309 records with 68 errors
2000	24	journal_entry_lines	push	2026-07-10 03:49:47.529131+05	2026-07-10 03:49:47.529131+05	968	968	0	0	partial	Synced 968 records with 225 errors
2001	24	expenses	push	2026-07-10 03:49:47.529131+05	2026-07-10 03:49:47.529131+05	0	0	0	0	success	\N
2002	24	customers	push	2026-07-10 03:49:47.529131+05	2026-07-10 03:49:47.529131+05	19	19	0	0	success	\N
2003	24	customer_categories	push	2026-07-10 03:49:47.529131+05	2026-07-10 03:49:47.529131+05	0	0	0	0	success	\N
2004	24	items	push	2026-07-10 03:49:47.529131+05	2026-07-10 03:49:47.529131+05	0	0	0	0	skipped	Skipped by sync_entity_policies (direction_policy=pull_only)
2005	24	fbr_invoices	push	2026-07-10 03:49:47.529131+05	2026-07-10 03:49:47.529131+05	0	0	0	0	success	\N
2006	24	void_orders	push	2026-07-10 03:49:47.529131+05	2026-07-10 03:49:47.529131+05	0	0	0	0	success	\N
2007	24	void_items	push	2026-07-10 03:49:47.544758+05	2026-07-10 03:49:47.544758+05	0	0	0	0	success	\N
2008	24	uoms	push	2026-07-10 03:49:47.544758+05	2026-07-10 03:49:47.544758+05	0	0	0	0	success	\N
2009	24	price_history	push	2026-07-10 03:49:47.544758+05	2026-07-10 03:49:47.544758+05	0	0	0	0	success	\N
2010	24	item_modifiers	push	2026-07-10 03:49:47.544758+05	2026-07-10 03:49:47.544758+05	0	0	0	0	success	\N
2011	24	item_modifier_groups	push	2026-07-10 03:49:47.544758+05	2026-07-10 03:49:47.544758+05	0	0	0	0	success	\N
2012	24	item_modifier_group_assignments	push	2026-07-10 03:49:47.544758+05	2026-07-10 03:49:47.544758+05	0	0	0	0	success	\N
2013	24	modifier_templates	push	2026-07-10 03:49:47.544758+05	2026-07-10 03:49:47.544758+05	0	0	0	0	success	\N
2014	24	modifier_template_options	push	2026-07-10 03:49:47.544758+05	2026-07-10 03:49:47.544758+05	0	0	0	0	success	\N
2015	24	modifier_group_assignments	push	2026-07-10 03:49:47.544758+05	2026-07-10 03:49:47.544758+05	0	0	0	0	success	\N
2016	24	production_orders	push	2026-07-10 03:49:47.544758+05	2026-07-10 03:49:47.544758+05	0	0	0	0	success	\N
2017	24	production_items	push	2026-07-10 03:49:47.544758+05	2026-07-10 03:49:47.544758+05	0	0	0	0	success	\N
2018	24	production_materials	push	2026-07-10 03:49:47.560381+05	2026-07-10 03:49:47.560381+05	0	0	0	0	success	\N
2019	24	deals	push	2026-07-10 03:49:47.560381+05	2026-07-10 03:49:47.560381+05	0	0	0	0	success	\N
2020	24	deal_items	push	2026-07-10 03:49:47.560381+05	2026-07-10 03:49:47.560381+05	0	0	0	0	success	\N
2021	24	delivery_orders	push	2026-07-10 03:49:47.560381+05	2026-07-10 03:49:47.560381+05	2	2	0	0	success	\N
2022	24	delivery_riders	push	2026-07-10 03:49:47.560381+05	2026-07-10 03:49:47.560381+05	2	2	0	0	success	\N
2023	24	dinein_floors	push	2026-07-10 03:49:47.560381+05	2026-07-10 03:49:47.560381+05	0	0	0	0	success	\N
2024	24	dinein_tables	push	2026-07-10 03:49:47.560381+05	2026-07-10 03:49:47.560381+05	0	0	0	0	success	\N
2025	24	hold_orders	push	2026-07-10 03:49:47.560381+05	2026-07-10 03:49:47.560381+05	0	0	0	0	success	\N
2026	24	hold_items	push	2026-07-10 03:49:47.560381+05	2026-07-10 03:49:47.560381+05	0	0	0	0	success	\N
2027	24	customer_balance_entries	push	2026-07-10 03:49:47.560381+05	2026-07-10 03:49:47.560381+05	0	0	0	0	success	\N
2028	24	cus_outstanding	push	2026-07-10 03:49:47.576006+05	2026-07-10 03:49:47.576006+05	0	0	0	0	success	\N
2029	24	cus_payments	push	2026-07-10 03:49:47.576006+05	2026-07-10 03:49:47.576006+05	0	0	0	0	success	\N
2030	24	supplier_balance_entries	push	2026-07-10 03:49:47.576006+05	2026-07-10 03:49:47.576006+05	0	0	0	0	success	\N
2031	24	sup_outstanding	push	2026-07-10 03:49:47.576006+05	2026-07-10 03:49:47.576006+05	8	8	0	0	success	\N
2032	24	sup_payments	push	2026-07-10 03:49:47.576006+05	2026-07-10 03:49:47.576006+05	0	0	0	0	success	\N
2033	24	fbr_digital	push	2026-07-10 03:49:47.576006+05	2026-07-10 03:49:47.576006+05	0	0	0	0	success	\N
2034	24	fbr_logs	push	2026-07-10 03:49:47.576006+05	2026-07-10 03:49:47.576006+05	0	0	0	0	success	\N
2035	24	kpra_invoices	push	2026-07-10 03:49:47.576006+05	2026-07-10 03:49:47.576006+05	0	0	0	0	success	\N
2036	24	kpra_logs	push	2026-07-10 03:49:47.576006+05	2026-07-10 03:49:47.576006+05	0	0	0	0	success	\N
2037	24	order_takers	push	2026-07-10 03:49:47.576006+05	2026-07-10 03:49:47.576006+05	0	0	0	0	success	\N
2038	24	table_transfer_logs	push	2026-07-10 03:49:47.576006+05	2026-07-10 03:49:47.576006+05	0	0	0	0	success	\N
2039	24	warranties	push	2026-07-10 03:49:47.591637+05	2026-07-10 03:49:47.591637+05	0	0	0	0	success	\N
2040	24	item_serials	push	2026-07-10 03:49:47.591637+05	2026-07-10 03:49:47.591637+05	0	0	0	0	success	\N
2041	24	item_serial_transactions	push	2026-07-10 03:49:47.591637+05	2026-07-10 03:49:47.591637+05	0	0	0	0	success	\N
2042	24	branch_info	pull	2026-07-10 03:49:47.591637+05	2026-07-10 03:49:47.591637+05	0	0	0	0	success	\N
2043	24	stores	pull	2026-07-10 03:49:47.591637+05	2026-07-10 03:49:47.591637+05	0	0	0	0	success	\N
2044	24	items	pull	2026-07-10 03:49:47.591637+05	2026-07-10 03:49:47.591637+05	1153	1153	0	0	success	\N
2045	24	bom_master	pull	2026-07-10 03:49:47.591637+05	2026-07-10 03:49:47.591637+05	90	90	0	0	success	\N
2046	24	bom_components	pull	2026-07-10 03:49:47.591637+05	2026-07-10 03:49:47.591637+05	809	809	0	0	success	\N
2047	24	expense_categories	pull	2026-07-10 03:49:47.591637+05	2026-07-10 03:49:47.591637+05	1	1	0	0	success	\N
2048	24	expense_subcategories	pull	2026-07-10 03:49:47.591637+05	2026-07-10 03:49:47.591637+05	2	2	0	0	success	\N
2049	24	expense_accounts	pull	2026-07-10 03:49:47.591637+05	2026-07-10 03:49:47.591637+05	2	2	0	0	success	\N
2050	24	categories	pull	2026-07-10 03:49:47.607254+05	2026-07-10 03:49:47.607254+05	5	5	0	0	success	\N
2051	24	sub_categories	pull	2026-07-10 03:49:47.607254+05	2026-07-10 03:49:47.607254+05	21	21	0	0	success	\N
2052	24	account_mappings	pull	2026-07-10 03:49:47.607254+05	2026-07-10 03:49:47.607254+05	45	45	0	0	success	\N
2053	24	chart_of_accounts	pull	2026-07-10 03:49:47.607254+05	2026-07-10 03:49:47.607254+05	56	56	0	0	success	\N
2054	24	fiscal_period_setup	pull	2026-07-10 03:49:47.607254+05	2026-07-10 03:49:47.607254+05	1	1	0	0	success	\N
2055	24	fiscal_periods	pull	2026-07-10 03:49:47.607254+05	2026-07-10 03:49:47.607254+05	12	12	0	0	success	\N
2056	24	vendors	pull	2026-07-10 03:49:47.607254+05	2026-07-10 03:49:47.607254+05	0	0	0	0	success	\N
2057	24	bank_accounts	pull	2026-07-10 03:49:47.607254+05	2026-07-10 03:49:47.607254+05	2	2	0	0	success	\N
2058	24	account_types	pull	2026-07-10 03:49:47.607254+05	2026-07-10 03:49:47.607254+05	5	5	0	0	success	\N
2059	24	discounts	pull	2026-07-10 03:49:47.607254+05	2026-07-10 03:49:47.607254+05	0	0	0	0	success	\N
2060	24	discount_categories	pull	2026-07-10 03:49:47.622879+05	2026-07-10 03:49:47.622879+05	0	0	0	0	success	\N
2061	24	void_reasons	pull	2026-07-10 03:49:47.622879+05	2026-07-10 03:49:47.622879+05	1	1	0	0	success	\N
2062	24	card_types	pull	2026-07-10 03:49:47.622879+05	2026-07-10 03:49:47.622879+05	3	3	0	0	success	\N
2063	24	rights	pull	2026-07-10 03:49:47.622879+05	2026-07-10 03:49:47.622879+05	118	118	0	0	success	\N
2064	24	roles	pull	2026-07-10 03:49:47.622879+05	2026-07-10 03:49:47.622879+05	5	5	0	0	success	\N
2065	24	role_rights	pull	2026-07-10 03:49:47.622879+05	2026-07-10 03:49:47.622879+05	150	150	0	0	success	\N
2066	24	users	pull	2026-07-10 03:49:47.622879+05	2026-07-10 03:49:47.622879+05	0	0	0	0	success	\N
2067	24	branch_access	pull	2026-07-10 03:49:47.622879+05	2026-07-10 03:49:47.622879+05	11	11	0	0	success	\N
2068	24	bank_access	pull	2026-07-10 03:49:47.622879+05	2026-07-10 03:49:47.622879+05	0	0	0	0	success	\N
2069	24	quotations	pull	2026-07-10 03:49:47.622879+05	2026-07-10 03:49:47.622879+05	0	0	0	0	success	\N
2070	24	quotation_items	pull	2026-07-10 03:49:47.622879+05	2026-07-10 03:49:47.622879+05	0	0	0	0	success	\N
2071	25	sales	push	2026-07-10 03:55:55.008331+05	2026-07-10 03:55:55.008331+05	299	299	0	0	success	\N
2072	25	sale_items	push	2026-07-10 03:55:55.055165+05	2026-07-10 03:55:55.055165+05	708	708	0	0	success	\N
2073	25	sale_item_modifiers	push	2026-07-10 03:55:55.055165+05	2026-07-10 03:55:55.055165+05	0	0	0	0	success	\N
2074	25	purchases	push	2026-07-10 03:55:55.070806+05	2026-07-10 03:55:55.070806+05	7	7	0	0	success	\N
2075	25	purchase_items	push	2026-07-10 03:55:55.070806+05	2026-07-10 03:55:55.070806+05	26	26	0	0	success	\N
2076	25	purchase_returns	push	2026-07-10 03:55:55.070806+05	2026-07-10 03:55:55.070806+05	0	0	0	0	success	\N
2077	25	purchase_return_items	push	2026-07-10 03:55:55.070806+05	2026-07-10 03:55:55.070806+05	0	0	0	0	success	\N
2078	25	account_transactions	push	2026-07-10 03:55:55.070806+05	2026-07-10 03:55:55.070806+05	300	300	0	0	partial	Synced 300 records with 68 errors
2079	25	sale_returns	push	2026-07-10 03:55:55.070806+05	2026-07-10 03:55:55.070806+05	0	0	0	0	partial	Synced 0 records with 2 errors
2080	25	sale_return_items	push	2026-07-10 03:55:55.070806+05	2026-07-10 03:55:55.070806+05	0	0	0	0	success	\N
2081	25	inventory_movements	push	2026-07-10 03:55:55.070806+05	2026-07-10 03:55:55.070806+05	415	415	0	0	partial	Synced 415 records with 48 errors
2082	25	store_inventory	push	2026-07-10 03:55:55.086425+05	2026-07-10 03:55:55.086425+05	0	0	0	0	success	\N
2083	25	stock_adjustments	push	2026-07-10 03:55:55.086425+05	2026-07-10 03:55:55.086425+05	0	0	0	0	success	\N
2084	25	stock_adjustment_items	push	2026-07-10 03:55:55.086425+05	2026-07-10 03:55:55.086425+05	0	0	0	0	success	\N
2085	25	stock_transfers	push	2026-07-10 03:55:55.086425+05	2026-07-10 03:55:55.086425+05	0	0	0	0	success	\N
2086	25	stock_transfer_items	push	2026-07-10 03:55:55.086425+05	2026-07-10 03:55:55.086425+05	0	0	0	0	success	\N
2087	25	shifts	push	2026-07-10 03:55:55.086425+05	2026-07-10 03:55:55.086425+05	4	4	0	0	success	\N
2088	25	shift_logs	push	2026-07-10 03:55:55.086425+05	2026-07-10 03:55:55.086425+05	0	0	0	0	success	\N
2089	25	journal_entries	push	2026-07-10 03:55:55.086425+05	2026-07-10 03:55:55.086425+05	309	309	0	0	partial	Synced 309 records with 68 errors
2090	25	journal_entry_lines	push	2026-07-10 03:55:55.086425+05	2026-07-10 03:55:55.086425+05	968	968	0	0	partial	Synced 968 records with 225 errors
2091	25	expenses	push	2026-07-10 03:55:55.086425+05	2026-07-10 03:55:55.086425+05	0	0	0	0	success	\N
2092	25	customers	push	2026-07-10 03:55:55.086425+05	2026-07-10 03:55:55.086425+05	19	19	0	0	success	\N
2093	25	customer_categories	push	2026-07-10 03:55:55.102026+05	2026-07-10 03:55:55.102026+05	0	0	0	0	success	\N
2094	25	items	push	2026-07-10 03:55:55.102026+05	2026-07-10 03:55:55.102026+05	0	0	0	0	skipped	Skipped by sync_entity_policies (direction_policy=pull_only)
2095	25	fbr_invoices	push	2026-07-10 03:55:55.102026+05	2026-07-10 03:55:55.102026+05	0	0	0	0	success	\N
2096	25	void_orders	push	2026-07-10 03:55:55.102026+05	2026-07-10 03:55:55.102026+05	0	0	0	0	success	\N
2097	25	void_items	push	2026-07-10 03:55:55.102026+05	2026-07-10 03:55:55.102026+05	0	0	0	0	success	\N
2098	25	uoms	push	2026-07-10 03:55:55.102026+05	2026-07-10 03:55:55.102026+05	0	0	0	0	success	\N
2099	25	price_history	push	2026-07-10 03:55:55.102026+05	2026-07-10 03:55:55.102026+05	0	0	0	0	success	\N
2100	25	item_modifiers	push	2026-07-10 03:55:55.102026+05	2026-07-10 03:55:55.102026+05	0	0	0	0	success	\N
2101	25	item_modifier_groups	push	2026-07-10 03:55:55.102026+05	2026-07-10 03:55:55.102026+05	0	0	0	0	success	\N
2102	25	item_modifier_group_assignments	push	2026-07-10 03:55:55.102026+05	2026-07-10 03:55:55.102026+05	0	0	0	0	success	\N
2103	25	modifier_templates	push	2026-07-10 03:55:55.102026+05	2026-07-10 03:55:55.102026+05	0	0	0	0	success	\N
2104	25	modifier_template_options	push	2026-07-10 03:55:55.117651+05	2026-07-10 03:55:55.117651+05	0	0	0	0	success	\N
2105	25	modifier_group_assignments	push	2026-07-10 03:55:55.117651+05	2026-07-10 03:55:55.117651+05	0	0	0	0	success	\N
2106	25	production_orders	push	2026-07-10 03:55:55.117651+05	2026-07-10 03:55:55.117651+05	0	0	0	0	success	\N
2107	25	production_items	push	2026-07-10 03:55:55.117651+05	2026-07-10 03:55:55.117651+05	0	0	0	0	success	\N
2108	25	production_materials	push	2026-07-10 03:55:55.117651+05	2026-07-10 03:55:55.117651+05	0	0	0	0	success	\N
2109	25	deals	push	2026-07-10 03:55:55.117651+05	2026-07-10 03:55:55.117651+05	0	0	0	0	success	\N
2110	25	deal_items	push	2026-07-10 03:55:55.117651+05	2026-07-10 03:55:55.117651+05	0	0	0	0	success	\N
2111	25	delivery_orders	push	2026-07-10 03:55:55.117651+05	2026-07-10 03:55:55.117651+05	2	2	0	0	success	\N
2112	25	delivery_riders	push	2026-07-10 03:55:55.117651+05	2026-07-10 03:55:55.117651+05	2	2	0	0	success	\N
2113	25	dinein_floors	push	2026-07-10 03:55:55.117651+05	2026-07-10 03:55:55.117651+05	0	0	0	0	success	\N
2114	25	dinein_tables	push	2026-07-10 03:55:55.133277+05	2026-07-10 03:55:55.133277+05	0	0	0	0	success	\N
2115	25	hold_orders	push	2026-07-10 03:55:55.133277+05	2026-07-10 03:55:55.133277+05	0	0	0	0	success	\N
2116	25	hold_items	push	2026-07-10 03:55:55.133277+05	2026-07-10 03:55:55.133277+05	0	0	0	0	success	\N
2117	25	customer_balance_entries	push	2026-07-10 03:55:55.133277+05	2026-07-10 03:55:55.133277+05	0	0	0	0	success	\N
2118	25	cus_outstanding	push	2026-07-10 03:55:55.133277+05	2026-07-10 03:55:55.133277+05	0	0	0	0	success	\N
2119	25	cus_payments	push	2026-07-10 03:55:55.133277+05	2026-07-10 03:55:55.133277+05	0	0	0	0	success	\N
2120	25	supplier_balance_entries	push	2026-07-10 03:55:55.133277+05	2026-07-10 03:55:55.133277+05	0	0	0	0	success	\N
2121	25	sup_outstanding	push	2026-07-10 03:55:55.133277+05	2026-07-10 03:55:55.133277+05	8	8	0	0	success	\N
2122	25	sup_payments	push	2026-07-10 03:55:55.133277+05	2026-07-10 03:55:55.133277+05	0	0	0	0	success	\N
2123	25	fbr_digital	push	2026-07-10 03:55:55.133277+05	2026-07-10 03:55:55.133277+05	0	0	0	0	success	\N
2124	25	fbr_logs	push	2026-07-10 03:55:55.133277+05	2026-07-10 03:55:55.133277+05	0	0	0	0	success	\N
2125	25	kpra_invoices	push	2026-07-10 03:55:55.148901+05	2026-07-10 03:55:55.148901+05	0	0	0	0	success	\N
2126	25	kpra_logs	push	2026-07-10 03:55:55.148901+05	2026-07-10 03:55:55.148901+05	0	0	0	0	success	\N
2127	25	order_takers	push	2026-07-10 03:55:55.148901+05	2026-07-10 03:55:55.148901+05	0	0	0	0	success	\N
2128	25	table_transfer_logs	push	2026-07-10 03:55:55.148901+05	2026-07-10 03:55:55.148901+05	0	0	0	0	success	\N
2129	25	warranties	push	2026-07-10 03:55:55.148901+05	2026-07-10 03:55:55.148901+05	0	0	0	0	success	\N
2130	25	item_serials	push	2026-07-10 03:55:55.148901+05	2026-07-10 03:55:55.148901+05	0	0	0	0	success	\N
2131	25	item_serial_transactions	push	2026-07-10 03:55:55.148901+05	2026-07-10 03:55:55.148901+05	0	0	0	0	success	\N
2132	25	branch_info	pull	2026-07-10 03:55:55.148901+05	2026-07-10 03:55:55.148901+05	0	0	0	0	success	\N
2133	25	stores	pull	2026-07-10 03:55:55.148901+05	2026-07-10 03:55:55.148901+05	0	0	0	0	success	\N
2134	25	items	pull	2026-07-10 03:55:55.148901+05	2026-07-10 03:55:55.148901+05	1153	1153	0	0	success	\N
2135	25	bom_master	pull	2026-07-10 03:55:55.164526+05	2026-07-10 03:55:55.164526+05	90	90	0	0	success	\N
2136	25	bom_components	pull	2026-07-10 03:55:55.164526+05	2026-07-10 03:55:55.164526+05	809	809	0	0	success	\N
2137	25	expense_categories	pull	2026-07-10 03:55:55.164526+05	2026-07-10 03:55:55.164526+05	1	1	0	0	success	\N
2138	25	expense_subcategories	pull	2026-07-10 03:55:55.164526+05	2026-07-10 03:55:55.164526+05	2	2	0	0	success	\N
2139	25	expense_accounts	pull	2026-07-10 03:55:55.164526+05	2026-07-10 03:55:55.164526+05	2	2	0	0	success	\N
2140	25	categories	pull	2026-07-10 03:55:55.164526+05	2026-07-10 03:55:55.164526+05	5	5	0	0	success	\N
2141	25	sub_categories	pull	2026-07-10 03:55:55.164526+05	2026-07-10 03:55:55.164526+05	21	21	0	0	success	\N
2142	25	account_mappings	pull	2026-07-10 03:55:55.164526+05	2026-07-10 03:55:55.164526+05	45	45	0	0	success	\N
2143	25	chart_of_accounts	pull	2026-07-10 03:55:55.164526+05	2026-07-10 03:55:55.164526+05	56	56	0	0	success	\N
2144	25	fiscal_period_setup	pull	2026-07-10 03:55:55.164526+05	2026-07-10 03:55:55.164526+05	1	1	0	0	success	\N
2145	25	fiscal_periods	pull	2026-07-10 03:55:55.164526+05	2026-07-10 03:55:55.164526+05	12	12	0	0	success	\N
2146	25	vendors	pull	2026-07-10 03:55:55.180149+05	2026-07-10 03:55:55.180149+05	0	0	0	0	success	\N
2147	25	bank_accounts	pull	2026-07-10 03:55:55.180149+05	2026-07-10 03:55:55.180149+05	2	2	0	0	success	\N
2148	25	account_types	pull	2026-07-10 03:55:55.180149+05	2026-07-10 03:55:55.180149+05	5	5	0	0	success	\N
2149	25	discounts	pull	2026-07-10 03:55:55.180149+05	2026-07-10 03:55:55.180149+05	0	0	0	0	success	\N
2150	25	discount_categories	pull	2026-07-10 03:55:55.180149+05	2026-07-10 03:55:55.180149+05	0	0	0	0	success	\N
2151	25	void_reasons	pull	2026-07-10 03:55:55.180149+05	2026-07-10 03:55:55.180149+05	1	1	0	0	success	\N
2152	25	card_types	pull	2026-07-10 03:55:55.180149+05	2026-07-10 03:55:55.180149+05	3	3	0	0	success	\N
2153	25	rights	pull	2026-07-10 03:55:55.180149+05	2026-07-10 03:55:55.180149+05	118	118	0	0	success	\N
2154	25	roles	pull	2026-07-10 03:55:55.180149+05	2026-07-10 03:55:55.180149+05	5	5	0	0	success	\N
2155	25	role_rights	pull	2026-07-10 03:55:55.180149+05	2026-07-10 03:55:55.180149+05	150	150	0	0	success	\N
2156	25	users	pull	2026-07-10 03:55:55.195774+05	2026-07-10 03:55:55.195774+05	0	0	0	0	success	\N
2157	25	branch_access	pull	2026-07-10 03:55:55.195774+05	2026-07-10 03:55:55.195774+05	11	11	0	0	success	\N
2158	25	bank_access	pull	2026-07-10 03:55:55.195774+05	2026-07-10 03:55:55.195774+05	0	0	0	0	success	\N
2159	25	quotations	pull	2026-07-10 03:55:55.195774+05	2026-07-10 03:55:55.195774+05	0	0	0	0	success	\N
2160	25	quotation_items	pull	2026-07-10 03:55:55.195774+05	2026-07-10 03:55:55.195774+05	0	0	0	0	success	\N
2161	26	sales	push	2026-07-10 04:01:36.847217+05	2026-07-10 04:01:36.847217+05	299	299	0	0	success	\N
2162	26	sale_items	push	2026-07-10 04:01:36.894042+05	2026-07-10 04:01:36.894042+05	708	708	0	0	success	\N
2163	26	sale_item_modifiers	push	2026-07-10 04:01:36.894042+05	2026-07-10 04:01:36.894042+05	0	0	0	0	success	\N
2164	26	purchases	push	2026-07-10 04:01:36.894042+05	2026-07-10 04:01:36.894042+05	7	7	0	0	success	\N
2165	26	purchase_items	push	2026-07-10 04:01:36.894042+05	2026-07-10 04:01:36.894042+05	26	26	0	0	success	\N
2166	26	purchase_returns	push	2026-07-10 04:01:36.894042+05	2026-07-10 04:01:36.894042+05	0	0	0	0	success	\N
2167	26	purchase_return_items	push	2026-07-10 04:01:36.894042+05	2026-07-10 04:01:36.894042+05	0	0	0	0	success	\N
2168	26	account_transactions	push	2026-07-10 04:01:36.894042+05	2026-07-10 04:01:36.894042+05	300	300	0	0	partial	Synced 300 records with 68 errors
2169	26	sale_returns	push	2026-07-10 04:01:36.909668+05	2026-07-10 04:01:36.909668+05	0	0	0	0	partial	Synced 0 records with 2 errors
